000
CXUS54 KSJT 011451
CF6ABI
PRELIMINARY LOCAL CLIMATOLOGICAL DATA (WS FORM: F-6)
STATION: ABILENE
MONTH: MAY
YEAR: 2020
LATITUDE: 32 25 N
LONGITUDE: 99 41 W
TEMPERATURE IN F: :PCPN: SNOW: WIND :SUNSHINE: SKY :PK WND
================================================================================
1 2 3 4 5 6A 6B 7 8 9 10 11 12 13 14 15 16 17 18
12Z AVG MX 2MIN
DY MAX MIN AVG DEP HDD CDD WTR SNW DPTH SPD SPD DIR MIN PSBL S-S WX SPD DR
================================================================================
1 96 67 82 13 0 17 0.00 0.0 0 17.9 29 200 M M 0 39 210
2 100 71 86 17 0 21 0.00 0.0 0 15.7 28 210 M M 0 37 190
3 100 74 87 17 0 22 0.00 0.0 0 9.6 22 200 M M 0 29 200
4 101 73 87 17 0 22 0.00 0.0 0 12.7 28 210 M M 0 38 220
5 82 59 71 1 0 6 0.00 0.0 0 14.0 26 20 M M 4 38 20
6 84 47 66 -4 0 1 0.00 0.0 0 9.2 20 130 M M 0 25 150
7 86 60 73 2 0 8 0.00 0.0 0 19.6 48 190 M M 1 78 190
8 79 53 66 -5 0 1 0.00 0.0 0 18.9 36 330 M M 0 42 360
9 77 42 60 -11 5 0 0.00 0.0 0 7.5 15 130 M M 0 19 140
10 82 52 67 -5 0 2 0.00 0.0 0 11.9 22 130 M M 0 27 130
11 83 57 70 -2 0 5 T 0.0 0 15.2 23 150 M M 2 30 140
12 86 63 75 3 0 10 0.00 0.0 0 9.4 24 160 M M 3 3 29 160
13 91 64 78 6 0 13 0.00 0.0 0 15.7 26 170 M M 4 1 34 170
14 96 69 83 10 0 18 0.00 0.0 0 14.4 23 200 M M 1 8 28 200
15 94 62 78 5 0 13 0.11 0.0 0 16.1 32 80 M M 2 138 41 80
16 75 59 67 -6 0 2 T 0.0 0 8.1 20 110 M M 4 24 110
17 90 55 73 0 0 8 0.00 0.0 0 4.9 12 100 M M 0 1 18 40
18 99 67 83 9 0 18 0.00 0.0 0 10.7 18 190 M M 0 8 26 210
19 107 74 91 17 0 26 0.00 0.0 0 10.4 24 210 M M 0 31 220
20 99 68 84 10 0 19 0.03 0.0 0 9.7 30 210 M M 2 36 220
21 94 66 80 6 0 15 T 0.0 0 12.9 29 120 M M 0 3 35 110
22 95 72 84 9 0 19 T 0.0 0 15.6 25 190 M M 1 8 31 190
23 93 66 80 5 0 15 T 0.0 0 19.8 32 190 M M 5 48 190
24 93 63 78 3 0 13 1.03 0.0 0 13.2 30 100 M M 2 13 41 100
25 81 63 72 -3 0 7 0.22 0.0 0 10.4 40 120 M M 6 13 49 120
26 83 58 71 -5 0 6 T 0.0 0 9.8 22 330 M M 2 28 340
27 89 60 75 -1 0 10 0.01 0.0 0 7.4 17 230 M M 0 3 22 220
28 86 62 74 -2 0 9 T 0.0 0 7.8 20 340 M M 2 24 350
29 87 57 72 -4 0 7 0.00 0.0 0 6.9 16 70 M M 0 24 70
30 88 59 74 -2 0 9 0.00 0.0 0 6.8 18 80 M M 0 24 60
31 88 60 74 -3 0 9 0.00 0.0 0 8.8 18 120 M M 2 23 120
================================================================================
SM 2784 1922 5 351 1.40 0.0 371.0 M 43
================================================================================
AV 89.8 62.0 12.0 FASTST M M 1 MAX(MPH)
MISC ----> # 48 190 # 78 190
================================================================================
NOTES:
# LAST OF SEVERAL OCCURRENCES
COLUMN 17 PEAK WIND IN M.P.H.
PRELIMINARY LOCAL CLIMATOLOGICAL DATA (WS FORM: F-6) , PAGE 2
STATION: ABILENE
MONTH: MAY
YEAR: 2020
LATITUDE: 32 25 N
LONGITUDE: 99 41 W
[TEMPERATURE DATA] [PRECIPITATION DATA] SYMBOLS USED IN COLUMN 16
AVERAGE MONTHLY: 75.9 TOTAL FOR MONTH: 1.40 1 = FOG OR MIST
DPTR FM NORMAL: 2.9 DPTR FM NORMAL: -1.78 2 = FOG REDUCING VISIBILITY
HIGHEST: 107 ON 19 GRTST 24HR 1.03 ON 24-24 TO 1/4 MILE OR LESS
LOWEST: 42 ON 9 3 = THUNDER
SNOW, ICE PELLETS, HAIL 4 = ICE PELLETS
TOTAL MONTH: 0.0 INCH 5 = HAIL
GRTST 24HR 0.0 6 = FREEZING RAIN OR DRIZZLE
GRTST DEPTH: 0 7 = DUSTSTORM OR SANDSTORM:
VSBY 1/2 MILE OR LESS
8 = SMOKE OR HAZE
[NO. OF DAYS WITH] [WEATHER - DAYS WITH] 9 = BLOWING SNOW
X = TORNADO
MAX 32 OR BELOW: 0 0.01 INCH OR MORE: 5
MAX 90 OR ABOVE: 15 0.10 INCH OR MORE: 3
MIN 32 OR BELOW: 0 0.50 INCH OR MORE: 1
MIN 0 OR BELOW: 0 1.00 INCH OR MORE: 1
[HDD (BASE 65) ]
TOTAL THIS MO. 5 CLEAR (SCALE 0-3) 27
DPTR FM NORMAL -11 PTCLDY (SCALE 4-7) 4
TOTAL FM JUL 1 2299 CLOUDY (SCALE 8-10) 0
DPTR FM NORMAL -259
[CDD (BASE 65) ]
TOTAL THIS MO. 351
DPTR FM NORMAL 87 [PRESSURE DATA]
TOTAL FM JAN 1 518 HIGHEST SLP 30.22 ON 9
DPTR FM NORMAL 121 LOWEST SLP 29.54 ON 7
[REMARKS]
#FINAL-05-20#