000
CXUS55 KABQ 011110
CF6ABQ
PRELIMINARY LOCAL CLIMATOLOGICAL DATA (WS FORM: F-6)
STATION: ALBUQUERQUE NM
MONTH: NOVEMBER
YEAR: 2023
LATITUDE: 35 2 N
LONGITUDE: 106 37 W
TEMPERATURE IN F: :PCPN: SNOW: WIND :SUNSHINE: SKY :PK WND
================================================================================
1 2 3 4 5 6A 6B 7 8 9 10 11 12 13 14 15 16 17 18
12Z AVG MX 2MIN
DY MAX MIN AVG DEP HDD CDD WTR SNW DPTH SPD SPD DIR MIN PSBL S-S WX SPD DR
================================================================================
1 58 32 45 -7 20 0 0.00 0.0 0 4.4 12 180 M M 2 16 170
2 66 36 51 0 14 0 0.00 0.0 0 3.2 9 190 M M 1 12 150
3 71 34 53 2 12 0 0.00 0.0 0 3.1 10 130 M M 3 13 220
4 73 41 57 7 8 0 0.00 0.0 0 3.3 10 190 M M 2 13 180
5 74 38 56 6 9 0 0.00 0.0 0 4.4 13 160 M M 3 14 160
6 78 47 63 13 2 0 0.00 0.0 0 7.5 21 240 M M 2 28 230
7 76 44 60 11 5 0 0.00 0.0 0 6.6 15 250 M M 1 21 270
8 69 42 56 7 9 0 0.00 0.0 0 9.2 31 80 M M 1 38 80
9 51 41 46 -2 19 0 T 0.0 0 22.8 30 90 M M 4 41 90
10 46 33 40 -8 25 0 0.28 0.3 0 6.3 28 90 M M 9 1 35 90
11 52 39 46 -2 19 0 0.00 0.0 0 3.9 9 130 M M 5 13 200
12 59 35 47 0 18 0 0.00 0.0 0 6.1 16 80 M M 1 20 80
13 59 37 48 1 17 0 0.00 0.0 0 7.2 18 90 M M 1 26 90
14 58 38 48 2 17 0 0.00 0.0 0 3.7 10 170 M M 3 14 160
15 65 39 52 6 13 0 0.00 0.0 0 3.6 12 360 M M 6 14 360
16 68 45 57 12 8 0 T 0.0 0 3.3 10 150 M M 8 12 30
17 68 47 58 13 7 0 0.00 0.0 0 4.1 10 60 M M 6 14 150
18 57 41 49 4 16 0 0.19 0.0 0 7.4 21 30 M M 7 13 26 310
19 54 38 46 2 19 0 0.23 0.0 0 5.8 24 250 M M 8 123 33 250
20 56 40 48 4 17 0 0.11 0.0 0 3.9 31 40 M M 7 135 42 50
21 52 34 43 0 22 0 0.00 0.0 0 4.4 10 100 M M 1 12 110
22 54 34 44 1 21 0 0.00 0.0 0 3.5 12 330 M M 2 14 340
23 52 31 42 -1 23 0 0.00 0.0 0 6.8 28 90 M M 5 38 100
24 44 32 38 -4 27 0 0.01 0.2 0 24.1 35 80 M M 5 1 43 80
25 44 28 36 -6 29 0 0.01 0.5 T 8.7 24 80 M M 7 1 29 80
26 45 28 37 -5 28 0 0.00 0.0 0 5.2 15 330 M M 2 19 320
27 44 27 36 -5 29 0 0.00 0.0 0 7.6 15 10 M M 7 20 360
28 48 25 37 -4 28 0 0.00 0.0 0 5.4 12 360 M M 4 16 350
29 53 29 41 1 24 0 0.00 0.0 0 3.7 12 360 M M 5 14 360
30 43 35 39 -1 26 0 0.17 0.0 0 7.0 18 250 M M 10 1 28 210
================================================================================
SM 1737 1090 531 0 1.00 1.0 196.2 M 128
================================================================================
AV 57.9 36.3 6.5 FASTST M M 4 MAX(MPH)
MISC ----> 35 80 43 80
================================================================================
NOTES:
# LAST OF SEVERAL OCCURRENCES
COLUMN 17 PEAK WIND IN M.P.H.
PRELIMINARY LOCAL CLIMATOLOGICAL DATA (WS FORM: F-6) , PAGE 2
STATION: ALBUQUERQUE NM
MONTH: NOVEMBER
YEAR: 2023
LATITUDE: 35 2 N
LONGITUDE: 106 37 W
[TEMPERATURE DATA] [PRECIPITATION DATA] SYMBOLS USED IN COLUMN 16
AVERAGE MONTHLY: 47.1 TOTAL FOR MONTH: 1.00 1 = FOG OR MIST
DPTR FM NORMAL: 1.4 DPTR FM NORMAL: 0.43 2 = FOG REDUCING VISIBILITY
HIGHEST: 78 ON 6 GRTST 24HR 0.33 ON 19-20 TO 1/4 MILE OR LESS
LOWEST: 25 ON 28 3 = THUNDER
SNOW, ICE PELLETS, HAIL 4 = ICE PELLETS
TOTAL MONTH: 1.0 INCH 5 = HAIL
GRTST 24HR 0.5 ON 25-25 6 = FREEZING RAIN OR DRIZZLE
GRTST DEPTH: T 7 = DUSTSTORM OR SANDSTORM:
VSBY 1/2 MILE OR LESS
8 = SMOKE OR HAZE
[NO. OF DAYS WITH] [WEATHER - DAYS WITH] 9 = BLOWING SNOW
X = TORNADO
MAX 32 OR BELOW: 0 0.01 INCH OR MORE: 7
MAX 90 OR ABOVE: 0 0.10 INCH OR MORE: 5
MIN 32 OR BELOW: 8 0.50 INCH OR MORE: 0
MIN 0 OR BELOW: 0 1.00 INCH OR MORE: 0
[HDD (BASE 65) ]
TOTAL THIS MO. 531 CLEAR (SCALE 0-3) 13
DPTR FM NORMAL -48 PTCLDY (SCALE 4-7) 15
TOTAL FM JUL 1 674 CLOUDY (SCALE 8-10) 2
DPTR FM NORMAL -146
[CDD (BASE 65) ]
TOTAL THIS MO. 0
DPTR FM NORMAL 0 [PRESSURE DATA]
TOTAL FM JAN 1 1790 HIGHEST SLP 30.54 ON 21
DPTR FM NORMAL 354 LOWEST SLP 29.70 ON 30
[REMARKS]
#FINAL-11-23#