000
CXUS52 KTAE 010900
CF6ABY
PRELIMINARY LOCAL CLIMATOLOGICAL DATA (WS FORM: F-6)
STATION: ALBANY
MONTH: FEBRUARY
YEAR: 2022
LATITUDE: 31 31 N
LONGITUDE: 84 11 W
TEMPERATURE IN F: :PCPN: SNOW: WIND :SUNSHINE: SKY :PK WND
================================================================================
1 2 3 4 5 6A 6B 7 8 9 10 11 12 13 14 15 16 17 18
12Z AVG MX 2MIN
DY MAX MIN AVG DEP HDD CDD WTR SNW DPTH SPD SPD DIR MIN PSBL S-S WX SPD DR
================================================================================
1 72 36 54 2 11 0 0.00 0.0 0 5.5 18 140 M M 0 18 23 110
2 78 51 65 13 0 0 0.00 0.0 0 8.9 23 150 M M 1 29 160
3 79 62 71 19 0 6 0.00 0.0 0 15.3 26 180 M M 6 33 180
4 71 46 59 7 6 0 0.90 0.0 0 9.9 21 190 M M 9 13 25 200
5 55 37 46 -6 19 0 0.01 0.0 0 8.8 21 340 M M 3 27 340
6 57 39 48 -4 17 0 T 0.0 0 9.3 16 60 M M 7 21 50
7 51 44 48 -4 17 0 0.11 0.0 0 4.6 12 50 M M 9 18 16 40
8 59 36 48 -5 17 0 0.00 0.0 0 3.0 12 320 M M 0 1 14 320
9 67 30 49 -4 16 0 0.00 0.0 0 1.4 13 320 M M 0 17 350
10 72 33 53 0 12 0 0.00 0.0 0 2.7 13 230 M M 0 16 210
11 72 37 55 2 10 0 0.00 0.0 0 2.4 14 190 M M 2 8 17 170
12 71 45 58 5 7 0 0.00 0.0 0 1.2 8 340 M M 3 8 10 40
13 62 41 52 -2 13 0 0.00 0.0 0 9.4 23 330 M M 3 1 29 330
14 64 30 47 -7 18 0 0.00 0.0 0 4.1 15 320 M M 0 20 330
15 71 32 52 -2 13 0 0.00 0.0 M 4.3 16 80 M M 0 18 20 80
16 80 45 63 9 2 0 0.00 0.0 M 8.7 22 170 M M 3 29 160
17 85 59 72 18 0 7 0.00 0.0 M 14.6 28 200 M M 7 35 190
18 74 50 62 7 3 0 0.34 0.0 0 9.7 24 310 M M 6 1 32 320
19 68 37 53 -2 12 0 0.00 0.0 M 6.8 17 20 M M 0 24 330
20 73 33 53 -2 12 0 0.00 0.0 M 2.8 12 120 M M 0 16 110
21 74 48 61 6 4 0 0.01 0.0 0 4.5 13 200 M M 7 16 190
22 87 55 71 15 0 6 0.00 0.0 0 7.6 21 180 M M 2 12 26 170
23 85 58 72 16 0 7 0.00 0.0 0 4.8 12 210 M M 3 12 14 190
24 85 57 71 15 0 6 0.00 0.0 0 3.6 16 220 M M 6 128 22 240
25 85 56 71 15 0 6 0.00 0.0 0 6.2 16 340 M M 6 12 21 340
26 81 53 67 11 0 2 0.00 0.0 0 4.6 10 350 M M 2 8 13 330
27 84 50 67 10 0 2 0.05 0.0 0 5.1 16 330 M M 5 18 22 340
28 67 47 57 0 8 0 0.01 0.0 0 5.5 13 40 M M 8 18 15 30
================================================================================
SM 2029 1247 217 42 1.43 0.0 175.3 M 98
================================================================================
AV 72.5 44.5 6.3 FASTST M M 4 MAX(MPH)
MISC ----> 28 200 35 190
================================================================================
NOTES:
# LAST OF SEVERAL OCCURRENCES
COLUMN 17 PEAK WIND IN M.P.H.
PRELIMINARY LOCAL CLIMATOLOGICAL DATA (WS FORM: F-6) , PAGE 2
STATION: ALBANY
MONTH: FEBRUARY
YEAR: 2022
LATITUDE: 31 31 N
LONGITUDE: 84 11 W
[TEMPERATURE DATA] [PRECIPITATION DATA] SYMBOLS USED IN COLUMN 16
AVERAGE MONTHLY: 58.5 TOTAL FOR MONTH: 1.43 1 = FOG OR MIST
DPTR FM NORMAL: 4.5 DPTR FM NORMAL: -2.58 2 = FOG REDUCING VISIBILITY
HIGHEST: 87 ON 22 GRTST 24HR 0.91 ON 4- 5 TO 1/4 MILE OR LESS
LOWEST: 30 ON 14, 9 3 = THUNDER
SNOW, ICE PELLETS, HAIL 4 = ICE PELLETS
TOTAL MONTH: 0.0 INCH 5 = HAIL
GRTST 24HR 0.0 6 = FREEZING RAIN OR DRIZZLE
GRTST DEPTH: 0 7 = DUSTSTORM OR SANDSTORM:
VSBY 1/2 MILE OR LESS
8 = SMOKE OR HAZE
[NO. OF DAYS WITH] [WEATHER - DAYS WITH] 9 = BLOWING SNOW
X = TORNADO
MAX 32 OR BELOW: 0 0.01 INCH OR MORE: 7
MAX 90 OR ABOVE: 0 0.10 INCH OR MORE: 3
MIN 32 OR BELOW: 3 0.50 INCH OR MORE: 1
MIN 0 OR BELOW: 0 1.00 INCH OR MORE: 0
[HDD (BASE 65) ]
TOTAL THIS MO. 217 CLEAR (SCALE 0-3) 15
DPTR FM NORMAL -101 PTCLDY (SCALE 4-7) 11
TOTAL FM JUL 1 1033 CLOUDY (SCALE 8-10) 2
DPTR FM NORMAL -406
[CDD (BASE 65) ]
TOTAL THIS MO. 42
DPTR FM NORMAL 30 [PRESSURE DATA]
TOTAL FM JAN 1 66 HIGHEST SLP 30.55 ON 15
DPTR FM NORMAL 49 LOWEST SLP 29.91 ON 18
[REMARKS]
#FINAL-02-22#