000
CXUS56 KEKA 011330
CF6ACV
PRELIMINARY LOCAL CLIMATOLOGICAL DATA (WS FORM: F-6)
STATION: ARCATA CA
MONTH: DECEMBER
YEAR: 2023
LATITUDE: 40 58 N
LONGITUDE: 124 6 W
TEMPERATURE IN F: :PCPN: SNOW: WIND :SUNSHINE: SKY :PK WND
================================================================================
1 2 3 4 5 6A 6B 7 8 9 10 11 12 13 14 15 16 17 18
12Z AVG MX 2MIN
DY MAX MIN AVG DEP HDD CDD WTR SNW DPTH SPD SPD DIR MIN PSBL S-S WX SPD DR
================================================================================
1 53 44 49 0 16 0 0.33 M M 6.9 14 170 M M 8 1 19 200
2 56 47 52 3 13 0 2.47 M M 9.6 18 190 M M 10 1 28 200
3 59 55 57 9 8 0 0.02 M M 7.5 15 150 M M 10 1 20 150
4 61 55 58 10 7 0 0.13 M M 6.3 15 110 M M 10 12 23 110
5 62 53 58 10 7 0 0.00 M M 4.4 12 110 M M 5 18 19 90
6 59 47 53 5 12 0 0.85 M M 7.0 21 200 M M 8 18 35 170
7 53 41 47 -1 18 0 0.57 M M 7.0 23 280 M M 9 18 37 290
8 52 35 44 -4 21 0 0.01 M M 4.9 14 320 M M 1 1 17 310
9 55 35 45 -3 20 0 0.00 M M 3.2 10 80 M M 0 18 15 90
10 59 38 49 1 16 0 0.00 M M 3.7 9 260 M M 6 8 13 90
11 60 44 52 4 13 0 0.00 M M 3.5 14 320 M M 4 18 18 310
12 52 39 46 -2 19 0 0.00 M M 3.7 14 310 M M 4 128 17 320
13 51 36 44 -4 21 0 0.00 0.0 M 3.3 9 260 M M 7 12 11 250
14 65 41 53 5 12 0 0.00 0.0 M 4.0 13 300 M M 1 1 15 300
15 59 40 50 2 15 0 0.00 0.0 M 3.5 8 320 M M 0 18 12 330
16 69 38 54 6 11 0 0.00 M M 3.4 10 70 M M 0 18 13 80
17 58 43 51 3 14 0 0.60 M M 6.0 18 170 M M 7 18 31 90
18 63 52 58 10 7 0 0.56 M M 10.4 21 110 M M 7 1 35 130
19 61 51 56 8 9 0 0.91 M M 5.5 15 170 M M 9 1 21 170
20 64 45 55 7 10 0 0.23 M M 3.5 9 80 M M 4 18 12 90
21 53 42 48 0 17 0 0.00 M M 2.1 7 90 M M 5 12 9 90
22 54 42 48 0 17 0 0.03 M M 5.9 16 320 M M 6 12 24 340
23 51 32 42 -6 23 0 0.00 M M 3.4 9 300 M M 0 18 13 10
24 51 37 44 -4 21 0 0.06 M M 4.0 10 80 M M 5 1 12 80
25 57 48 53 5 12 0 0.02 M M 4.6 14 160 M M 7 8 21 170
26 59 46 53 5 12 0 0.00 M M 5.0 22 170 M M 4 18 28 170
27 63 52 58 10 7 0 0.40 M M 11.5 26 130 M M 7 1 39 130
28 65 51 58 10 7 0 0.00 M M 4.7 18 130 M M 7 18 27 120
29 66 52 59 11 6 0 0.60 M M 11.3 26 190 M M 9 1 41 190
30 56 42 49 1 16 0 0.64 M M 3.3 14 130 M M 7 18 22 140
31 54 41 48 0 17 0 0.04 M M 2.7 8 80 M M 5 18 12 80
================================================================================
SM 1800 1364 424 0 8.47 0.0 165.8 M 172
================================================================================
AV 58.1 44.0 5.3 FASTST M M 6 MAX(MPH)
MISC ----> # 26 130 41 190
================================================================================
NOTES:
# LAST OF SEVERAL OCCURRENCES
COLUMN 17 PEAK WIND IN M.P.H.
PRELIMINARY LOCAL CLIMATOLOGICAL DATA (WS FORM: F-6) , PAGE 2
STATION: ARCATA CA
MONTH: DECEMBER
YEAR: 2023
LATITUDE: 40 58 N
LONGITUDE: 124 6 W
[TEMPERATURE DATA] [PRECIPITATION DATA] SYMBOLS USED IN COLUMN 16
AVERAGE MONTHLY: 51.0 TOTAL FOR MONTH: 8.47 1 = FOG OR MIST
DPTR FM NORMAL: 3.0 DPTR FM NORMAL: -0.48 2 = FOG REDUCING VISIBILITY
HIGHEST: 69 ON 16 GRTST 24HR 2.48 ON 2- 2 TO 1/4 MILE OR LESS
LOWEST: 32 ON 23 3 = THUNDER
SNOW, ICE PELLETS, HAIL 4 = ICE PELLETS
TOTAL MONTH: 0.0 INCH 5 = HAIL
GRTST 24HR 0.0 6 = FREEZING RAIN OR DRIZZLE
GRTST DEPTH: M ON M 7 = DUSTSTORM OR SANDSTORM:
VSBY 1/2 MILE OR LESS
8 = SMOKE OR HAZE
[NO. OF DAYS WITH] [WEATHER - DAYS WITH] 9 = BLOWING SNOW
X = TORNADO
MAX 32 OR BELOW: 0 0.01 INCH OR MORE: 18
MAX 90 OR ABOVE: 0 0.10 INCH OR MORE: 12
MIN 32 OR BELOW: 1 0.50 INCH OR MORE: 8
MIN 0 OR BELOW: 0 1.00 INCH OR MORE: 1
[HDD (BASE 65) ]
TOTAL THIS MO. 424 CLEAR (SCALE 0-3) 6
DPTR FM NORMAL -104 PTCLDY (SCALE 4-7) 19
TOTAL FM JUL 1 1556 CLOUDY (SCALE 8-10) 6
DPTR FM NORMAL -443
[CDD (BASE 65) ]
TOTAL THIS MO. 0
DPTR FM NORMAL 0 [PRESSURE DATA]
TOTAL FM JAN 1 5 HIGHEST SLP 30.43 ON 8
DPTR FM NORMAL 1 LOWEST SLP 29.47 ON 18
[REMARKS]
#FINAL-12-23#