000
CXUS51 KPHI 010915
CF6ACY
PRELIMINARY LOCAL CLIMATOLOGICAL DATA (WS FORM: F-6)
STATION: ATLANTIC CITY NJ
MONTH: DECEMBER
YEAR: 2022
LATITUDE: 39 27 N
LONGITUDE: 74 34 W
TEMPERATURE IN F: :PCPN: SNOW: WIND :SUNSHINE: SKY :PK WND
================================================================================
1 2 3 4 5 6A 6B 7 8 9 10 11 12 13 14 15 16 17 18
12Z AVG MX 2MIN
DY MAX MIN AVG DEP HDD CDD WTR SNW DPTH SPD SPD DIR MIN PSBL S-S WX SPD DR
================================================================================
1 44 24 34 -8 31 0 0.00 0.0 0 11.5 28 290 M M 0 38 310
2 50 20 35 -7 30 0 0.00 0.0 0 3.9 10 160 M M 1 14 170
3 59 42 51 9 14 0 0.42 0.0 0 15.4 31 320 M M 9 1 40 330
4 47 23 35 -7 30 0 0.00 0.0 0 6.1 14 310 M M 0 20 360
5 49 20 35 -6 30 0 0.00 0.0 0 1.6 9 130 M M 0 12 140
6 59 30 45 4 20 0 0.54 0.0 0 7.0 15 150 M M 9 1 23 150
7 60 54 57 16 8 0 0.14 0.0 0 8.4 14 310 M M 10 12 20 180
8 56 43 50 10 15 0 0.00 0.0 0 10.2 17 360 M M 1 1 27 360
9 48 28 38 -2 27 0 0.00 0.0 0 6.5 13 330 M M 1 18 360
10 45 24 35 -5 30 0 0.00 0.0 0 8.2 15 30 M M 6 1 21 10
11 50 37 44 4 21 0 0.12 0.0 0 8.7 17 310 M M 10 1 24 300
12 44 29 37 -3 28 0 0.00 0.0 0 10.0 20 330 M M 7 26 340
13 42 22 32 -7 33 0 0.00 0.0 0 5.8 13 320 M M 0 17 310
14 42 22 32 -7 33 0 0.00 0.0 0 7.7 16 330 M M 0 20 330
15 50 30 40 1 25 0 1.73 T 0 12.9 32 80 M M 9 134 46 100
16 53 39 46 7 19 0 0.47 0.0 0 13.5 30 300 M M 10 12 45 60
17 47 36 42 4 23 0 0.00 0.0 0 9.3 23 300 M M 5 32 280
18 44 30 37 -1 28 0 0.00 0.0 0 9.9 22 310 M M 6 29 300
19 39 27 33 -5 32 0 0.00 0.0 0 13.0 25 300 M M 1 34 300
20 42 24 33 -5 32 0 0.00 0.0 0 7.2 16 350 M M 0 23 330
21 44 20 32 -6 33 0 0.00 0.0 0 2.7 8 350 M M 0 11 350
22 56 24 40 3 25 0 0.54 0.0 0 9.2 23 70 M M 7 1 32 70
23 59 11 35 -2 30 0 0.59 T 0 19.5 35 280 M M 7 1 54 290
24 18 8 13 -24 52 0 0.00 0.0 0 13.5 26 270 M M 0 39 280
25 29 11 20 -17 45 0 0.00 0.0 0 8.1 20 290 M M 0 29 240
26 32 14 23 -13 42 0 0.00 0.0 0 6.3 15 280 M M 1 21 300
27 41 21 31 -5 34 0 0.00 0.0 0 3.6 15 300 M M 6 19 290
28 49 19 34 -2 31 0 0.00 0.0 0 3.7 17 210 M M 0 23 250
29 55 26 41 5 24 0 0.00 0.0 0 4.0 18 220 M M 0 25 230
30 64 26 45 9 20 0 0.00 0.0 0 5.7 14 210 M M 0 21 190
31 59 52 56 20 9 0 1.02 0.0 0 6.7 13 180 M M 9 12 21 200
================================================================================
SM 1476 836 854 0 5.57 T 259.8 M 115
================================================================================
AV 47.6 27.0 8.4 FASTST M M 4 MAX(MPH)
MISC ----> 35 280 54 290
================================================================================
NOTES:
# LAST OF SEVERAL OCCURRENCES
COLUMN 17 PEAK WIND IN M.P.H.
PRELIMINARY LOCAL CLIMATOLOGICAL DATA (WS FORM: F-6) , PAGE 2
STATION: ATLANTIC CITY NJ
MONTH: DECEMBER
YEAR: 2022
LATITUDE: 39 27 N
LONGITUDE: 74 34 W
[TEMPERATURE DATA] [PRECIPITATION DATA] SYMBOLS USED IN COLUMN 16
AVERAGE MONTHLY: 37.3 TOTAL FOR MONTH: 5.57 1 = FOG OR MIST
DPTR FM NORMAL: -1.4 DPTR FM NORMAL: 1.10 2 = FOG REDUCING VISIBILITY
HIGHEST: 64 ON 30 GRTST 24HR 2.19 ON 15-16 TO 1/4 MILE OR LESS
LOWEST: 8 ON 24 3 = THUNDER
SNOW, ICE PELLETS, HAIL 4 = ICE PELLETS
TOTAL MONTH: T 5 = HAIL
GRTST 24HR T ON 15-15 6 = FREEZING RAIN OR DRIZZLE
GRTST DEPTH: 0 7 = DUSTSTORM OR SANDSTORM:
VSBY 1/2 MILE OR LESS
8 = SMOKE OR HAZE
[NO. OF DAYS WITH] [WEATHER - DAYS WITH] 9 = BLOWING SNOW
X = TORNADO
MAX 32 OR BELOW: 3 0.01 INCH OR MORE: 9
MAX 90 OR ABOVE: 0 0.10 INCH OR MORE: 9
MIN 32 OR BELOW: 24 0.50 INCH OR MORE: 5
MIN 0 OR BELOW: 0 1.00 INCH OR MORE: 2
[HDD (BASE 65) ]
TOTAL THIS MO. 854 CLEAR (SCALE 0-3) 17
DPTR FM NORMAL 40 PTCLDY (SCALE 4-7) 7
TOTAL FM JUL 1 1652 CLOUDY (SCALE 8-10) 7
DPTR FM NORMAL -23
[CDD (BASE 65) ]
TOTAL THIS MO. 0
DPTR FM NORMAL 0 [PRESSURE DATA]
TOTAL FM JAN 1 1275 HIGHEST SLP 30.59 ON 2
DPTR FM NORMAL 139 LOWEST SLP 29.12 ON 23
[REMARKS]
#FINAL-12-22#