000
CXUS54 KFWD 070343
CF6AFW
PRELIMINARY LOCAL CLIMATOLOGICAL DATA (WS FORM: F-6)
STATION: FORT WORTH ALLIANCE
MONTH: NOVEMBER
YEAR: 2020
LATITUDE: 32 58 N
LONGITUDE: 97 19 W
TEMPERATURE IN F: :PCPN: SNOW: WIND :SUNSHINE: SKY :PK WND
================================================================================
1 2 3 4 5 6A 6B 7 8 9 10 11 12 13 14 15 16 17 18
12Z AVG MX 2MIN
DY MAX MIN AVG DEP HDD CDD WTR SNW DPTH SPD SPD DIR MIN PSBL S-S WX SPD DR
================================================================================
1 73 44 59 -2 6 0 0.00 M M 7.4 18 20 M M 3 23 360
2 72 40 56 -5 9 0 0.00 M M 4.9 13 180 M M 1 19 160
3 79 46 63 3 2 0 0.00 M M 8.8 18 180 M M 2 27 150
4 77 51 64 4 1 0 0.00 M M 14.1 25 170 M M 6 34 170
5 79 57 68 8 0 3 0.00 M M 10.8 22 190 M M 4 32 180
6 78 59 69 10 0 4 0.00 M M 9.3 18 130 M M 5 1 24 140
7 77 54 66 7 0 1 0.00 M M 6.7 17 130 M M 1 23 100
8 73 58 66 8 0 1 0.00 M M 9.9 22 160 M M 4 18 32 120
9 80 62 71 13 0 6 T M M 14.0 25 180 M M 5 1 33 180
10 72 47 60 2 5 0 0.00 M M 10.2 22 330 M M 4 40 280
11 74 41 58 1 7 0 0.00 M M 4.0 8 100 M M 0 14 60
12 80 53 67 10 0 2 0.00 M M 10.5 22 10 M M 5 31 360
13 72 52 62 6 3 0 0.00 M M 5.4 20 20 M M 5 26 360
14 84 60 72 16 0 7 T M M 16.3 32 190 M M 7 42 180
15 68 45 57 1 8 0 0.00 M M 7.5 32 350 M M 0 8 42 350
16 71 39 55 0 10 0 0.00 M M 3.5 14 180 M M 0 8 20 160
17 75 39 57 2 8 0 0.00 M M 5.5 18 160 M M 1 22 160
18 75 47 61 7 4 0 0.00 M M 12.7 23 170 M M 2 28 150
19 78 53 66 12 0 1 0.00 M M 16.0 25 170 M M 1 34 170
20 76 60 68 14 0 3 0.00 M M 10.9 18 150 M M 3 24 160
21 79 62 71 18 0 6 0.00 M M 8.2 17 200 M M 7 18 23 200
22 63 44 54 1 11 0 T M M 10.6 21 360 M M 8 1 26 360
23 60 42 51 -1 14 0 0.00 M M 10.8 20 160 M M 9 26 160
24 75 55 65 13 0 0 0.39 M M 15.9 36 290 M M 8 138 46 280
25 64 43 54 2 11 0 0.00 M M 7.5 22 310 M M 1 29 310
26 74 43 59 8 6 0 0.00 M M 9.2 17 170 M M 3 22 170
27 66 51 59 8 6 0 0.00 M M 11.6 20 360 M M 8 25 360
28 59 46 53 3 12 0 0.46 M M 8.9 21 270 M M 8 1 28 270
29 52 42 47 -3 18 0 0.03 M M 12.3 30 340 M M 7 1 39 340
30 51 29 40 -10 25 0 0.00 M M 10.0 23 350 M M 0 30 10
================================================================================
SM 2156 1464 166 34 0.88 M 293.4 M 118
================================================================================
AV 71.9 48.8 9.8 FASTST M M 4 MAX(MPH)
MISC ----> 36 290 46 280
================================================================================
NOTES:
# LAST OF SEVERAL OCCURRENCES
COLUMN 17 PEAK WIND IN M.P.H.
PRELIMINARY LOCAL CLIMATOLOGICAL DATA (WS FORM: F-6) , PAGE 2
STATION: FORT WORTH ALLIANCE
MONTH: NOVEMBER
YEAR: 2020
LATITUDE: 32 58 N
LONGITUDE: 97 19 W
[TEMPERATURE DATA] [PRECIPITATION DATA] SYMBOLS USED IN COLUMN 16
AVERAGE MONTHLY: 60.3 TOTAL FOR MONTH: 0.88 1 = FOG OR MIST
DPTR FM NORMAL: 5.0 DPTR FM NORMAL: -1.65 2 = FOG REDUCING VISIBILITY
HIGHEST: 84 ON 14 GRTST 24HR 0.49 ON 28-29 TO 1/4 MILE OR LESS
LOWEST: 29 ON 30 3 = THUNDER
SNOW, ICE PELLETS, HAIL 4 = ICE PELLETS
TOTAL MONTH: M 5 = HAIL
GRTST 24HR M ON M 6 = FREEZING RAIN OR DRIZZLE
GRTST DEPTH: M ON M 7 = DUSTSTORM OR SANDSTORM:
VSBY 1/2 MILE OR LESS
8 = SMOKE OR HAZE
[NO. OF DAYS WITH] [WEATHER - DAYS WITH] 9 = BLOWING SNOW
X = TORNADO
MAX 32 OR BELOW: 0 0.01 INCH OR MORE: 3
MAX 90 OR ABOVE: 0 0.10 INCH OR MORE: 2
MIN 32 OR BELOW: 1 0.50 INCH OR MORE: 0
MIN 0 OR BELOW: 0 1.00 INCH OR MORE: 0
[HDD (BASE 65) ]
TOTAL THIS MO. 166 CLEAR (SCALE 0-3) 14
DPTR FM NORMAL -146 PTCLDY (SCALE 4-7) 14
TOTAL FM JUL 1 306 CLOUDY (SCALE 8-10) 2
DPTR FM NORMAL -100
[CDD (BASE 65) ]
TOTAL THIS MO. 34
DPTR FM NORMAL 13 [PRESSURE DATA]
TOTAL FM JAN 1 2846 HIGHEST SLP 30.55 ON 2
DPTR FM NORMAL 267 LOWEST SLP 29.65 ON 24
[REMARKS]
#FINAL-11-20#