000
CXUS52 KCAE 011400
CF6AGS
PRELIMINARY LOCAL CLIMATOLOGICAL DATA (WS FORM: F-6)
STATION: AUGUSTA BUSH FIELD GA
MONTH: JULY
YEAR: 2022
LATITUDE: 33 22 N
LONGITUDE: 81 58 W
TEMPERATURE IN F: :PCPN: SNOW: WIND :SUNSHINE: SKY :PK WND
================================================================================
1 2 3 4 5 6A 6B 7 8 9 10 11 12 13 14 15 16 17 18
12Z AVG MX 2MIN
DY MAX MIN AVG DEP HDD CDD WTR SNW DPTH SPD SPD DIR MIN PSBL S-S WX SPD DR
================================================================================
1 87 71 79 -3 0 14 T 0.0 0 2.0 16 70 M M 5 1 19 70
2 92 69 81 -1 0 16 T 0.0 0 3.1 10 210 M M 6 12 14 280
3 93 71 82 0 0 17 0.15 0.0 0 4.1 15 240 M M 3 38 19 240
4 91 72 82 0 0 17 T 0.0 0 3.8 18 250 M M 1 13 22 250
5 94 71 83 1 0 18 0.01 0.0 0 3.1 16 250 M M 4 1238 20 260
6 96 73 85 3 0 20 T 0.0 0 5.0 20 250 M M 2 13 25 260
7 98 72 85 3 0 20 5.08 0.0 0 5.3 27 280 M M 3 13 56 280
8 93 73 83 0 0 18 0.00 0.0 0 4.5 21 200 M M 1 13 26 210
9 88 74 81 -2 0 16 0.01 0.0 0 5.6 16 280 M M 6 3 20 270
10 90 72 81 -2 0 16 2.79 0.0 M 3.7 26 290 M M 8 1238 32 290
11 82 71 77 -6 0 12 0.00 0.0 M 5.7 12 30 M M 9 14 50
12 87 71 79 -4 0 14 T 0.0 M 2.0 8 270 M M 5 1 10 260
13 84 71 78 -5 0 13 0.37 0.0 0 4.1 16 280 M M 5 13 23 290
14 88 69 79 -4 0 14 1.33 0.0 0 3.8 23 330 M M 3 13 27 70
15 89 71 80 -3 0 15 T 0.0 0 3.0 14 260 M M 3 13 17 260
16 91 68 80 -3 0 15 0.00 0.0 0 4.6 14 210 M M 1 12 17 170
17 91 69 80 -3 0 15 0.00 0.0 0 4.4 15 150 M M 1 1 20 130
18 92 70 81 -2 0 16 0.00 0.0 0 6.8 17 180 M M 2 1 22 190
19 93 73 83 0 0 18 0.01 0.0 0 6.6 20 290 M M 2 3 24 290
20 90 72 81 -2 0 16 0.05 0.0 0 6.8 17 210 M M 4 13 22 220
21 89 75 82 -1 0 17 T 0.0 0 8.8 17 220 M M 5 23 220
22 91 74 83 0 0 18 0.00 0.0 M 6.2 14 210 M M 6 18 190
23 95 73 84 1 0 19 0.00 0.0 0 4.4 12 250 M M 1 15 240
24 93 72 83 0 0 18 0.00 0.0 0 5.0 16 210 M M 2 3 20 200
25 94 69 82 -1 0 17 0.00 0.0 0 4.6 17 280 M M 2 3 22 290
26 95 72 84 1 0 19 0.00 0.0 0 6.0 14 220 M M 1 20 250
27 97 72 85 2 0 20 0.00 0.0 0 5.9 15 210 M M 2 19 220
28 96 73 85 2 0 20 T 0.0 0 6.5 14 210 M M 2 18 220
29 97 74 86 3 0 21 0.00 0.0 0 6.1 16 220 M M 2 19 220
30 93 73 83 0 0 18 0.00 0.0 0 4.2 14 260 M M 1 3 18 160
31 96 71 84 1 0 19 T 0.0 0 5.9 17 220 M M 1 1 25 270
================================================================================
SM 2845 2221 0 526 9.80 0.0 151.6 M 99
================================================================================
AV 91.8 71.6 4.9 FASTST M M 3 MAX(MPH)
MISC ----> 27 280 56 280
================================================================================
NOTES:
# LAST OF SEVERAL OCCURRENCES
COLUMN 17 PEAK WIND IN M.P.H.
PRELIMINARY LOCAL CLIMATOLOGICAL DATA (WS FORM: F-6) , PAGE 2
STATION: AUGUSTA BUSH FIELD GA
MONTH: JULY
YEAR: 2022
LATITUDE: 33 22 N
LONGITUDE: 81 58 W
[TEMPERATURE DATA] [PRECIPITATION DATA] SYMBOLS USED IN COLUMN 16
AVERAGE MONTHLY: 81.7 TOTAL FOR MONTH: 9.80 1 = FOG OR MIST
DPTR FM NORMAL: -1.1 DPTR FM NORMAL: 5.32 2 = FOG REDUCING VISIBILITY
HIGHEST: 98 ON 7 GRTST 24HR 5.08 ON 7- 7 TO 1/4 MILE OR LESS
LOWEST: 68 ON 16 3 = THUNDER
SNOW, ICE PELLETS, HAIL 4 = ICE PELLETS
TOTAL MONTH: 0.0 INCH 5 = HAIL
GRTST 24HR 0.0 6 = FREEZING RAIN OR DRIZZLE
GRTST DEPTH: 0 7 = DUSTSTORM OR SANDSTORM:
VSBY 1/2 MILE OR LESS
8 = SMOKE OR HAZE
[NO. OF DAYS WITH] [WEATHER - DAYS WITH] 9 = BLOWING SNOW
X = TORNADO
MAX 32 OR BELOW: 0 0.01 INCH OR MORE: 9
MAX 90 OR ABOVE: 23 0.10 INCH OR MORE: 5
MIN 32 OR BELOW: 0 0.50 INCH OR MORE: 3
MIN 0 OR BELOW: 0 1.00 INCH OR MORE: 3
[HDD (BASE 65) ]
TOTAL THIS MO. 0 CLEAR (SCALE 0-3) 19
DPTR FM NORMAL 0 PTCLDY (SCALE 4-7) 11
TOTAL FM JUL 1 0 CLOUDY (SCALE 8-10) 1
DPTR FM NORMAL 0
[CDD (BASE 65) ]
TOTAL THIS MO. 526
DPTR FM NORMAL -27 [PRESSURE DATA]
TOTAL FM JAN 1 1332 HIGHEST SLP 30.19 ON 31
DPTR FM NORMAL -31 LOWEST SLP 29.83 ON 10
[REMARKS]
#FINAL-07-22#