000
CXUS52 KCAE 011855
CLMAGS
CLIMATE REPORT
NATIONAL WEATHER SERVICE COLUMBIA SC
255 PM EDT MON MAY 01 2023
...................................
...THE AUGUSTA BUSH FIELD GA CLIMATE SUMMARY FOR THE MONTH OF APRIL 2023...
CLIMATE NORMAL PERIOD: 1991 TO 2020
CLIMATE RECORD PERIOD: 1873 TO 2023
WEATHER OBSERVED NORMAL DEPART LAST YEAR`S
VALUE DATE(S) VALUE FROM VALUE
NORMAL
..............................................................
TEMPERATURE (F)
RECORD
HIGH 96 04/27/1986
LOW 26 04/08/2007
04/07/1982
04/20/1983
HIGHEST 89 04/05 MM MM
LOWEST 35 04/11 MM MM
AVG. MAXIMUM 77.2 78.5 -1.3
AVG. MINIMUM 49.5 50.6 -1.1
MEAN 63.3 64.6 -1.3
DAYS MAX >= 90 0 1.0 -1.0
DAYS MAX <= 32 0 0.0 0.0
DAYS MIN <= 32 0 0.6 -0.6
DAYS MIN <= 0 0 0.0 0.0
PRECIPITATION (INCHES)
RECORD
MAXIMUM 8.43 1961
MINIMUM 0.60 1970
TOTALS 6.56 2.92 3.64
DAILY AVG. 0.22 0.10 0.12
DAYS >= .01 12 7.6 4.4
DAYS >= .10 8 5.0 3.0
DAYS >= .50 5 2.0 3.0
DAYS >= 1.00 3 0.7 2.3
GREATEST
24 HR. TOTAL 1.91 04/07 TO 04/08
STORM TOTAL 1.65
(MM/DD(HH))
SNOWFALL (INCHES)
RECORDS
TOTAL MM MM
TOTALS 0.0 0.0 0.0
SINCE 7/1 0.0 0.8 -0.8
DAYS >= TRACE 0 0.0 0.0
DAYS >= 1.0 0 0.0 0.0
GREATEST
SNOW DEPTH 0
DEGREE DAYS
HEATING TOTAL 89 93 -4
SINCE 7/1 1949 2170 -221
COOLING TOTAL 47 80 -33
SINCE 1/1 85 116 -31
FREEZE DATES
RECORD
EARLIEST MM
LATEST MM
EARLIEST 10/19
LATEST 04/10
..............................................................
WIND (MPH)
AVERAGE WIND SPEED 5.6
RESULTANT WIND SPEED/DIRECTION 1/280
HIGHEST WIND SPEED/DIRECTION 30/300 DATE 04/01
HIGHEST GUST SPEED/DIRECTION 39/210 DATE 04/01
SKY COVER
POSSIBLE SUNSHINE (PERCENT) MM
AVERAGE SKY COVER 0.39
NUMBER OF DAYS FAIR 13
NUMBER OF DAYS PC 15
NUMBER OF DAYS CLOUDY 2
AVERAGE RH (PERCENT) 68
WEATHER CONDITIONS. NUMBER OF DAYS WITH
THUNDERSTORM 7 MIXED PRECIP 0
HEAVY RAIN 8 RAIN 10
LIGHT RAIN 15 FREEZING RAIN 0
LT FREEZING RAIN 0 HAIL 0
HEAVY SNOW 0 SNOW 0
LIGHT SNOW 0 SLEET 0
FOG 23 FOG W/VIS <= 1/4 MILE 12
HAZE 6
- INDICATES NEGATIVE NUMBERS.
R INDICATES RECORD WAS SET OR TIED.
MM INDICATES DATA IS MISSING.
T INDICATES TRACE AMOUNT.
$$