000
CXUS52 KFFC 042222
CLMAHN
CLIMATE REPORT
NATIONAL WEATHER SERVICE PEACHTREE CITY GA
622 PM EDT THU MAY 04 2023
...................................
...THE ATHENS CLIMATE SUMMARY FOR THE MONTH OF APRIL 2023...
CLIMATE NORMAL PERIOD: 1991 TO 2020
CLIMATE RECORD PERIOD: 1898 TO 2023
WEATHER OBSERVED NORMAL DEPART LAST YEAR`S
VALUE DATE(S) VALUE FROM VALUE DATE(S)
NORMAL
................................................................
TEMPERATURE (F)
RECORD
HIGH 97 04/24/1925
LOW 26 04/03/1992
HIGHEST 87 04/05 93 -6 85 04/25
LOWEST 35 04/11 26 9 32 04/10
AVG. MAXIMUM 73.2 74.8 -1.6 74.2
AVG. MINIMUM 49.8 49.8 0.0 48.3
MEAN 61.5 62.3 -0.8 61.3
DAYS MAX >= 90 0 0.1 -0.1 0
DAYS MAX <= 32 0 0.0 0.0 0
DAYS MIN <= 32 0 0.3 -0.3 1
DAYS MIN <= 0 0 0.0 0.0 0
PRECIPITATION (INCHES)
RECORD
MAXIMUM 8.01 2015
MINIMUM 1.36 2012
TOTALS 6.04 3.52 2.52 2.92
DAILY AVG. 0.20 0.12 0.08 0.10
GREATEST
24 HR. TOTAL 2.14 04/08 TO 04/08 1.83 04/05 TO 04/05
SNOWFALL (INCHES)
RECORDS
TOTAL MM MM
24 HR TOTAL MM
TOTALS 0.0 MM MM 0.0
SINCE 7/1 0.0 MM MM MM
SNOWDEPTH AVG. MM MM
DAYS >= TRACE 0 MM MM 0
DAYS >= 1.0 0 MM MM 0
GREATEST
24 HR TOTAL MM MM
DEGREE DAYS
HEATING TOTAL 138 134 4 138
SINCE 7/1 2263 2642 -379 MM
COOLING TOTAL 40 53 -13 34
SINCE 1/1 83 68 15 MM
................................................................
WIND (MPH)
AVERAGE WIND SPEED 5.4
HIGHEST WIND SPEED/DIRECTION 24/280 DATE 04/01
24/070 04/07
HIGHEST GUST SPEED/DIRECTION 46/240 DATE 04/01
SKY COVER
POSSIBLE SUNSHINE (PERCENT) MM
AVERAGE SKY COVER 0.41
NUMBER OF DAYS FAIR 16
NUMBER OF DAYS PC 8
NUMBER OF DAYS CLOUDY 6
AVERAGE RH (PERCENT) 65
WEATHER CONDITIONS. NUMBER OF DAYS WITH
THUNDERSTORM 7 MIXED PRECIP 0
HEAVY RAIN 5 RAIN 9
LIGHT RAIN 14 FREEZING RAIN 0
LT FREEZING RAIN 0 HAIL 0
HEAVY SNOW 0 SNOW 0
LIGHT SNOW 0 SLEET 0
FOG 19 FOG W/VIS <= 1/4 MILE 2
HAZE 5
- INDICATES NEGATIVE NUMBERS.
R INDICATES RECORD WAS SET OR TIED.
MM INDICATES DATA IS MISSING.
T INDICATES TRACE AMOUNT.
$$