000
CXUS55 KCYS 111756
CF6AIA
PRELIMINARY LOCAL CLIMATOLOGICAL DATA (WS FORM: F-6) ...CORRECTED...
STATION: ALLIANCE NEBRASKA AIRPORT
MONTH: AUGUST
YEAR: 2020
LATITUDE: 42 2 N
LONGITUDE: 102 48 W
TEMPERATURE IN F: :PCPN: SNOW: WIND :SUNSHINE: SKY :PK WND
================================================================================
1 2 3 4 5 6A 6B 7 8 9 10 11 12 13 14 15 16 17 18
12Z AVG MX 2MIN
DY MAX MIN AVG DEP HDD CDD WTR SNW DPTH SPD SPD DIR MIN PSBL S-S WX SPD DR
================================================================================
1 86 55 71 -2 0 6 0.00 M M 8.2 18 40 M M 1 26 30
2 80 52 66 -7 0 1 0.00 M M 7.7 15 110 M M 3 22 100
3 85 53 69 -4 0 4 0.00 M M 15.0 26 140 M M 1 36 170
4 90 57 74 1 0 9 T M M 9.8 24 120 M M 1 32 130
5 90 55 73 0 0 8 0.05 M M 7.6 21 110 M M 0 13 32 120
6 93 58 76 4 0 11 0.00 M M 12.7 30 190 M M 0 39 190
7 102 62 82 10 0 17 0.00 M M 8.4 21 180 M M 0 30 180
8 91 58 75 3 0 10 0.00 M M 8.6 26 350 M M 1 34 350
9 99 48 74 2 0 9 0.00 M M 9.4 25 50 M M 0 33 30
10 84 57 71 -1 0 6 0.00 M M 11.4 20 130 M M 1 27 60
11 100 64 82 10 0 17 T M M 14.6 38 160 M M 1 3 55 160
12 96 59 78 6 0 13 0.10 M M 15.2 31 170 M M 0 3 42 170
13 99 60 80 9 0 15 0.00 M M 10.2 21 290 M M 0 26 270
14 86 55 71 0 0 6 0.00 M M 10.9 25 360 M M 0 34 10
15 87 53 70 -1 0 5 0.00 M M 10.1 22 170 M M 2 3 29 150
16 95 51 73 2 0 8 0.00 M M 7.8 20 40 M M 1 12 28 10
17 95 49 72 2 0 7 0.00 M M 10.8 21 140 M M 0 3 30 150
18 97 50 74 4 0 9 0.00 M M 5.4 25 30 M M 0 32 30
19 97 61 79 9 0 14 T M M 6.7 23 270 M M 1 33 260
20 95 57 76 6 0 11 T M M 5.6 13 140 M M 0 17 140
21 94 54 74 4 0 9 0.00 M M 4.9 12 340 M M 0 16 310
22 98 51 75 6 0 10 0.00 M M 5.6 13 60 M M 0 16 70
23 100 54 77 8 0 12 T M M 9.3 29 160 M M 0 3 44 150
24 99 67 83 14 0 18 0.00 M M 9.9 18 130 M M 0 25 120
25 103 53 78 10 0 13 0.00 M M 6.7 15 170 M M 0 22 190
26 97 59 78 10 0 13 0.00 M M 7.8 24 80 M M 0 35 70
27 96 56 76 8 0 11 0.00 M M 9.7 24 340 M M 0 33 340
28 84 50 67 0 0 2 0.00 M M 12.1 26 320 M M 0 41 310
29 84 44 64 -3 1 0 0.00 M M 13.2 25 170 M M 0 36 190
30 96 53 75 8 0 10 0.00 M M 16.6 33 360 M M 1 46 360
31 74 36 55 -11 10 0 0.00 M M 8.6 20 140 M M 2 27 120
================================================================================
SM 2872 1691 11 284 0.15 M 300.5 M 16
================================================================================
AV 92.7 54.6 9.7 FASTST M M 1 MAX(MPH)
MISC ----> # 38 160 # 55 160
================================================================================
NOTES:
# LAST OF SEVERAL OCCURRENCES
COLUMN 17 PEAK WIND IN M.P.H.
PRELIMINARY LOCAL CLIMATOLOGICAL DATA (WS FORM: F-6) , PAGE 2
STATION: ALLIANCE NEBRASKA AIRPORT
MONTH: AUGUST
YEAR: 2020
LATITUDE: 42 2 N
LONGITUDE: 102 48 W
[TEMPERATURE DATA] [PRECIPITATION DATA] SYMBOLS USED IN COLUMN 16
AVERAGE MONTHLY: 73.6 TOTAL FOR MONTH: 0.15 1 = FOG OR MIST
DPTR FM NORMAL: 3.2 DPTR FM NORMAL: -1.55 2 = FOG REDUCING VISIBILITY
HIGHEST: 103 ON 25 GRTST 24HR 0.10 ON 12-12 TO 1/4 MILE OR LESS
LOWEST: 36 ON 31 3 = THUNDER
SNOW, ICE PELLETS, HAIL 4 = ICE PELLETS
TOTAL MONTH: M 5 = HAIL
GRTST 24HR M ON M 6 = FREEZING RAIN OR DRIZZLE
GRTST DEPTH: M ON M 7 = DUSTSTORM OR SANDSTORM:
VSBY 1/2 MILE OR LESS
8 = SMOKE OR HAZE
[NO. OF DAYS WITH] [WEATHER - DAYS WITH] 9 = BLOWING SNOW
X = TORNADO
MAX 32 OR BELOW: 0 0.01 INCH OR MORE: 2
MAX 90 OR ABOVE: 22 0.10 INCH OR MORE: 1
MIN 32 OR BELOW: 0 0.50 INCH OR MORE: 0
MIN 0 OR BELOW: 0 1.00 INCH OR MORE: 0
[HDD (BASE 65) ]
TOTAL THIS MO. 11 CLEAR (SCALE 0-3) 31
DPTR FM NORMAL -14 PTCLDY (SCALE 4-7) 0
TOTAL FM JUL 1 11 CLOUDY (SCALE 8-10) 0
DPTR FM NORMAL -26
[CDD (BASE 65) ]
TOTAL THIS MO. 284
DPTR FM NORMAL 93 [PRESSURE DATA]
TOTAL FM JAN 1 727 HIGHEST SLP 30.22 ON 17
DPTR FM NORMAL 204 LOWEST SLP 29.49 ON 30
[REMARKS]
MONTHLY PRECIPITATION 0.15 INCH IS 4TH DRIEST FOR AUGUST.
#FINAL-08-20#