000
CXAK56 PAFC 011027
CF6AKN
PRELIMINARY LOCAL CLIMATOLOGICAL DATA (WS FORM: F-6)
STATION: KING SALMON
MONTH: SEPTEMBER
YEAR: 2021
LATITUDE: 58 41 N
LONGITUDE: 156 39 W
TEMPERATURE IN F: :PCPN: SNOW: WIND :SUNSHINE: SKY :PK WND
================================================================================
1 2 3 4 5 6A 6B 7 8 9 10 11 12 13 14 15 16 17 18
12Z AVG MX 2MIN
DY MAX MIN AVG DEP HDD CDD WTR SNW DPTH SPD SPD DIR MIN PSBL S-S WX SPD DR
================================================================================
1 55 49 52 -1 13 0 0.36 M M 9.1 21 30 M M 10 1 30 30
2 57 50 54 1 11 0 0.16 M M 6.3 15 170 M M 10 1 18 170
3 58 50 54 1 11 0 0.02 M M 3.2 9 160 M M 9 1 11 160
4 58 48 53 1 12 0 0.28 M M 4.7 12 240 M M 10 1 14 240
5 60 37 49 -3 16 0 0.02 M M 5.9 14 280 M M 8 18 17 270
6 58 33 46 -6 19 0 T M M 5.5 14 230 M M 7 128 18 220
7 58 48 53 1 12 0 0.06 M M 5.8 10 290 M M 10 1 14 160
8 57 47 52 1 13 0 0.03 M M 4.6 12 80 M M 10 1 15 80
9 55 49 52 1 13 0 0.08 M M 8.1 15 30 M M 10 22 30
10 57 45 51 0 14 0 0.02 M M 7.8 21 270 M M 6 1 27 280
11 60 31 46 -4 19 0 0.00 M M 8.1 18 160 M M 4 18 21 160
12 51 42 47 -3 18 0 0.50 M M 10.5 25 90 M M 8 1 35 100
13 52 42 47 -3 18 0 0.18 M M 10.7 29 250 M M 9 1 39 250
14 53 42 48 -1 17 0 0.44 M M 14.8 28 240 M M 8 1 36 240
15 50 41 46 -3 19 0 0.13 M M 8.6 14 70 M M 9 1 19 70
16 53 42 48 -1 17 0 T M M 8.9 16 50 M M 9 22 50
17 58 28 43 -5 22 0 T M M 8.3 20 340 M M 2 27 330
18 52 29 41 -7 24 0 T M M 9.3 17 20 M M 1 25 10
19 61 21 41 -7 24 0 0.00 M M 4.3 10 10 M M 1 12 20
20 48 31 40 -7 25 0 T M M 15.0 31 350 M M 3 43 360
21 47 27 37 -10 28 0 0.00 M M 8.7 20 360 M M 1 27 340
22 52 23 38 -8 27 0 0.00 M M 3.5 13 10 M M 6 16 10
23 46 34 40 -6 25 0 T M M 11.3 22 340 M M 9 32 330
24 46 20 33 -13 32 0 0.00 M M 6.2 15 360 M M 1 19 10
25 44 15 30 -15 35 0 0.00 M M 7.4 16 350 M M 0 22 340
26 50 13 32 -13 33 0 0.00 M M 5.9 16 340 M M 1 23 330
27 50 14 32 -12 33 0 0.00 M M 5.7 13 10 M M 3 1 18 360
28 45 20 33 -11 32 0 0.00 M M 9.8 17 350 M M 2 25 350
29 47 14 31 -13 34 0 0.01 M M 4.2 14 230 M M 3 1 16 240
30 40 30 35 -8 30 0 0.65 M M 7.6 15 140 M M 10 1 20 150
================================================================================
SM 1578 1015 646 0 2.94 M 229.8 M 180
================================================================================
AV 52.6 33.8 7.7 FASTST M M 6 MAX(MPH)
MISC ----> 31 350 43 360
================================================================================
NOTES:
# LAST OF SEVERAL OCCURRENCES
COLUMN 17 PEAK WIND IN M.P.H.
PRELIMINARY LOCAL CLIMATOLOGICAL DATA (WS FORM: F-6) , PAGE 2
STATION: KING SALMON
MONTH: SEPTEMBER
YEAR: 2021
LATITUDE: 58 41 N
LONGITUDE: 156 39 W
[TEMPERATURE DATA] [PRECIPITATION DATA] SYMBOLS USED IN COLUMN 16
AVERAGE MONTHLY: 43.2 TOTAL FOR MONTH: 2.94 1 = FOG OR MIST
DPTR FM NORMAL: -5.5 DPTR FM NORMAL: -0.46 2 = FOG REDUCING VISIBILITY
HIGHEST: 61 ON 19 GRTST 24HR 0.66 ON 29-30 TO 1/4 MILE OR LESS
LOWEST: 13 ON 26 3 = THUNDER
SNOW, ICE PELLETS, HAIL 4 = ICE PELLETS
TOTAL MONTH: M 5 = HAIL
GRTST 24HR M ON M 6 = FREEZING RAIN OR DRIZZLE
GRTST DEPTH: M ON M 7 = DUSTSTORM OR SANDSTORM:
VSBY 1/2 MILE OR LESS
8 = SMOKE OR HAZE
[NO. OF DAYS WITH] [WEATHER - DAYS WITH] 9 = BLOWING SNOW
X = TORNADO
MAX 32 OR BELOW: 0 0.01 INCH OR MORE: 15
MAX 90 OR ABOVE: 0 0.10 INCH OR MORE: 8
MIN 32 OR BELOW: 14 0.50 INCH OR MORE: 2
MIN 0 OR BELOW: 0 1.00 INCH OR MORE: 0
[HDD (BASE 65) ]
TOTAL THIS MO. 646 CLEAR (SCALE 0-3) 10
DPTR FM NORMAL 156 PTCLDY (SCALE 4-7) 6
TOTAL FM JUL 1 1340 CLOUDY (SCALE 8-10) 14
DPTR FM NORMAL 301
[CDD (BASE 65) ]
TOTAL THIS MO. 0
DPTR FM NORMAL 0 [PRESSURE DATA]
TOTAL FM JAN 1 0 HIGHEST SLP M ON M
DPTR FM NORMAL -3 LOWEST SLP 28.98 ON 30
[REMARKS]
#FINAL-09-21#