000
CXUS55 KBOU 010900
CF6AKO
PRELIMINARY LOCAL CLIMATOLOGICAL DATA (WS FORM: F-6)
STATION: AKRON CO
MONTH: SEPTEMBER
YEAR: 2021
LATITUDE: 40 10 N
LONGITUDE: 103 13 W
TEMPERATURE IN F: :PCPN: SNOW: WIND :SUNSHINE: SKY :PK WND
================================================================================
1 2 3 4 5 6A 6B 7 8 9 10 11 12 13 14 15 16 17 18
12Z AVG MX 2MIN
DY MAX MIN AVG DEP HDD CDD WTR SNW DPTH SPD SPD DIR MIN PSBL S-S WX SPD DR
================================================================================
1 96 59 78 9 0 13 0.07 M M 14.4 39 150 M M 4 1238 55 140
2 85 63 74 5 0 9 0.00 M M 10.0 21 330 M M 4 28 310
3 81 57 69 0 0 4 0.78 M M 11.0 28 320 M M 4 13 35 320
4 80 55 68 -1 0 3 0.00 M M 6.7 13 220 M M 2 12 18 150
5 86 58 72 4 0 7 0.00 M M 8.2 17 280 M M 0 23 280
6 93 58 76 8 0 11 0.00 M M 8.9 17 260 M M 0 23 250
7 83 53 68 0 0 3 0.00 M M 9.4 18 30 M M 0 26 30
8 86 50 68 1 0 3 0.00 M M 8.4 18 230 M M 0 24 230
9 95 51 73 6 0 8 0.00 M M 9.0 18 260 M M 0 25 260
10 100 63 82 15 0 17 0.00 M M 9.3 20 210 M M 0 28 200
11 98 60 79 13 0 14 0.00 M M 9.3 25 350 M M 0 33 340
12 85 56 71 5 0 6 T M M 8.3 22 260 M M 0 31 260
13 91 60 76 10 0 11 0.03 M M 13.2 18 250 M M 2 3 25 200
14 78 56 67 2 0 2 0.04 M M 9.6 20 10 M M 4 3 29 220
15 91 57 74 9 0 9 0.00 M M 10.7 17 260 M M 0 25 170
16 94 61 78 14 0 13 T M M 10.1 31 330 M M 1 3 45 20
17 67 47 57 -7 8 0 0.00 M M 11.9 35 10 M M 4 46 10
18 91 51 71 8 0 6 0.00 M M 10.4 22 160 M M 0 31 180
19 89 59 74 11 0 9 0.00 M M 8.7 32 340 M M 1 48 340
20 67 47 57 -5 8 0 T M M 18.0 38 330 M M 3 52 340
21 66 36 51 -11 14 0 T M M 8.4 17 310 M M 2 27 340
22 78 45 62 0 3 0 0.00 M M 9.1 20 260 M M 0 26 250
23 86 47 67 6 0 2 0.00 M M 11.5 21 340 M M 0 30 350
24 74 47 61 0 4 0 0.00 M M 8.9 21 40 M M 0 27 40
25 86 49 68 8 0 3 0.00 M M 10.9 20 240 M M 0 29 220
26 92 54 73 13 0 8 0.00 M M 11.6 24 320 M M 0 33 330
27 91 51 71 12 0 6 T M M 8.9 17 140 M M 0 26 120
28 84 59 72 13 0 7 0.00 M M 11.8 26 160 M M 2 3 38 160
29 70 45 58 0 7 0 0.00 M M 16.8 28 340 M M 3 36 350
30 65 43 54 -4 11 0 0.00 M M 10.4 20 350 M M 3 30 320
================================================================================
SM 2528 1597 55 174 0.92 M 313.8 M 39
================================================================================
AV 84.3 53.2 10.5 FASTST M M 1 MAX(MPH)
MISC ----> 39 150 55 140
================================================================================
NOTES:
# LAST OF SEVERAL OCCURRENCES
COLUMN 17 PEAK WIND IN M.P.H.
PRELIMINARY LOCAL CLIMATOLOGICAL DATA (WS FORM: F-6) , PAGE 2
STATION: AKRON CO
MONTH: SEPTEMBER
YEAR: 2021
LATITUDE: 40 10 N
LONGITUDE: 103 13 W
[TEMPERATURE DATA] [PRECIPITATION DATA] SYMBOLS USED IN COLUMN 16
AVERAGE MONTHLY: 68.8 TOTAL FOR MONTH: 0.92 1 = FOG OR MIST
DPTR FM NORMAL: 4.7 DPTR FM NORMAL: -0.32 2 = FOG REDUCING VISIBILITY
HIGHEST: 100 ON 10 GRTST 24HR 0.78 ON 3- 3 TO 1/4 MILE OR LESS
LOWEST: 36 ON 21 3 = THUNDER
SNOW, ICE PELLETS, HAIL 4 = ICE PELLETS
TOTAL MONTH: M 5 = HAIL
GRTST 24HR M ON M 6 = FREEZING RAIN OR DRIZZLE
GRTST DEPTH: M ON M 7 = DUSTSTORM OR SANDSTORM:
VSBY 1/2 MILE OR LESS
8 = SMOKE OR HAZE
[NO. OF DAYS WITH] [WEATHER - DAYS WITH] 9 = BLOWING SNOW
X = TORNADO
MAX 32 OR BELOW: 0 0.01 INCH OR MORE: 4
MAX 90 OR ABOVE: 11 0.10 INCH OR MORE: 1
MIN 32 OR BELOW: 0 0.50 INCH OR MORE: 1
MIN 0 OR BELOW: 0 1.00 INCH OR MORE: 0
[HDD (BASE 65) ]
TOTAL THIS MO. 55 CLEAR (SCALE 0-3) 24
DPTR FM NORMAL -66 PTCLDY (SCALE 4-7) 6
TOTAL FM JUL 1 55 CLOUDY (SCALE 8-10) 0
DPTR FM NORMAL -83
[CDD (BASE 65) ]
TOTAL THIS MO. 174
DPTR FM NORMAL 80 [PRESSURE DATA]
TOTAL FM JAN 1 1049 HIGHEST SLP M ON M
DPTR FM NORMAL 235 LOWEST SLP 29.54 ON 19
[REMARKS]
#FINAL-09-21#