000
CXUS54 KCRP 011210
CF6ALI
PRELIMINARY LOCAL CLIMATOLOGICAL DATA (WS FORM: F-6)
STATION: ALICE
MONTH: APRIL
YEAR: 2021
LATITUDE: 27 44 N
LONGITUDE: 98 1 W
TEMPERATURE IN F: :PCPN: SNOW: WIND :SUNSHINE: SKY :PK WND
================================================================================
1 2 3 4 5 6A 6B 7 8 9 10 11 12 13 14 15 16 17 18
12Z AVG MX 2MIN
DY MAX MIN AVG DEP HDD CDD WTR SNW DPTH SPD SPD DIR MIN PSBL S-S WX SPD DR
================================================================================
1 74 59 67 -2 0 2 0.00 0.0 0 12.8 23 50 M M 9 30 60
2 77 54 66 -3 0 1 0.00 0.0 0 9.3 23 140 M M 6 29 110
3 78 54 66 -4 0 1 T 0.0 0 10.7 23 140 M M 7 3 30 140
4 84 61 73 3 0 8 0.00 0.0 0 9.7 22 130 M M 5 28 120
5 85 57 71 1 0 6 T 0.0 0 11.1 24 130 M M 6 1 32 130
6 89 67 78 8 0 13 0.00 0.0 0 16.9 31 140 M M 7 1 41 150
7 93 67 80 10 0 15 0.00 0.0 0 7.9 20 160 M M 6 1 25 150
8 97 70 84 13 0 19 0.00 0.0 0 10.5 24 130 M M 4 128 31 120
9 102 68 85 14 0 20 0.00 0.0 0 8.4 20 150 M M 4 18 25 150
10 91 60 76 5 0 11 0.00 0.0 0 9.8 23 10 M M 4 128 28 20
11 91 57 74 2 0 9 0.00 0.0 0 9.1 20 130 M M 0 1 25 140
12 91 63 77 5 0 12 0.00 0.0 0 11.2 22 120 M M 7 12 28 140
13 88 72 80 8 0 15 0.00 0.0 0 6.8 17 120 M M 7 18 20 110
14 91 73 82 10 0 17 0.00 0.0 0 6.7 15 120 M M 6 1 20 130
15 76 70 73 1 0 8 0.05 0.0 0 9.8 20 90 M M 10 1 24 90
16 86 68 77 4 0 12 T 0.0 0 8.9 24 20 M M 9 18 30 20
17 68 56 62 -11 3 0 0.70 0.0 0 13.6 25 20 M M 10 13 34 10
18 66 53 60 -13 5 0 0.00 0.0 0 8.1 18 10 M M 9 23 360
19 72 55 64 -10 1 0 0.00 0.0 0 5.3 12 100 M M 8 16 90
20 88 51 70 -4 0 5 0.00 0.0 0 5.8 23 120 M M 0 27 130
21 76 54 65 -9 0 0 0.00 0.0 0 11.6 23 30 M M 6 28 30
22 72 57 65 -9 0 0 0.01 0.0 M 9.2 17 140 M M 10 18 22 120
23 89 71 80 6 0 15 0.09 0.0 0 13.3 25 140 M M 7 1 30 140
24 99 64 82 7 0 17 0.00 0.0 0 9.0 23 360 M M 2 12 29 320
25 93 57 75 0 0 10 0.00 0.0 0 9.8 22 130 M M 1 28 130
26 88 66 77 2 0 12 0.00 0.0 0 13.9 26 130 M M 6 1 34 120
27 88 74 81 5 0 16 0.00 0.0 0 14.0 28 130 M M 9 36 120
28 97 74 86 10 0 21 0.00 0.0 0 17.5 26 120 M M 7 35 140
29 91 72 82 6 0 17 0.03 0.0 M 10.5 25 140 M M 9 1 33 140
30 79 71 75 -1 0 10 0.05 0.0 0 9.2 20 120 M M 10 1 25 110
================================================================================
SM 2559 1895 9 292 0.93 0.0 310.4 M 191
================================================================================
AV 85.3 63.2 10.3 FASTST M M 6 MAX(MPH)
MISC ----> 31 140 41 150
================================================================================
NOTES:
# LAST OF SEVERAL OCCURRENCES
COLUMN 17 PEAK WIND IN M.P.H.
PRELIMINARY LOCAL CLIMATOLOGICAL DATA (WS FORM: F-6) , PAGE 2
STATION: ALICE
MONTH: APRIL
YEAR: 2021
LATITUDE: 27 44 N
LONGITUDE: 98 1 W
[TEMPERATURE DATA] [PRECIPITATION DATA] SYMBOLS USED IN COLUMN 16
AVERAGE MONTHLY: 74.2 TOTAL FOR MONTH: 0.93 1 = FOG OR MIST
DPTR FM NORMAL: 1.5 DPTR FM NORMAL: -0.70 2 = FOG REDUCING VISIBILITY
HIGHEST: 102 ON 9 GRTST 24HR 0.70 ON 16-17 TO 1/4 MILE OR LESS
LOWEST: 51 ON 20 3 = THUNDER
SNOW, ICE PELLETS, HAIL 4 = ICE PELLETS
TOTAL MONTH: 0.0 INCH 5 = HAIL
GRTST 24HR 0.0 6 = FREEZING RAIN OR DRIZZLE
GRTST DEPTH: 0 7 = DUSTSTORM OR SANDSTORM:
VSBY 1/2 MILE OR LESS
8 = SMOKE OR HAZE
[NO. OF DAYS WITH] [WEATHER - DAYS WITH] 9 = BLOWING SNOW
X = TORNADO
MAX 32 OR BELOW: 0 0.01 INCH OR MORE: 6
MAX 90 OR ABOVE: 11 0.10 INCH OR MORE: 1
MIN 32 OR BELOW: 0 0.50 INCH OR MORE: 1
MIN 0 OR BELOW: 0 1.00 INCH OR MORE: 0
[HDD (BASE 65) ]
TOTAL THIS MO. 9 CLEAR (SCALE 0-3) 4
DPTR FM NORMAL -9 PTCLDY (SCALE 4-7) 16
TOTAL FM JUL 1 818 CLOUDY (SCALE 8-10) 10
DPTR FM NORMAL -81
[CDD (BASE 65) ]
TOTAL THIS MO. 292
DPTR FM NORMAL 44 [PRESSURE DATA]
TOTAL FM JAN 1 582 HIGHEST SLP 30.51 ON 1
DPTR FM NORMAL 122 LOWEST SLP 29.50 ON 9
[REMARKS]
#FINAL-04-21#