000
CXUS54 KEPZ 011030
CF6ALM
PRELIMINARY LOCAL CLIMATOLOGICAL DATA (WS FORM: F-6)
STATION: ALAMOGORDO
MONTH: MAY
YEAR: 2022
LATITUDE: 32 49 N
LONGITUDE: 106 0 W
TEMPERATURE IN F: :PCPN: SNOW: WIND :SUNSHINE: SKY :PK WND
================================================================================
1 2 3 4 5 6A 6B 7 8 9 10 11 12 13 14 15 16 17 18
12Z AVG MX 2MIN
DY MAX MIN AVG DEP HDD CDD WTR SNW DPTH SPD SPD DIR MIN PSBL S-S WX SPD DR
================================================================================
1 88 54 71 M 0 6 0.00 M M 11.4 20 180 M M 1 29 230
2 86 57 72 M 0 7 0.00 M M 7.0 12 150 M M 0 23 230
3 84 55 70 M 0 5 0.00 M M 12.4 20 210 M M 0 27 210
4 84 61 73 M 0 8 0.00 M M 10.5 18 220 M M 1 31 230
5 81 50 66 M 0 1 0.00 M M 10.2 20 350 M M 0 28 340
6 90 46 68 M 0 3 0.00 M M 5.1 12 140 M M 2 14 99
7 93 55 74 M 0 9 0.00 M M 9.7 20 250 M M 1 36 230
8 91 57 74 M 0 9 0.00 M M 12.4 25 220 M M 1 32 250
9 90 63 77 M 0 12 0.00 M M 10.4 16 220 M M 0 25 120
10 91 55 73 M 0 8 0.00 M M 9.1 18 200 M M 0 27 200
11 93 59 76 M 0 11 0.00 M M 10.1 22 220 M M 0 33 200
12 90 59 75 M 0 10 0.00 M M 6.7 13 250 M M 0 20 300
13 90 45 68 M 0 3 0.00 M M 6.0 12 70 M M 0 17 340
14 93 45 69 M 0 4 0.00 M M 4.4 10 70 M M 2 21 99
15 97 45 71 M 0 6 0.00 M M 6.2 12 190 M M 0 14 260
16 99 54 77 M 0 12 0.00 M M 8.5 24 190 M M 0 28 180
17 93 59 76 M 0 11 0.00 M M 7.0 14 270 M M 1 20 270
18 93 54 74 M 0 9 0.00 M M 4.8 15 260 M M 2 16 240
19 95 57 76 M 0 11 0.00 M M 7.9 24 240 M M 2 31 240
20 90 59 75 M 0 10 0.00 M M 10.5 21 240 M M 1 30 240
21 86 59 73 M 0 8 0.00 M M 11.6 23 160 M M 0 31 190
22 77 54 66 M 0 1 0.00 M M 8.4 16 180 M M 0 23 180
23 88 50 69 M 0 4 0.00 M M 7.6 20 200 M M 2 29 220
24 84 55 70 M 0 5 0.00 M M 10.3 25 330 M M 1 32 330
25 84 46 65 M 0 0 0.00 M M 6.5 15 20 M M 3 28 20
26 93 48 71 M 0 6 0.00 M M 5.8 13 200 M M 2 8 13 280
27 99 57 78 M 0 13 0.00 M M 7.7 16 190 M M 1 24 220
28 99 63 81 M 0 16 0.00 M M 14.1 29 240 M M 0 37 240
29 91 59 75 M 0 10 0.00 M M 14.0 25 200 M M 0 31 230
30 90 61 76 M 0 11 0.00 M M 9.0 18 200 M M 0 24 220
31 93 57 75 M 0 10 0.00 M M 6.2 13 210 M M 0 21 99
================================================================================
SM 2795 1698 0 239 0.00 M 271.5 M 23
================================================================================
AV 90.2 54.8 8.8 FASTST M M 1 MAX(MPH)
MISC ----> 29 240 37 240
================================================================================
NOTES:
# LAST OF SEVERAL OCCURRENCES
COLUMN 17 PEAK WIND IN M.P.H.
PRELIMINARY LOCAL CLIMATOLOGICAL DATA (WS FORM: F-6) , PAGE 2
STATION: ALAMOGORDO
MONTH: MAY
YEAR: 2022
LATITUDE: 32 49 N
LONGITUDE: 106 0 W
[TEMPERATURE DATA] [PRECIPITATION DATA] SYMBOLS USED IN COLUMN 16
AVERAGE MONTHLY: 72.5 TOTAL FOR MONTH: 0.00 1 = FOG OR MIST
DPTR FM NORMAL: 0.0 DPTR FM NORMAL: M 2 = FOG REDUCING VISIBILITY
HIGHEST: 99 ON 28,27 GRTST 24HR 0.00 ON 1- 1 TO 1/4 MILE OR LESS
LOWEST: 45 ON 15,14 3 = THUNDER
SNOW, ICE PELLETS, HAIL 4 = ICE PELLETS
TOTAL MONTH: M 5 = HAIL
GRTST 24HR M ON M 6 = FREEZING RAIN OR DRIZZLE
GRTST DEPTH: M ON M 7 = DUSTSTORM OR SANDSTORM:
VSBY 1/2 MILE OR LESS
8 = SMOKE OR HAZE
[NO. OF DAYS WITH] [WEATHER - DAYS WITH] 9 = BLOWING SNOW
X = TORNADO
MAX 32 OR BELOW: 0 0.01 INCH OR MORE: 0
MAX 90 OR ABOVE: 21 0.10 INCH OR MORE: 0
MIN 32 OR BELOW: 0 0.50 INCH OR MORE: 0
MIN 0 OR BELOW: 0 1.00 INCH OR MORE: 0
[HDD (BASE 65) ]
TOTAL THIS MO. 0 CLEAR (SCALE 0-3) 31
DPTR FM NORMAL M PTCLDY (SCALE 4-7) 0
TOTAL FM JUL 1 2763 CLOUDY (SCALE 8-10) 0
DPTR FM NORMAL M
[CDD (BASE 65) ]
TOTAL THIS MO. 239
DPTR FM NORMAL M [PRESSURE DATA]
TOTAL FM JAN 1 303 HIGHEST SLP M ON M
DPTR FM NORMAL M LOWEST SLP M ON M
[REMARKS]
#FINAL-05-22#