000
CXUS56 KPDT 011910
CF6ALW
PRELIMINARY LOCAL CLIMATOLOGICAL DATA (WS FORM: F-6)
STATION: WALLA WALLA WA
MONTH: FEBRUARY
YEAR: 2021
LATITUDE: 46 5 N
LONGITUDE: 118 17 W
TEMPERATURE IN F: :PCPN: SNOW: WIND :SUNSHINE: SKY :PK WND
================================================================================
1 2 3 4 5 6A 6B 7 8 9 10 11 12 13 14 15 16 17 18
12Z AVG MX 2MIN
DY MAX MIN AVG DEP HDD CDD WTR SNW DPTH SPD SPD DIR MIN PSBL S-S WX SPD DR
================================================================================
1 63 53 58 21 7 0 T M M 22.3 36 180 M M 6 52 180
2 53 35 44 6 21 0 0.23 M M 10.1 25 220 M M 7 1 32 210
3 43 35 39 1 26 0 0.03 M M 7.8 21 210 M M 7 28 200
4 46 36 41 3 24 0 0.00 M M 14.3 23 220 M M 8 30 200
5 55 41 48 10 17 0 0.00 M M 15.7 28 230 M M 6 38 200
6 50 41 46 8 19 0 0.00 M M 21.6 35 250 M M 7 48 240
7 47 35 41 3 24 0 0.00 M M 13.1 28 240 M M 7 37 240
8 39 30 35 -3 30 0 T M M 7.2 16 240 M M 10 25 230
9 33 22 28 -10 37 0 T M M 5.9 13 180 M M 7 16 210
10 34 20 27 -11 38 0 0.00 M M 2.6 8 190 M M 5 11 170
11 27 18 23 -15 42 0 0.02 M M 8.0 16 180 M M 9 18 20 180
12 19 14 17 -21 48 0 0.06 M M 6.8 15 220 M M 10 1 20 190
13 19 9 14 -25 51 0 0.17 M M 6.4 18 190 M M 10 18 23 190
14 19 11 15 -24 50 0 0.16 M M 3.5 9 80 M M 10 1 11 80
15 25 18 22 -17 43 0 0.60 M M 4.3 13 250 M M 10 12 16 260
16 37 22 30 -9 35 0 T M M 9.1 17 190 M M 10 1 23 190
17 37 26 32 -7 33 0 T M M 6.4 13 190 M M 10 18 16 190
18 27 19 23 -16 42 0 0.08 M M 3.5 13 260 M M 10 126 15 260
19 41 25 33 -7 32 0 0.02 M M 7.8 25 190 M M 7 16 32 190
20 38 23 31 -9 34 0 0.02 M M 9.2 18 230 M M 6 12 27 200
21 46 36 41 1 24 0 T M M 16.8 32 200 M M 8 41 200
22 52 39 46 6 19 0 0.08 M M 15.8 30 200 M M 7 40 200
23 46 34 40 0 25 0 T M M 15.8 30 240 M M 6 41 240
24 44 32 38 -3 27 0 0.01 M M 9.0 17 190 M M 4 1 21 220
25 49 36 43 2 22 0 T M M 21.1 35 250 M M 5 48 260
26 47 36 42 1 23 0 0.01 M M 17.0 29 230 M M 8 38 220
27 45 32 39 -3 26 0 0.01 M M 8.7 17 190 M M 5 1 25 200
28 53 36 45 3 20 0 0.00 M M 13.2 23 200 M M 5 29 200
================================================================================
SM 1134 814 839 0 1.50 M 303.0 M 210
================================================================================
AV 40.5 29.1 10.8 FASTST M M 8 MAX(MPH)
MISC ----> 36 180 52 180
================================================================================
NOTES:
# LAST OF SEVERAL OCCURRENCES
COLUMN 17 PEAK WIND IN M.P.H.
PRELIMINARY LOCAL CLIMATOLOGICAL DATA (WS FORM: F-6) , PAGE 2
STATION: WALLA WALLA WA
MONTH: FEBRUARY
YEAR: 2021
LATITUDE: 46 5 N
LONGITUDE: 118 17 W
[TEMPERATURE DATA] [PRECIPITATION DATA] SYMBOLS USED IN COLUMN 16
AVERAGE MONTHLY: 34.8 TOTAL FOR MONTH: 1.50 1 = FOG OR MIST
DPTR FM NORMAL: -4.2 DPTR FM NORMAL: -0.26 2 = FOG REDUCING VISIBILITY
HIGHEST: 63 ON 1 GRTST 24HR 0.67 ON 14-15 TO 1/4 MILE OR LESS
LOWEST: 9 ON 13 3 = THUNDER
SNOW, ICE PELLETS, HAIL 4 = ICE PELLETS
TOTAL MONTH: M 5 = HAIL
GRTST 24HR M ON M 6 = FREEZING RAIN OR DRIZZLE
GRTST DEPTH: M ON M 7 = DUSTSTORM OR SANDSTORM:
VSBY 1/2 MILE OR LESS
8 = SMOKE OR HAZE
[NO. OF DAYS WITH] [WEATHER - DAYS WITH] 9 = BLOWING SNOW
X = TORNADO
MAX 32 OR BELOW: 6 0.01 INCH OR MORE: 14
MAX 90 OR ABOVE: 0 0.10 INCH OR MORE: 4
MIN 32 OR BELOW: 15 0.50 INCH OR MORE: 1
MIN 0 OR BELOW: 0 1.00 INCH OR MORE: 0
[HDD (BASE 65) ]
TOTAL THIS MO. 839 CLEAR (SCALE 0-3) 0
DPTR FM NORMAL 91 PTCLDY (SCALE 4-7) 19
TOTAL FM JUL 1 3563 CLOUDY (SCALE 8-10) 9
DPTR FM NORMAL -204
[CDD (BASE 65) ]
TOTAL THIS MO. 0
DPTR FM NORMAL 0 [PRESSURE DATA]
TOTAL FM JAN 1 0 HIGHEST SLP 30.57 ON 24
DPTR FM NORMAL 0 LOWEST SLP 29.65 ON 1
[REMARKS]
#FINAL-02-21#