000
CXUS54 KAMA 010810
CF6AMA
PRELIMINARY LOCAL CLIMATOLOGICAL DATA (WS FORM: F-6)
STATION: AMARILLO
MONTH: JANUARY
YEAR: 2024
LATITUDE: 35 13 N
LONGITUDE: 101 42 W
TEMPERATURE IN F: :PCPN: SNOW: WIND :SUNSHINE: SKY :PK WND
================================================================================
1 2 3 4 5 6A 6B 7 8 9 10 11 12 13 14 15 16 17 18
12Z AVG MX 2MIN
DY MAX MIN AVG DEP HDD CDD WTR SNW DPTH SPD SPD DIR MIN PSBL S-S WX SPD DR
================================================================================
1 51 19 35 -3 30 0 0.00 0.0 0 10.0 21 200 M M 0 1 27 180
2 46 28 37 -1 28 0 0.00 0.0 M 9.9 18 200 M M 0 24 190
3 53 24 39 1 26 0 0.00 0.0 M 8.4 15 160 M M 0 20 160
4 35 28 32 -6 33 0 0.20 1.1 0 15.3 31 140 M M 7 12 38 150
5 39 27 33 -5 32 0 0.01 T T 11.4 24 340 M M 7 12 33 330
6 42 25 34 -4 31 0 0.00 0.0 0 9.6 21 330 M M 3 28 320
7 46 22 34 -4 31 0 0.00 0.0 0 17.8 32 200 M M 0 41 190
8 43 24 34 -4 31 0 T T 0 26.4 46 340 M M 7 18 71 340
9 42 22 32 -6 33 0 0.00 0.0 0 16.8 33 330 M M 1 49 340
10 58 24 41 3 24 0 0.00 0.0 0 13.6 30 270 M M 0 47 260
11 56 17 37 -1 28 0 0.00 0.0 0 18.8 39 250 M M 2 54 230
12 44 15 30 -8 35 0 0.00 0.0 0 13.5 29 350 M M 1 40 350
13 35 2 19 -19 46 0 T T 0 16.2 26 20 M M 2 18 34 10
14 18 0 9 -29 56 0 0.00 0.0 0 8.8 16 110 M M 2 20 110
15 22 1 12 -26 53 0 0.00 0.0 0 13.2 29 20 M M 2 37 20
16 30 0 15 -23 50 0 0.00 0.0 0 10.3 16 220 M M 0 23 210
17 66 16 41 2 24 0 0.00 0.0 0 19.0 32 260 M M 0 45 260
18 65 17 41 2 24 0 0.00 0.0 0 13.1 33 20 M M 0 44 20
19 33 12 23 -16 42 0 0.00 0.0 0 11.3 31 20 M M 0 39 20
20 35 13 24 -15 41 0 0.00 0.0 0 15.4 28 180 M M 0 32 180
21 44 19 32 -7 33 0 0.00 0.0 0 20.3 32 190 M M 4 40 180
22 59 31 45 6 20 0 0.00 0.0 0 13.1 24 200 M M 4 18 30 200
23 38 24 31 -8 34 0 0.00 0.0 0 6.8 14 180 M M 8 128 18 180
24 42 32 37 -2 28 0 0.02 0.0 0 5.3 13 180 M M 10 128 15 160
25 51 38 45 6 20 0 0.00 0.0 0 8.8 18 140 M M 7 12 24 130
26 42 37 40 1 25 0 0.79 0.0 0 11.0 17 150 M M 10 128 22 150
27 54 32 43 4 22 0 0.00 0.0 0 9.3 18 350 M M 1 18 25 340
28 65 28 47 8 18 0 0.00 0.0 0 7.8 18 260 M M 0 27 250
29 67 29 48 8 17 0 0.00 0.0 0 6.1 12 210 M M 0 17 190
30 66 33 50 10 15 0 0.00 0.0 0 6.2 12 210 M M 0 16 340
31 69 33 51 11 14 0 0.00 0.0 0 11.6 23 200 M M 3 31 190
================================================================================
SM 1456 672 944 0 1.02 1.1 385.1 M 81
================================================================================
AV 47.0 21.7 12.4 FASTST M M 3 MAX(MPH)
MISC ----> 46 340 71 340
================================================================================
NOTES:
# LAST OF SEVERAL OCCURRENCES
COLUMN 17 PEAK WIND IN M.P.H.
PRELIMINARY LOCAL CLIMATOLOGICAL DATA (WS FORM: F-6) , PAGE 2
STATION: AMARILLO
MONTH: JANUARY
YEAR: 2024
LATITUDE: 35 13 N
LONGITUDE: 101 42 W
[TEMPERATURE DATA] [PRECIPITATION DATA] SYMBOLS USED IN COLUMN 16
AVERAGE MONTHLY: 34.3 TOTAL FOR MONTH: 1.02 1 = FOG OR MIST
DPTR FM NORMAL: -4.3 DPTR FM NORMAL: 0.31 2 = FOG REDUCING VISIBILITY
HIGHEST: 69 ON 31 GRTST 24HR 0.79 ON 26-26 TO 1/4 MILE OR LESS
LOWEST: 0 ON 16,14 3 = THUNDER
SNOW, ICE PELLETS, HAIL 4 = ICE PELLETS
TOTAL MONTH: 1.1 INCHES 5 = HAIL
GRTST 24HR 1.1 ON 4- 4 6 = FREEZING RAIN OR DRIZZLE
GRTST DEPTH: T 7 = DUSTSTORM OR SANDSTORM:
VSBY 1/2 MILE OR LESS
8 = SMOKE OR HAZE
[NO. OF DAYS WITH] [WEATHER - DAYS WITH] 9 = BLOWING SNOW
X = TORNADO
MAX 32 OR BELOW: 3 0.01 INCH OR MORE: 4
MAX 90 OR ABOVE: 0 0.10 INCH OR MORE: 2
MIN 32 OR BELOW: 27 0.50 INCH OR MORE: 1
MIN 0 OR BELOW: 2 1.00 INCH OR MORE: 0
[HDD (BASE 65) ]
TOTAL THIS MO. 944 CLEAR (SCALE 0-3) 21
DPTR FM NORMAL 124 PTCLDY (SCALE 4-7) 8
TOTAL FM JUL 1 2264 CLOUDY (SCALE 8-10) 2
DPTR FM NORMAL -147
[CDD (BASE 65) ]
TOTAL THIS MO. 0
DPTR FM NORMAL 0 [PRESSURE DATA]
TOTAL FM JAN 1 0 HIGHEST SLP M ON M
DPTR FM NORMAL 0 LOWEST SLP 29.33 ON 8
[REMARKS]
#FINAL-01-24#