000
CXUS54 KBMX 011010
CF6ANB
PRELIMINARY LOCAL CLIMATOLOGICAL DATA (WS FORM: F-6)
STATION: ANNISTON
MONTH: MAY
YEAR: 2023
LATITUDE: 33 35 N
LONGITUDE: 85 51 W
TEMPERATURE IN F: :PCPN: SNOW: WIND :SUNSHINE: SKY :PK WND
================================================================================
1 2 3 4 5 6A 6B 7 8 9 10 11 12 13 14 15 16 17 18
12Z AVG MX 2MIN
DY MAX MIN AVG DEP HDD CDD WTR SNW DPTH SPD SPD DIR MIN PSBL S-S WX SPD DR
================================================================================
1 69 45 57 -9 8 0 0.00 0.0 0 9.7 25 240 M M 1 35 250
2 74 42 58 -9 7 0 0.00 0.0 0 10.4 25 250 M M 0 39 270
3 72 43 58 -9 7 0 0.00 0.0 0 6.7 17 280 M M 0 27 270
4 75 43 59 -8 6 0 0.00 0.0 0 3.0 12 250 M M 0 19 260
5 64 54 59 -9 6 0 0.13 0.0 0 5.1 12 70 M M 9 1 17 50
6 80 59 70 2 0 5 T 0.0 0 6.5 12 110 M M 6 17 110
7 84 61 73 5 0 8 0.00 0.0 M 4.0 13 250 M M 2 16 250
8 84 66 75 7 0 10 T 0.0 0 4.8 15 230 M M 3 24 240
9 82 64 73 4 0 8 T 0.0 0 4.7 10 250 M M 4 13 13 280
10 87 60 74 5 0 9 1.92 0.0 M 4.6 18 230 M M 5 13 27 220
11 81 67 74 5 0 9 T 0.0 M 6.1 14 110 M M 4 3 22 110
12 81 67 74 4 0 9 1.21 0.0 0 3.0 13 200 M M 5 13 18 210
13 88 66 77 7 0 12 0.00 0.0 0 1.9 12 360 M M 3 12 15 360
14 90 66 78 8 0 13 0.00 0.0 M 3.5 13 310 M M 0 1 18 350
15 88 67 78 8 0 13 1.00 0.0 M 3.7 25 10 M M 3 13 38 10
16 86 65 76 6 0 11 0.44 0.0 M 4.2 29 260 M M 3 13 46 250
17 78 67 73 2 0 8 T 0.0 0 4.2 13 230 M M 7 13 17 240
18 80 66 73 2 0 8 0.77 0.0 0 6.6 17 360 M M 9 13 24 360
19 72 63 68 -3 0 3 0.00 0.0 M 5.3 13 100 M M 9 21 120
20 80 61 71 -1 0 6 0.10 0.0 M 2.3 9 310 M M 7 13 14 270
21 81 65 73 1 0 8 T 0.0 0 4.7 12 10 M M 4 1 18 20
22 77 65 71 -1 0 6 0.00 0.0 0 8.0 18 70 M M 8 26 50
23 69 63 66 -6 0 1 0.62 0.0 0 4.9 15 60 M M 10 1 22 110
24 80 60 70 -3 0 5 0.00 0.0 0 4.5 13 20 M M 4 21 140
25 82 58 70 -3 0 5 0.00 0.0 0 4.6 13 40 M M 1 1 19 50
26 81 59 70 -3 0 5 0.00 0.0 0 4.6 13 50 M M 1 19 100
27 79 58 69 -4 0 4 0.00 0.0 0 6.8 15 20 M M 1 23 60
28 80 54 67 -7 0 2 0.00 0.0 0 3.7 15 330 M M 1 25 280
29 74 54 64 -10 1 0 0.00 0.0 0 3.5 14 360 M M 4 17 360
30 83 53 68 -6 0 3 0.00 0.0 0 1.9 12 60 M M 3 18 50
31 82 63 73 -1 0 8 0.00 0.0 0 5.7 12 130 M M 6 18 90
================================================================================
SM 2463 1844 35 179 6.19 0.0 153.2 M 123
================================================================================
AV 79.5 59.5 4.9 FASTST M M 4 MAX(MPH)
MISC ----> 29 260 46 250
================================================================================
NOTES:
# LAST OF SEVERAL OCCURRENCES
COLUMN 17 PEAK WIND IN M.P.H.
PRELIMINARY LOCAL CLIMATOLOGICAL DATA (WS FORM: F-6) , PAGE 2
STATION: ANNISTON
MONTH: MAY
YEAR: 2023
LATITUDE: 33 35 N
LONGITUDE: 85 51 W
[TEMPERATURE DATA] [PRECIPITATION DATA] SYMBOLS USED IN COLUMN 16
AVERAGE MONTHLY: 69.5 TOTAL FOR MONTH: 6.19 1 = FOG OR MIST
DPTR FM NORMAL: -1.0 DPTR FM NORMAL: 1.84 2 = FOG REDUCING VISIBILITY
HIGHEST: 90 ON 14 GRTST 24HR 1.92 ON 10-10 TO 1/4 MILE OR LESS
LOWEST: 42 ON 2 3 = THUNDER
SNOW, ICE PELLETS, HAIL 4 = ICE PELLETS
TOTAL MONTH: 0.0 INCH 5 = HAIL
GRTST 24HR 0.0 6 = FREEZING RAIN OR DRIZZLE
GRTST DEPTH: 0 7 = DUSTSTORM OR SANDSTORM:
VSBY 1/2 MILE OR LESS
8 = SMOKE OR HAZE
[NO. OF DAYS WITH] [WEATHER - DAYS WITH] 9 = BLOWING SNOW
X = TORNADO
MAX 32 OR BELOW: 0 0.01 INCH OR MORE: 8
MAX 90 OR ABOVE: 1 0.10 INCH OR MORE: 8
MIN 32 OR BELOW: 0 0.50 INCH OR MORE: 5
MIN 0 OR BELOW: 0 1.00 INCH OR MORE: 3
[HDD (BASE 65) ]
TOTAL THIS MO. 35 CLEAR (SCALE 0-3) 14
DPTR FM NORMAL 11 PTCLDY (SCALE 4-7) 13
TOTAL FM JUL 1 2145 CLOUDY (SCALE 8-10) 4
DPTR FM NORMAL -489
[CDD (BASE 65) ]
TOTAL THIS MO. 179
DPTR FM NORMAL -16 [PRESSURE DATA]
TOTAL FM JAN 1 272 HIGHEST SLP 30.20 ON 6
DPTR FM NORMAL 3 LOWEST SLP 29.73 ON 1
[REMARKS]
#FINAL-05-23#