000
CXUS54 KBMX 011110
CF6ANB
PRELIMINARY LOCAL CLIMATOLOGICAL DATA (WS FORM: F-6)
STATION: ANNISTON
MONTH: JANUARY
YEAR: 2024
LATITUDE: 33 35 N
LONGITUDE: 85 51 W
TEMPERATURE IN F: :PCPN: SNOW: WIND :SUNSHINE: SKY :PK WND
================================================================================
1 2 3 4 5 6A 6B 7 8 9 10 11 12 13 14 15 16 17 18
12Z AVG MX 2MIN
DY MAX MIN AVG DEP HDD CDD WTR SNW DPTH SPD SPD DIR MIN PSBL S-S WX SPD DR
================================================================================
1 48 33 41 -4 24 0 0.00 0.0 0 7.1 16 350 M M 2 24 360
2 52 23 38 -7 27 0 0.00 0.0 0 1.8 8 230 M M 0 12 210
3 44 26 35 -9 30 0 T 0.0 0 2.3 8 240 M M 5 11 260
4 51 25 38 -6 27 0 0.00 0.0 0 4.5 14 30 M M 0 1 20 360
5 54 27 41 -3 24 0 0.90 M M 7.8 15 70 M M 2 1 25 100
6 52 42 47 3 18 0 0.32 M M 9.1 20 260 M M 10 1 28 250
7 51 30 41 -3 24 0 T 0.0 0 6.2 16 250 M M 6 22 320
8 53 30 42 -2 23 0 0.54 0.0 0 8.8 22 90 M M 4 13 39 100
9 54 40 47 3 18 0 2.14 0.0 0 14.6 29 250 M M 10 13 45 240
10 51 28 40 -4 25 0 0.00 0.0 0 7.5 25 270 M M 4 41 270
11 62 28 45 1 20 0 0.00 0.0 0 2.4 12 250 M M 1 16 250
12 61 39 50 6 15 0 0.19 0.0 0 9.3 28 140 M M 7 1 45 160
13 47 27 37 -7 28 0 0.00 0.0 0 7.2 20 270 M M 0 30 280
14 54 23 39 -5 26 0 0.00 0.0 0 3.0 20 250 M M 0 27 250
15 58 37 48 4 17 0 0.05 0.0 0 3.1 14 360 M M 5 1 19 360
16 37 16 27 -17 38 0 0.19 M M 7.2 18 340 M M 5 16 28 320
17 34 10 22 -22 43 0 0.00 0.0 0 2.4 10 240 M M 0 15 250
18 52 18 35 -9 30 0 0.07 0.0 0 2.7 12 280 M M 5 1 17 280
19 47 25 36 -8 29 0 0.01 0.0 0 8.5 21 360 M M 6 1 31 330
20 32 16 24 -20 41 0 0.00 0.0 0 7.6 14 360 M M 1 25 360
21 43 13 28 -16 37 0 0.00 0.0 0 4.8 10 70 M M 0 16 360
22 56 28 42 -2 23 0 0.00 0.0 0 6.5 13 100 M M 3 19 100
23 63 45 54 10 11 0 T 0.0 0 7.5 14 80 M M 8 22 70
24 67 54 61 17 4 0 2.11 0.0 0 5.8 25 260 M M 10 18 43 270
25 71 61 66 22 0 1 1.11 0.0 0 4.4 16 200 M M 8 1 25 200
26 69 56 63 18 2 0 T 0.0 0 2.1 9 240 M M 7 1 13 240
27 69 47 58 13 7 0 0.69 0.0 0 7.9 23 260 M M 8 1 30 260
28 48 45 47 2 18 0 T 0.0 0 10.5 18 280 M M 10 29 270
29 54 32 43 -2 22 0 0.00 0.0 0 5.6 15 360 M M 5 21 310
30 63 26 45 0 20 0 0.02 0.0 0 4.4 16 240 M M 2 27 330
31 54 31 43 -2 22 0 0.00 0.0 0 4.4 14 10 M M 1 20 50
================================================================================
SM 1651 981 693 1 8.34 0.0 187.0 M 135
================================================================================
AV 53.3 31.6 6.0 FASTST M M 4 MAX(MPH)
MISC ----> 29 250 # 45 240
================================================================================
NOTES:
# LAST OF SEVERAL OCCURRENCES
COLUMN 17 PEAK WIND IN M.P.H.
PRELIMINARY LOCAL CLIMATOLOGICAL DATA (WS FORM: F-6) , PAGE 2
STATION: ANNISTON
MONTH: JANUARY
YEAR: 2024
LATITUDE: 33 35 N
LONGITUDE: 85 51 W
[TEMPERATURE DATA] [PRECIPITATION DATA] SYMBOLS USED IN COLUMN 16
AVERAGE MONTHLY: 42.5 TOTAL FOR MONTH: 8.34 1 = FOG OR MIST
DPTR FM NORMAL: -1.9 DPTR FM NORMAL: 3.50 2 = FOG REDUCING VISIBILITY
HIGHEST: 71 ON 25 GRTST 24HR 2.83 ON 8- 9 TO 1/4 MILE OR LESS
LOWEST: 10 ON 17 3 = THUNDER
SNOW, ICE PELLETS, HAIL 4 = ICE PELLETS
TOTAL MONTH: 0.0 INCH 5 = HAIL
GRTST 24HR 0.0 6 = FREEZING RAIN OR DRIZZLE
GRTST DEPTH: 0 7 = DUSTSTORM OR SANDSTORM:
VSBY 1/2 MILE OR LESS
8 = SMOKE OR HAZE
[NO. OF DAYS WITH] [WEATHER - DAYS WITH] 9 = BLOWING SNOW
X = TORNADO
MAX 32 OR BELOW: 1 0.01 INCH OR MORE: 13
MAX 90 OR ABOVE: 0 0.10 INCH OR MORE: 9
MIN 32 OR BELOW: 20 0.50 INCH OR MORE: 6
MIN 0 OR BELOW: 0 1.00 INCH OR MORE: 3
[HDD (BASE 65) ]
TOTAL THIS MO. 693 CLEAR (SCALE 0-3) 12
DPTR FM NORMAL 52 PTCLDY (SCALE 4-7) 15
TOTAL FM JUL 1 1634 CLOUDY (SCALE 8-10) 4
DPTR FM NORMAL -65
[CDD (BASE 65) ]
TOTAL THIS MO. 1
DPTR FM NORMAL 0 [PRESSURE DATA]
TOTAL FM JAN 1 1 HIGHEST SLP 30.69 ON 21
DPTR FM NORMAL 0 LOWEST SLP 29.42 ON 9
[REMARKS]
#FINAL-01-24#