000
CXUS52 KGSP 010817
CF6AND
PRELIMINARY LOCAL CLIMATOLOGICAL DATA (WS FORM: F-6)
STATION: ANDERSON SC
MONTH: APRIL
YEAR: 2023
LATITUDE: 34 30 N
LONGITUDE: 82 43 W
TEMPERATURE IN F: :PCPN: SNOW: WIND :SUNSHINE: SKY :PK WND
================================================================================
1 2 3 4 5 6A 6B 7 8 9 10 11 12 13 14 15 16 17 18
12Z AVG MX 2MIN
DY MAX MIN AVG DEP HDD CDD WTR SNW DPTH SPD SPD DIR MIN PSBL S-S WX SPD DR
================================================================================
1 80 64 72 15 0 7 0.24 M M 18.2 36 250 M M 3 13 49 270
2 73 45 59 1 6 0 0.00 M M 4.9 17 280 M M 0 23 280
3 61 44 53 -5 12 0 T M M 3.5 13 60 M M 6 16 60
4 76 56 66 8 0 1 0.00 M M 4.0 14 200 M M 6 17 200
5 86 61 74 16 0 9 T M M 6.2 17 190 M M 6 1 22 200
6 83 66 75 16 0 10 T M M 5.2 14 230 M M 6 18 160
7 72 48 60 1 5 0 0.30 M M 10.1 31 60 M M 10 13 40 60
8 48 41 45 -14 20 0 1.73 M M 13.0 25 50 M M 10 1 34 50
9 64 43 54 -6 11 0 0.00 M M 12.2 22 50 M M 2 29 50
10 66 41 54 -6 11 0 0.00 M M 6.9 21 80 M M 0 26 80
11 74 35 55 -5 10 0 0.00 M M 1.8 13 100 M M 0 26 60
12 78 40 59 -1 6 0 0.00 M M 2.6 13 270 M M 0 16 260
13 75 44 60 -1 5 0 0.03 M M 5.9 18 150 M M 4 23 160
14 70 58 64 3 1 0 0.17 M M 4.1 14 60 M M 9 123 16 60
15 78 57 68 7 0 3 0.00 M M 4.8 16 230 M M 4 12 20 240
16 76 58 67 6 0 2 0.09 M M 9.1 21 270 M M 7 1 30 270
17 73 44 59 -3 6 0 0.00 M M 10.7 23 280 M M 0 30 240
18 79 41 60 -2 5 0 0.00 M M 7.3 20 210 M M 0 24 220
19 83 47 65 3 0 0 0.00 M M 3.4 14 240 M M 0 16 240
20 84 51 68 6 0 3 0.00 M M 3.3 16 180 M M 0 1 21 170
21 80 52 66 3 0 1 0.00 M M 5.6 17 170 M M 1 23 170
22 73 48 61 -2 4 0 0.30 M M 8.7 22 260 M M 3 13 29 260
23 72 42 57 -6 8 0 0.00 M M 7.0 20 240 M M 1 24 240
24 68 51 60 -4 5 0 0.00 M M 6.2 14 40 M M 4 20 60
25 66 47 57 -7 8 0 T M M 8.9 20 60 M M 6 26 60
26 58 53 56 -8 9 0 0.34 M M 6.1 16 60 M M 10 1 23 60
27 60 55 58 -6 7 0 2.29 M M 6.8 14 60 M M 10 1 17 40
28 77 59 68 3 0 3 0.01 M M 5.4 16 230 M M 6 1 20 230
29 77 53 65 0 0 0 0.05 M M 2.7 13 210 M M 1 1 17 190
30 74 53 64 -1 1 0 0.39 M M 11.8 29 250 M M 5 1 39 240
================================================================================
SM 2184 1497 140 39 5.94 M 206.4 M 120
================================================================================
AV 72.8 49.9 6.9 FASTST M M 4 MAX(MPH)
MISC ----> 36 250 49 270
================================================================================
NOTES:
# LAST OF SEVERAL OCCURRENCES
COLUMN 17 PEAK WIND IN M.P.H.
PRELIMINARY LOCAL CLIMATOLOGICAL DATA (WS FORM: F-6) , PAGE 2
STATION: ANDERSON SC
MONTH: APRIL
YEAR: 2023
LATITUDE: 34 30 N
LONGITUDE: 82 43 W
[TEMPERATURE DATA] [PRECIPITATION DATA] SYMBOLS USED IN COLUMN 16
AVERAGE MONTHLY: 61.4 TOTAL FOR MONTH: 5.94 1 = FOG OR MIST
DPTR FM NORMAL: 0.1 DPTR FM NORMAL: 2.35 2 = FOG REDUCING VISIBILITY
HIGHEST: 86 ON 5 GRTST 24HR 2.30 ON 27-28 TO 1/4 MILE OR LESS
LOWEST: 35 ON 11 3 = THUNDER
SNOW, ICE PELLETS, HAIL 4 = ICE PELLETS
TOTAL MONTH: M 5 = HAIL
GRTST 24HR M ON M 6 = FREEZING RAIN OR DRIZZLE
GRTST DEPTH: M ON M 7 = DUSTSTORM OR SANDSTORM:
VSBY 1/2 MILE OR LESS
8 = SMOKE OR HAZE
[NO. OF DAYS WITH] [WEATHER - DAYS WITH] 9 = BLOWING SNOW
X = TORNADO
MAX 32 OR BELOW: 0 0.01 INCH OR MORE: 12
MAX 90 OR ABOVE: 0 0.10 INCH OR MORE: 8
MIN 32 OR BELOW: 0 0.50 INCH OR MORE: 2
MIN 0 OR BELOW: 0 1.00 INCH OR MORE: 2
[HDD (BASE 65) ]
TOTAL THIS MO. 140 CLEAR (SCALE 0-3) 13
DPTR FM NORMAL -14 PTCLDY (SCALE 4-7) 12
TOTAL FM JUL 1 2337 CLOUDY (SCALE 8-10) 5
DPTR FM NORMAL -541
[CDD (BASE 65) ]
TOTAL THIS MO. 39
DPTR FM NORMAL -2 [PRESSURE DATA]
TOTAL FM JAN 1 68 HIGHEST SLP 30.47 ON 10
DPTR FM NORMAL 18 LOWEST SLP 29.38 ON 30
[REMARKS]
#FINAL-04-23#