000
CXUS52 KGSP 011912
CF6AND
PRELIMINARY LOCAL CLIMATOLOGICAL DATA (WS FORM: F-6)
STATION: ANDERSON SC
MONTH: DECEMBER
YEAR: 2021
LATITUDE: 34 30 N
LONGITUDE: 82 43 W
TEMPERATURE IN F: :PCPN: SNOW: WIND :SUNSHINE: SKY :PK WND
================================================================================
1 2 3 4 5 6A 6B 7 8 9 10 11 12 13 14 15 16 17 18
12Z AVG MX 2MIN
DY MAX MIN AVG DEP HDD CDD WTR SNW DPTH SPD SPD DIR MIN PSBL S-S WX SPD DR
================================================================================
1 68 36 52 4 13 0 0.00 M M 3.8 16 220 M M 0 21 220
2 73 41 57 9 8 0 0.00 M M 8.2 17 200 M M 0 22 230
3 78 44 61 13 4 0 0.00 M M 4.6 14 220 M M 0 18 240
4 73 46 60 13 5 0 0.00 M M 1.7 7 200 M M 0 10 270
5 61 45 53 6 12 0 0.00 M M 5.9 16 60 M M 5 19 60
6 63 43 53 6 12 0 0.02 M M 4.9 15 220 M M 6 1 20 220
7 55 39 47 0 18 0 0.00 M M 5.7 17 60 M M 6 21 70
8 48 40 44 -3 21 0 0.49 M M 3.4 14 320 M M 10 1 16 320
9 52 35 44 -2 21 0 0.00 M M 4.0 10 90 M M 6 12 14 100
10 52 44 48 2 17 0 0.14 M M 1.1 6 120 M M 10 1 7 120
11 73 51 62 16 3 0 0.39 M M 8.7 32 280 M M 10 12 41 280
12 56 35 46 0 19 0 0.00 M M 4.6 15 60 M M 0 18 60
13 58 29 44 -2 21 0 0.00 M M 1.1 8 270 M M 0 1 11 270
14 66 29 48 2 17 0 0.00 M M 2.1 12 100 M M 1 12 13 100
15 62 37 50 5 15 0 0.00 M M 4.1 12 60 M M 2 15 50
16 67 43 55 10 10 0 0.01 M M 2.3 10 210 M M 8 12 13 210
17 69 53 61 16 4 0 0.00 M M 5.5 14 230 M M 6 12 20 230
18 66 55 61 16 4 0 0.39 M M 5.5 16 220 M M 10 12 20 220
19 62 46 54 9 11 0 0.20 M M 7.3 20 90 M M 10 12 24 90
20 46 35 41 -4 24 0 0.00 M M 7.2 20 70 M M 1 24 60
21 45 37 41 -3 24 0 0.14 M M 3.4 12 40 M M 7 1 14 30
22 62 36 49 5 16 0 0.00 M M 4.6 15 300 M M 3 12 18 310
23 57 28 43 -1 22 0 0.00 M M 1.8 9 180 M M 0 12 220
24 62 30 46 2 19 0 0.00 M M 6.1 18 240 M M 0 23 210
25 69 48 59 15 6 0 0.00 M M 13.1 26 230 M M 8 36 230
26 76 53 65 21 0 0 0.00 M M 5.3 12 230 M M 0 12 15 240
27 72 47 60 16 5 0 0.00 M M 7.8 26 270 M M 5 12 33 280
28 74 56 65 21 0 0 T M M 8.4 22 220 M M 6 12 26 210
29 68 62 65 21 0 0 0.20 M M 8.3 17 220 M M 9 1 22 220
30 66 61 64 21 1 0 1.33 M M 6.7 15 300 M M 10 13 20 290
31 67 58 63 20 2 0 0.15 M M 4.6 20 300 M M 10 123 26 290
================================================================================
SM 1966 1342 354 0 3.46 M 161.8 M 149
================================================================================
AV 63.4 43.3 5.2 FASTST M M 5 MAX(MPH)
MISC ----> 32 280 41 280
================================================================================
NOTES:
# LAST OF SEVERAL OCCURRENCES
COLUMN 17 PEAK WIND IN M.P.H.
PRELIMINARY LOCAL CLIMATOLOGICAL DATA (WS FORM: F-6) , PAGE 2
STATION: ANDERSON SC
MONTH: DECEMBER
YEAR: 2021
LATITUDE: 34 30 N
LONGITUDE: 82 43 W
[TEMPERATURE DATA] [PRECIPITATION DATA] SYMBOLS USED IN COLUMN 16
AVERAGE MONTHLY: 53.4 TOTAL FOR MONTH: 3.46 1 = FOG OR MIST
DPTR FM NORMAL: 8.0 DPTR FM NORMAL: -0.96 2 = FOG REDUCING VISIBILITY
HIGHEST: 78 ON 3 GRTST 24HR 1.39 ON 29-30 TO 1/4 MILE OR LESS
LOWEST: 28 ON 23 3 = THUNDER
SNOW, ICE PELLETS, HAIL 4 = ICE PELLETS
TOTAL MONTH: M 5 = HAIL
GRTST 24HR M ON M 6 = FREEZING RAIN OR DRIZZLE
GRTST DEPTH: M ON M 7 = DUSTSTORM OR SANDSTORM:
VSBY 1/2 MILE OR LESS
8 = SMOKE OR HAZE
[NO. OF DAYS WITH] [WEATHER - DAYS WITH] 9 = BLOWING SNOW
X = TORNADO
MAX 32 OR BELOW: 0 0.01 INCH OR MORE: 11
MAX 90 OR ABOVE: 0 0.10 INCH OR MORE: 9
MIN 32 OR BELOW: 4 0.50 INCH OR MORE: 1
MIN 0 OR BELOW: 0 1.00 INCH OR MORE: 1
[HDD (BASE 65) ]
TOTAL THIS MO. 354 CLEAR (SCALE 0-3) 12
DPTR FM NORMAL -256 PTCLDY (SCALE 4-7) 11
TOTAL FM JUL 1 881 CLOUDY (SCALE 8-10) 8
DPTR FM NORMAL -273
[CDD (BASE 65) ]
TOTAL THIS MO. 0
DPTR FM NORMAL -1 [PRESSURE DATA]
TOTAL FM JAN 1 1774 HIGHEST SLP 30.53 ON 15
DPTR FM NORMAL -33 LOWEST SLP 29.79 ON 22
[REMARKS]
#FINAL-12-21#