000
CXUS53 KAPX 010730
CF6ANJ
PRELIMINARY LOCAL CLIMATOLOGICAL DATA (WS FORM: F-6)
STATION: SAULT STE MARIE MI
MONTH: SEPTEMBER
YEAR: 2022
LATITUDE: 46 28 N
LONGITUDE: 84 21 W
TEMPERATURE IN F: :PCPN: SNOW: WIND :SUNSHINE: SKY :PK WND
================================================================================
1 2 3 4 5 6A 6B 7 8 9 10 11 12 13 14 15 16 17 18
12Z AVG MX 2MIN
DY MAX MIN AVG DEP HDD CDD WTR SNW DPTH SPD SPD DIR MIN PSBL S-S WX SPD DR
================================================================================
1 78 43 61 -2 4 0 0.00 0.0 0 4.3 14 210 M M 2 12 21 210
2 83 59 71 8 0 6 T 0.0 0 9.4 26 220 M M 1 40 220
3 74 54 64 1 1 0 0.01 0.0 0 7.3 15 290 M M 3 22 280
4 68 47 58 -4 7 0 0.00 0.0 0 4.8 12 290 M M 1 18 70
5 73 48 61 -1 4 0 0.00 0.0 0 3.9 9 300 M M 0 14 310
6 75 50 63 1 2 0 0.00 0.0 0 2.4 9 60 M M 0 14 90
7 78 48 63 2 2 0 0.00 0.0 0 4.3 12 310 M M 0 1 18 310
8 79 52 66 5 0 1 0.00 0.0 0 3.8 9 180 M M 0 1 M M
9 81 60 71 10 0 6 0.00 0.0 0 6.8 15 220 M M 0 25 220
10 69 59 64 4 1 0 0.00 0.0 0 4.2 10 300 M M 7 1 M M
11 70 60 65 5 0 0 0.01 0.0 0 5.2 10 40 M M 8 20 50
12 67 61 64 4 1 0 0.16 0.0 0 5.1 8 20 M M 10 1 14 50
13 72 59 66 6 0 1 0.03 0.0 0 5.3 14 300 M M 5 1 21 300
14 66 48 57 -2 8 0 0.00 0.0 0 4.5 12 10 M M 3 17 330
15 66 44 55 -4 10 0 0.33 0.0 0 6.3 17 150 M M 5 1 26 140
16 62 57 60 2 5 0 0.27 0.0 0 5.8 14 120 M M 10 1 24 100
17 80 59 70 12 0 5 0.08 0.0 0 7.4 18 200 M M 8 1 26 200
18 75 65 70 12 0 5 0.16 0.0 0 4.9 15 290 M M 9 1 26 280
19 68 54 61 4 4 0 0.00 0.0 0 9.2 20 310 M M 6 1 31 310
20 78 50 64 7 1 0 0.00 0.0 0 3.6 15 200 M M 5 12 22 190
21 68 50 59 3 6 0 0.28 0.0 0 11.5 23 300 M M 9 13 46 270
22 53 43 48 -8 17 0 T 0.0 0 12.1 22 310 M M 4 36 320
23 63 38 51 -5 14 0 0.00 0.0 0 3.4 8 220 M M 2 M M
24 58 48 53 -2 12 0 0.02 0.0 0 3.7 14 180 M M 6 1 21 190
25 55 50 53 -2 12 0 0.39 0.0 0 5.8 13 300 M M 10 1 18 290
26 61 51 56 2 9 0 0.26 0.0 0 8.0 16 320 M M 10 1 25 300
27 55 42 49 -5 16 0 0.15 0.0 0 8.2 15 10 M M 9 24 40
28 53 37 45 -9 20 0 T 0.0 0 6.7 14 290 M M 6 22 330
29 62 33 48 -5 17 0 0.00 0.0 0 3.0 10 210 M M 3 12 16 210
30 67 39 53 0 12 0 0.00 0.0 0 2.9 9 200 M M 2 12 14 210
================================================================================
SM 2057 1508 185 24 2.15 0.0 173.8 M 144
================================================================================
AV 68.6 50.3 5.8 FASTST M M 5 MAX(MPH)
MISC ----> 26 220 46 270
================================================================================
NOTES:
# LAST OF SEVERAL OCCURRENCES
COLUMN 17 PEAK WIND IN M.P.H.
PRELIMINARY LOCAL CLIMATOLOGICAL DATA (WS FORM: F-6) , PAGE 2
STATION: SAULT STE MARIE MI
MONTH: SEPTEMBER
YEAR: 2022
LATITUDE: 46 28 N
LONGITUDE: 84 21 W
[TEMPERATURE DATA] [PRECIPITATION DATA] SYMBOLS USED IN COLUMN 16
AVERAGE MONTHLY: 59.4 TOTAL FOR MONTH: 2.15 1 = FOG OR MIST
DPTR FM NORMAL: 1.0 DPTR FM NORMAL: -1.78 2 = FOG REDUCING VISIBILITY
HIGHEST: 83 ON 2 GRTST 24HR 0.60 ON 15-16 TO 1/4 MILE OR LESS
LOWEST: 33 ON 29 3 = THUNDER
SNOW, ICE PELLETS, HAIL 4 = ICE PELLETS
TOTAL MONTH: 0.0 INCH 5 = HAIL
GRTST 24HR 0.0 6 = FREEZING RAIN OR DRIZZLE
GRTST DEPTH: 0 7 = DUSTSTORM OR SANDSTORM:
VSBY 1/2 MILE OR LESS
8 = SMOKE OR HAZE
[NO. OF DAYS WITH] [WEATHER - DAYS WITH] 9 = BLOWING SNOW
X = TORNADO
MAX 32 OR BELOW: 0 0.01 INCH OR MORE: 13
MAX 90 OR ABOVE: 0 0.10 INCH OR MORE: 8
MIN 32 OR BELOW: 0 0.50 INCH OR MORE: 0
MIN 0 OR BELOW: 0 1.00 INCH OR MORE: 0
[HDD (BASE 65) ]
TOTAL THIS MO. 185 CLEAR (SCALE 0-3) 13
DPTR FM NORMAL -40 PTCLDY (SCALE 4-7) 9
TOTAL FM JUL 1 260 CLOUDY (SCALE 8-10) 8
DPTR FM NORMAL -84
[CDD (BASE 65) ]
TOTAL THIS MO. 24
DPTR FM NORMAL -1 [PRESSURE DATA]
TOTAL FM JAN 1 225 HIGHEST SLP 30.53 ON 29
DPTR FM NORMAL -10 LOWEST SLP 29.52 ON 26
[REMARKS]
#FINAL-09-22#