000
CXUS55 KBOU 010823
CF6APA
PRELIMINARY LOCAL CLIMATOLOGICAL DATA (WS FORM: F-6)
STATION: CENTENNIAL CO
MONTH: MARCH
YEAR: 2020
LATITUDE: 39 33 N
LONGITUDE: 104 51 W
TEMPERATURE IN F: :PCPN: SNOW: WIND :SUNSHINE: SKY :PK WND
================================================================================
1 2 3 4 5 6A 6B 7 8 9 10 11 12 13 14 15 16 17 18
12Z AVG MX 2MIN
DY MAX MIN AVG DEP HDD CDD WTR SNW DPTH SPD SPD DIR MIN PSBL S-S WX SPD DR
================================================================================
1 43 27 35 -1 30 0 0.08 M M 8.1 16 360 M M 8 1 23 340
2 53 23 38 2 27 0 T M M 7.5 23 310 M M 5 12 34 320
3 58 30 44 8 21 0 0.00 M M 8.1 20 290 M M 1 27 280
4 64 32 48 11 17 0 0.00 M M 9.4 25 320 M M 2 34 320
5 56 27 42 5 23 0 0.00 M M 7.7 20 80 M M 2 26 80
6 67 29 48 11 17 0 0.00 M M 7.0 17 220 M M 5 22 210
7 66 38 52 14 13 0 0.00 M M 8.8 20 200 M M 6 24 210
8 67 35 51 13 14 0 0.44 M M 11.2 25 20 M M 6 1 36 20
9 59 36 48 10 17 0 0.01 M M 5.6 12 20 M M 6 1 22 360
10 63 37 50 12 15 0 0.00 M M 7.8 18 210 M M 4 25 40
11 69 36 53 15 12 0 0.00 M M 6.4 16 230 M M 3 21 230
12 52 33 43 4 22 0 0.00 M M 8.7 23 290 M M 7 35 280
13 40 28 34 -5 31 0 T M M 16.8 41 160 M M 6 1 52 160
14 51 31 41 2 24 0 0.00 M M 5.8 23 350 M M 6 29 350
15 60 32 46 6 19 0 0.00 M M 5.2 16 350 M M 7 24 340
16 66 31 49 9 16 0 0.00 M M 9.3 25 10 M M 5 1 33 20
17 59 36 48 8 17 0 0.00 M M 7.4 18 170 M M 7 1 24 180
18 65 34 50 10 15 0 0.00 M M 11.4 26 340 M M 5 1 42 170
19 40 24 32 -8 33 0 0.52 M M 14.6 30 350 M M 10 12 40 350
20 27 19 23 -18 42 0 0.01 M M 6.0 13 300 M M 10 18 17 310
21 48 18 33 -8 32 0 0.10 M M 5.8 14 240 M M 6 18 18 110
22 52 27 40 -1 25 0 0.00 M M 6.3 24 320 M M 3 34 320
23 56 34 45 4 20 0 T M M 10.9 23 220 M M 5 31 170
24 63 32 48 7 17 0 0.00 M M 5.1 10 200 M M 2 17 350
25 66 40 53 11 12 0 0.00 M M 12.7 29 240 M M 6 39 220
26 54 33 44 2 21 0 0.00 M M 6.0 16 350 M M 4 20 350
27 42 32 37 -5 28 0 0.05 M M 8.7 22 350 M M 8 18 29 350
28 49 27 38 -4 27 0 T M M 9.1 24 330 M M 5 1 31 330
29 55 26 41 -1 24 0 0.00 M M 5.3 18 140 M M 5 26 130
30 57 34 46 4 19 0 T M M 6.7 22 10 M M 7 29 20
31 67 31 49 6 16 0 0.00 0.0 0 7.0 16 240 M M 3 24 200
================================================================================
SM 1734 952 666 0 1.21 0.0 256.4 M 165
================================================================================
AV 55.9 30.7 8.3 FASTST M M 5 MAX(MPH)
MISC ----> # 41 160 # 52 160
================================================================================
NOTES:
# LAST OF SEVERAL OCCURRENCES
COLUMN 17 PEAK WIND IN M.P.H.
PRELIMINARY LOCAL CLIMATOLOGICAL DATA (WS FORM: F-6) , PAGE 2
STATION: CENTENNIAL CO
MONTH: MARCH
YEAR: 2020
LATITUDE: 39 33 N
LONGITUDE: 104 51 W
[TEMPERATURE DATA] [PRECIPITATION DATA] SYMBOLS USED IN COLUMN 16
AVERAGE MONTHLY: 43.3 TOTAL FOR MONTH: 1.21 1 = FOG OR MIST
DPTR FM NORMAL: 3.7 DPTR FM NORMAL: 0.08 2 = FOG REDUCING VISIBILITY
HIGHEST: 69 ON 11 GRTST 24HR 0.52 ON 19-19 TO 1/4 MILE OR LESS
LOWEST: 18 ON 21 3 = THUNDER
SNOW, ICE PELLETS, HAIL 4 = ICE PELLETS
TOTAL MONTH: 0.0 INCH 5 = HAIL
GRTST 24HR 0.0 6 = FREEZING RAIN OR DRIZZLE
GRTST DEPTH: 0 7 = DUSTSTORM OR SANDSTORM:
VSBY 1/2 MILE OR LESS
8 = SMOKE OR HAZE
[NO. OF DAYS WITH] [WEATHER - DAYS WITH] 9 = BLOWING SNOW
X = TORNADO
MAX 32 OR BELOW: 1 0.01 INCH OR MORE: 7
MAX 90 OR ABOVE: 0 0.10 INCH OR MORE: 3
MIN 32 OR BELOW: 19 0.50 INCH OR MORE: 1
MIN 0 OR BELOW: 0 1.00 INCH OR MORE: 0
[HDD (BASE 65) ]
TOTAL THIS MO. 666 CLEAR (SCALE 0-3) 7
DPTR FM NORMAL -123 PTCLDY (SCALE 4-7) 21
TOTAL FM JUL 1 4935 CLOUDY (SCALE 8-10) 3
DPTR FM NORMAL -318
[CDD (BASE 65) ]
TOTAL THIS MO. 0
DPTR FM NORMAL 0 [PRESSURE DATA]
TOTAL FM JAN 1 0 HIGHEST SLP 30.50 ON 20
DPTR FM NORMAL 0 LOWEST SLP 29.58 ON 26
[REMARKS]
#FINAL-03-20#