000
CXUS53 KAPX 010730
CF6APN
PRELIMINARY LOCAL CLIMATOLOGICAL DATA (WS FORM: F-6)
STATION: ALPENA MI
MONTH: AUGUST
YEAR: 2023
LATITUDE: 45 4 N
LONGITUDE: 83 34 W
TEMPERATURE IN F: :PCPN: SNOW: WIND :SUNSHINE: SKY :PK WND
================================================================================
1 2 3 4 5 6A 6B 7 8 9 10 11 12 13 14 15 16 17 18
12Z AVG MX 2MIN
DY MAX MIN AVG DEP HDD CDD WTR SNW DPTH SPD SPD DIR MIN PSBL S-S WX SPD DR
================================================================================
1 78 58 68 0 0 3 T 0.0 0 3.3 13 100 M M 5 16 100
2 84 56 70 2 0 5 T 0.0 0 5.2 20 240 M M 2 13 31 220
3 91 60 76 8 0 11 0.00 0.0 0 7.9 20 330 M M 1 3 29 330
4 77 55 66 -2 0 1 0.00 0.0 0 6.1 16 10 M M 2 22 10
5 76 52 64 -4 1 0 0.00 0.0 0 4.0 13 110 M M 1 1 22 100
6 75 47 61 -7 4 0 0.10 0.0 0 5.0 15 100 M M 2 1 23 90
7 77 61 69 1 0 4 0.11 0.0 0 11.2 25 10 M M 5 35 350
8 83 57 70 2 0 5 0.24 0.0 0 4.5 13 20 M M 3 13 20 330
9 86 56 71 3 0 6 T 0.0 0 5.5 16 220 M M 2 22 230
10 79 58 69 1 0 4 T 0.0 0 5.3 17 350 M M 5 23 360
11 73 50 62 -6 3 0 T 0.0 0 5.5 14 160 M M 4 19 140
12 76 60 68 1 0 3 0.43 0.0 0 6.9 17 290 M M 6 13 31 260
13 71 54 63 -4 2 0 0.01 0.0 0 6.7 15 360 M M 6 1 20 10
14 75 52 64 -3 1 0 0.01 0.0 0 4.2 16 130 M M 4 1 23 140
15 77 56 67 0 0 2 0.00 0.0 0 6.9 17 350 M M 5 18 26 20
16 87 51 69 2 0 4 0.00 0.0 0 8.3 16 190 M M 4 1 24 210
17 70 56 63 -4 2 0 0.77 0.0 0 10.4 21 150 M M 4 13 29 200
18 72 49 61 -6 4 0 0.00 0.0 0 11.7 29 330 M M 3 48 340
19 81 46 64 -2 1 0 0.00 0.0 0 6.1 15 200 M M 0 23 210
20 91 61 76 10 0 11 0.00 0.0 0 6.6 16 330 M M 4 27 330
21 73 53 63 -3 2 0 0.00 0.0 0 5.1 12 30 M M 4 16 30
22 75 51 63 -3 2 0 0.02 0.0 0 4.0 9 110 M M 3 3 M M
23 65 62 64 -2 1 0 0.76 0.0 0 9.9 20 130 M M 10 13 28 130
24 70 63 67 1 0 2 T 0.0 0 5.1 13 150 M M 10 1 15 150
25 79 62 71 6 0 6 0.00 0.0 0 4.4 9 100 M M 7 14 270
26 68 50 59 -6 6 0 0.01 0.0 0 9.3 17 20 M M 5 1 24 20
27 71 43 57 -8 8 0 0.00 0.0 0 2.9 13 100 M M 0 20 140
28 75 44 60 -5 5 0 0.00 0.0 0 2.5 15 100 M M 0 19 100
29 70 53 62 -2 3 0 1.08 0.0 0 6.4 20 330 M M 9 13 32 320
30 65 46 56 -8 9 0 0.00 0.0 0 11.0 18 340 M M 3 28 330
31 75 42 59 -5 6 0 0.00 0.0 0 2.8 10 90 M M 0 14 110
================================================================================
SM 2365 1664 60 67 3.54 0.0 194.7 M 119
================================================================================
AV 76.3 53.7 6.3 FASTST M M 4 MAX(MPH)
MISC ----> 29 330 48 340
================================================================================
NOTES:
# LAST OF SEVERAL OCCURRENCES
COLUMN 17 PEAK WIND IN M.P.H.
PRELIMINARY LOCAL CLIMATOLOGICAL DATA (WS FORM: F-6) , PAGE 2
STATION: ALPENA MI
MONTH: AUGUST
YEAR: 2023
LATITUDE: 45 4 N
LONGITUDE: 83 34 W
[TEMPERATURE DATA] [PRECIPITATION DATA] SYMBOLS USED IN COLUMN 16
AVERAGE MONTHLY: 65.0 TOTAL FOR MONTH: 3.54 1 = FOG OR MIST
DPTR FM NORMAL: -1.6 DPTR FM NORMAL: 0.45 2 = FOG REDUCING VISIBILITY
HIGHEST: 91 ON 20, 3 GRTST 24HR 1.08 ON 29-29 TO 1/4 MILE OR LESS
LOWEST: 42 ON 31 3 = THUNDER
SNOW, ICE PELLETS, HAIL 4 = ICE PELLETS
TOTAL MONTH: 0.0 INCH 5 = HAIL
GRTST 24HR 0.0 6 = FREEZING RAIN OR DRIZZLE
GRTST DEPTH: 0 7 = DUSTSTORM OR SANDSTORM:
VSBY 1/2 MILE OR LESS
8 = SMOKE OR HAZE
[NO. OF DAYS WITH] [WEATHER - DAYS WITH] 9 = BLOWING SNOW
X = TORNADO
MAX 32 OR BELOW: 0 0.01 INCH OR MORE: 11
MAX 90 OR ABOVE: 2 0.10 INCH OR MORE: 7
MIN 32 OR BELOW: 0 0.50 INCH OR MORE: 3
MIN 0 OR BELOW: 0 1.00 INCH OR MORE: 1
[HDD (BASE 65) ]
TOTAL THIS MO. 60 CLEAR (SCALE 0-3) 12
DPTR FM NORMAL 8 PTCLDY (SCALE 4-7) 16
TOTAL FM JUL 1 72 CLOUDY (SCALE 8-10) 3
DPTR FM NORMAL -14
[CDD (BASE 65) ]
TOTAL THIS MO. 67
DPTR FM NORMAL -36 [PRESSURE DATA]
TOTAL FM JAN 1 248 HIGHEST SLP 30.34 ON 22
DPTR FM NORMAL -68 LOWEST SLP 29.52 ON 17
[REMARKS]
#FINAL-08-23#