000
CXUS53 KAPX 081616
CF6APX
PRELIMINARY LOCAL CLIMATOLOGICAL DATA (WS FORM: F-6)
STATION: GAYLORD WFO
MONTH: JULY
YEAR: 2020
LATITUDE: 45 4 N
LONGITUDE: 84 43 W
TEMPERATURE IN F: :PCPN: SNOW: WIND :SUNSHINE: SKY :PK WND
================================================================================
1 2 3 4 5 6A 6B 7 8 9 10 11 12 13 14 15 16 17 18
12Z AVG MX 2MIN
DY MAX MIN AVG DEP HDD CDD WTR SNW DPTH SPD SPD DIR MIN PSBL S-S WX SPD DR
================================================================================
1 87 58 73 7 0 8 0.00 0.0 0 M M M M M M M M
2 85 62 74 8 0 9 0.00 0.0 0 M M M M M M M M
3 87 65 76 10 0 11 0.00 0.0 0 M M M M M M M M
4 88 65 77 11 0 12 0.00 0.0 0 M M M M M M M M
5 89 62 76 10 0 11 0.00 0.0 0 M M M M M M M M
6 91 63 77 11 0 12 0.00 0.0 0 M M M M M M M M
7 85 65 75 9 0 10 0.00 0.0 0 M M M M M M M M
8 91 61 76 10 0 11 0.00 0.0 0 M M M M M M M M
9 89 66 78 12 0 13 T 0.0 0 M M M M M M M M
10 78 61 70 4 0 5 0.26 0.0 0 M M M M M M 13 M M
11 78 59 69 3 0 4 0.00 0.0 0 M M M M M M M M
12 70 56 63 -3 2 0 0.00 0.0 0 M M M M M M M M
13 76 56 66 0 0 1 0.00 0.0 0 M M M M M M M M
14 80 56 68 1 0 3 0.00 0.0 0 M M M M M M M M
15 77 62 70 3 0 5 1.98 0.0 0 M M M M M M M M
16 79 60 70 3 0 5 0.03 0.0 0 M M M M M M M M
17 84 59 72 5 0 7 0.00 0.0 0 M M M M M M M M
18 87 64 76 9 0 11 0.50 0.0 0 M M M M M M M M
19 78 64 71 4 0 6 0.86 0.0 0 M M M M M M M M
20 66 50 58 -9 7 0 T 0.0 0 M M M M M M M M
21 75 48 62 -5 3 0 0.00 0.0 0 M M M M M M M M
22 77 59 68 1 0 3 0.94 0.0 0 M M M M M M M M
23 77 59 68 1 0 3 0.00 0.0 0 M M M M M M M M
24 82 54 68 1 0 3 0.00 0.0 0 M M M M M M M M
25 87 61 74 7 0 9 0.00 0.0 0 M M M M M M M M
26 87 69 78 11 0 13 0.61 0.0 0 M M M M M M 3 M M
27 75 62 69 3 0 4 T 0.0 0 M M M M M M M M
28 77 57 67 1 0 2 T 0.0 0 M M M M M M M M
29 76 60 68 2 0 3 0.00 0.0 0 M M M M M M M M
30 74 56 65 -1 0 0 0.00 0.0 0 M M M M M M M M
31 77 55 66 0 0 1 0.00 0.0 0 M M M M M M M M
================================================================================
SM 2509 1854 12 185 5.18 0.0 M M M
================================================================================
AV 80.9 59.8 M FASTST M M 3 MAX(MPH)
MISC ----> M M M M
================================================================================
NOTES:
# LAST OF SEVERAL OCCURRENCES
COLUMN 17 PEAK WIND IN M.P.H.
PRELIMINARY LOCAL CLIMATOLOGICAL DATA (WS FORM: F-6) , PAGE 2
STATION: GAYLORD WFO
MONTH: JULY
YEAR: 2020
LATITUDE: 45 4 N
LONGITUDE: 84 43 W
[TEMPERATURE DATA] [PRECIPITATION DATA] SYMBOLS USED IN COLUMN 16
AVERAGE MONTHLY: 70.4 TOTAL FOR MONTH: 5.18 1 = FOG OR MIST
DPTR FM NORMAL: 4.0 DPTR FM NORMAL: 1.98 2 = FOG REDUCING VISIBILITY
HIGHEST: 91 ON 8, 6 GRTST 24HR 1.98 ON 15-15 TO 1/4 MILE OR LESS
LOWEST: 48 ON 21 3 = THUNDER
SNOW, ICE PELLETS, HAIL 4 = ICE PELLETS
TOTAL MONTH: 0.0 INCH 5 = HAIL
GRTST 24HR 0.0 6 = FREEZING RAIN OR DRIZZLE
GRTST DEPTH: 0 7 = DUSTSTORM OR SANDSTORM:
VSBY 1/2 MILE OR LESS
8 = SMOKE OR HAZE
[NO. OF DAYS WITH] [WEATHER - DAYS WITH] 9 = BLOWING SNOW
X = TORNADO
MAX 32 OR BELOW: 0 0.01 INCH OR MORE: 7
MAX 90 OR ABOVE: 2 0.10 INCH OR MORE: 6
MIN 32 OR BELOW: 0 0.50 INCH OR MORE: 5
MIN 0 OR BELOW: 0 1.00 INCH OR MORE: 1
[HDD (BASE 65) ]
TOTAL THIS MO. 12 CLEAR (SCALE 0-3) 0
DPTR FM NORMAL -46 PTCLDY (SCALE 4-7) 0
TOTAL FM JUL 1 12 CLOUDY (SCALE 8-10) 0
DPTR FM NORMAL -46
[CDD (BASE 65) ]
TOTAL THIS MO. 185
DPTR FM NORMAL 84 [PRESSURE DATA]
TOTAL FM JAN 1 311 HIGHEST SLP M ON M
DPTR FM NORMAL 139 LOWEST SLP M ON M
[REMARKS]
#FINAL-07-20#