000
CXUS54 KHGX 011510
CF6ARM
PRELIMINARY LOCAL CLIMATOLOGICAL DATA (WS FORM: F-6)
STATION: Wharton
MONTH: DECEMBER
YEAR: 2022
LATITUDE: 29 15 N
LONGITUDE: 96 9 W
TEMPERATURE IN F: :PCPN: SNOW: WIND :SUNSHINE: SKY :PK WND
================================================================================
1 2 3 4 5 6A 6B 7 8 9 10 11 12 13 14 15 16 17 18
12Z AVG MX 2MIN
DY MAX MIN AVG DEP HDD CDD WTR SNW DPTH SPD SPD DIR MIN PSBL S-S WX SPD DR
================================================================================
1 59 39 49 M 16 0 M M 0 7.9 15 80 M M 7 21 80
2 74 57 66 M 0 1 0.08 0.0 0 5.9 12 180 M M 10 12 M M
3 72 56 64 M 1 0 0.00 0.0 0 5.6 13 350 M M 10 12 18 340
4 68 54 61 M 4 0 M 0.0 0 4.7 8 360 M M 9 1 M M
5 79 63 71 M 0 6 T 0.0 0 7.7 18 190 M M 6 12 25 190
6 80 65 73 M 0 8 0.00 0.0 0 9.5 22 200 M M 6 1 25 200
7 80 64 72 M 0 7 0.00 0.0 0 5.9 13 170 M M 9 12 18 170
8 80 67 74 M 0 9 0.00 0.0 0 7.5 13 200 M M 7 1 M M
9 81 67 74 M 0 9 0.00 0.0 0 6.1 15 170 M M 7 12 18 170
10 79 64 72 M 0 7 0.00 0.0 0 7.7 15 160 M M 8 12 20 160
11 71 63 67 M 0 2 0.64 0.0 0 4.8 9 170 M M 10 1 M M
12 74 63 69 M 0 4 0.03 0.0 0 8.5 15 140 M M 10 1 21 140
13 78 64 71 M 0 6 M 0.0 0 12.2 24 160 M M 9 1 32 160
14 69 47 58 M 7 0 M 0.0 0 9.3 22 340 M M 5 27 340
15 65 38 52 M 13 0 M 0.0 0 1.4 8 80 M M 0 M M
16 73 45 59 M 6 0 M 0.0 0 8.1 21 350 M M 6 29 350
17 55 37 46 M 19 0 0.00 0.0 0 6.2 13 10 M M 6 18 10
18 55 36 46 M 19 0 0.00 0.0 0 7.5 13 60 M M 5 20 60
19 54 46 50 M 15 0 0.50 0.0 0 9.9 16 360 M M 10 1 22 360
20 56 46 51 M 14 0 M 0.0 0 11.6 16 10 M M 9 1 21 10
21 52 40 46 M 19 0 0.00 0.0 0 2.9 12 360 M M 6 1 M M
22 62 26 44 M 21 0 0.00 0.0 0 8.1 30 350 M M 10 1 39 340
23 M M M M M M 0.00 0.0 0 M M M M M M M M
24 M M M M M M M M M M M M M M M M M
25 M M M M M M M M M M M M M M M M M
26 M M M M M M M M 0 M M M M M M M M
27 M M M M M M M M 0 M M M M M M M M
28 77 37 57 M 8 0 0.00 0.0 0 14.6 23 180 M M 7 31 180
29 75 64 70 M 0 5 M 0.0 0 11.0 20 160 M M 8 1 25 160
30 71 52 62 M 3 0 0.14 0.0 0 5.3 10 10 M M 5 1 M M
31 76 44 60 M 5 0 0.00 0.0 0 4.9 12 200 M M 4 12 M M
================================================================================
SM 1815 1344 170 64 1.39 0.0 194.8 M 189
================================================================================
AV 69.8 51.7 7.5 FASTST M M 7 MAX(MPH)
MISC ----> 30 350 39 340
================================================================================
NOTES:
# LAST OF SEVERAL OCCURRENCES
COLUMN 17 PEAK WIND IN M.P.H.
PRELIMINARY LOCAL CLIMATOLOGICAL DATA (WS FORM: F-6) , PAGE 2
STATION: Wharton
MONTH: DECEMBER
YEAR: 2022
LATITUDE: 29 15 N
LONGITUDE: 96 9 W
[TEMPERATURE DATA] [PRECIPITATION DATA] SYMBOLS USED IN COLUMN 16
AVERAGE MONTHLY: 60.8 TOTAL FOR MONTH: 1.39 1 = FOG OR MIST
DPTR FM NORMAL: 0.0 DPTR FM NORMAL: M 2 = FOG REDUCING VISIBILITY
HIGHEST: 81 ON 9 GRTST 24HR 0.64 ON 11-11 TO 1/4 MILE OR LESS
LOWEST: 26 ON 22 3 = THUNDER
SNOW, ICE PELLETS, HAIL 4 = ICE PELLETS
TOTAL MONTH: 0.0 INCH 5 = HAIL
GRTST 24HR 0.0 6 = FREEZING RAIN OR DRIZZLE
GRTST DEPTH: 0 7 = DUSTSTORM OR SANDSTORM:
VSBY 1/2 MILE OR LESS
8 = SMOKE OR HAZE
[NO. OF DAYS WITH] [WEATHER - DAYS WITH] 9 = BLOWING SNOW
X = TORNADO
MAX 32 OR BELOW: 0 0.01 INCH OR MORE: 5
MAX 90 OR ABOVE: 0 0.10 INCH OR MORE: 3
MIN 32 OR BELOW: 1 0.50 INCH OR MORE: 2
MIN 0 OR BELOW: 0 1.00 INCH OR MORE: 0
[HDD (BASE 65) ]
TOTAL THIS MO. 170 CLEAR (SCALE 0-3) 1
DPTR FM NORMAL M PTCLDY (SCALE 4-7) 14
TOTAL FM JUL 1 418 CLOUDY (SCALE 8-10) 16
DPTR FM NORMAL M
[CDD (BASE 65) ]
TOTAL THIS MO. 64
DPTR FM NORMAL M [PRESSURE DATA]
TOTAL FM JAN 1 3340 HIGHEST SLP M ON M
DPTR FM NORMAL M LOWEST SLP M ON M
[REMARKS]
#FINAL-12-22#