000
CXUS54 KHGX 030046
CF6ARM
PRELIMINARY LOCAL CLIMATOLOGICAL DATA (WS FORM: F-6)
STATION: Wharton
MONTH: MARCH
YEAR: 2024
LATITUDE: 29 15 N
LONGITUDE: 96 9 W
TEMPERATURE IN F: :PCPN: SNOW: WIND :SUNSHINE: SKY :PK WND
================================================================================
1 2 3 4 5 6A 6B 7 8 9 10 11 12 13 14 15 16 17 18
12Z AVG MX 2MIN
DY MAX MIN AVG DEP HDD CDD WTR SNW DPTH SPD SPD DIR MIN PSBL S-S WX SPD DR
================================================================================
1 72 48 60 M 5 0 M M M 6.4 13 360 M M 7 M M
2 M M M M M M M M M 3.1 10 160 M M 9 18 M M
3 M M M M M M M M M 7.0 13 150 M M 10 128 18 150
4 77 M M M M M T 0.0 0 7.7 15 180 M M 7 18 18 180
5 85 M M M M M 0.00 0.0 0 5.5 13 150 M M 6 128 17 150
6 78 M M M M M 0.00 0.0 0 6.0 12 170 M M 5 8 M M
7 M M M M M M 0.01 0.0 0 9.0 18 150 M M 8 18 23 150
8 M M M M M M 0.01 0.0 0 9.5 18 350 M M 6 18 24 350
9 M M M M M M 0.00 0.0 0 16.6 23 340 M M 4 33 360
10 67 53 60 M 5 0 0.00 0.0 0 4.3 8 170 M M 0 M M
11 73 53 63 M 2 0 0.00 0.0 0 5.7 10 140 M M 8 M M
12 78 44 61 M 4 0 0.00 0.0 0 7.4 15 160 M M 5 8 21 160
13 77 50 64 M 1 0 0.01 0.0 0 12.2 20 150 M M 9 24 180
14 81 77 79 M 0 14 0.00 0.0 0 14.8 25 150 M M 9 31 150
15 79 64 72 M 0 7 0.01 0.0 0 9.6 21 10 M M 8 18 30 10
16 80 74 77 M 0 12 0.01 0.0 0 8.0 15 140 M M 7 18 22 140
17 69 61 65 M 0 0 M 0.0 0 6.8 14 10 M M 9 1 22 40
18 69 50 60 M 5 0 0.00 0.0 0 10.7 17 40 M M 3 27 30
19 60 46 53 M 12 0 0.00 0.0 0 2.7 9 10 M M 5 M M
20 69 55 62 M 3 0 0.00 0.0 0 3.6 8 90 M M 10 M M
21 55 54 55 M 10 0 0.05 0.0 0 9.4 17 120 M M 10 25 120
22 73 64 69 M 0 4 0.01 0.0 0 7.7 22 350 M M 5 1 28 350
23 74 44 59 M 6 0 M 0.0 0 4.1 8 160 M M 1 M M
24 M M M M M M M 0.0 M 12.0 23 150 M M 4 30 160
25 73 61 67 M 0 2 M 0.0 0 10.9 18 150 M M 6 8 24 150
26 67 51 59 M 6 0 M 0.0 0 8.5 18 360 M M 0 24 360
27 71 56 64 M 1 0 M 0.0 0 5.2 14 340 M M 4 24 340
28 77 44 61 M 4 0 0.00 0.0 0 4.3 14 150 M M 1 23 150
29 75 50 63 M 2 0 0.00 0.0 0 9.4 21 140 M M 2 27 160
30 74 58 66 M 0 1 0.00 0.0 0 7.1 14 160 M M 6 21 170
31 75 48 62 M 3 0 M 0.0 0 10.7 17 160 M M 10 25 180
================================================================================
SM 1828 1205 69 40 0.11 0.0 245.9 M 184
================================================================================
AV 73.1 54.8 7.9 FASTST M M 6 MAX(MPH)
MISC ----> 25 150 33 360
================================================================================
NOTES:
# LAST OF SEVERAL OCCURRENCES
COLUMN 17 PEAK WIND IN M.P.H.
PRELIMINARY LOCAL CLIMATOLOGICAL DATA (WS FORM: F-6) , PAGE 2
STATION: Wharton
MONTH: MARCH
YEAR: 2024
LATITUDE: 29 15 N
LONGITUDE: 96 9 W
[TEMPERATURE DATA] [PRECIPITATION DATA] SYMBOLS USED IN COLUMN 16
AVERAGE MONTHLY: 63.9 TOTAL FOR MONTH: 0.11 1 = FOG OR MIST
DPTR FM NORMAL: 0.0 DPTR FM NORMAL: M 2 = FOG REDUCING VISIBILITY
HIGHEST: 85 ON 5 GRTST 24HR 0.05 ON 21-21 TO 1/4 MILE OR LESS
LOWEST: 44 ON 28,23 3 = THUNDER
SNOW, ICE PELLETS, HAIL 4 = ICE PELLETS
TOTAL MONTH: 0.0 INCH 5 = HAIL
GRTST 24HR 0.0 6 = FREEZING RAIN OR DRIZZLE
GRTST DEPTH: 0 7 = DUSTSTORM OR SANDSTORM:
VSBY 1/2 MILE OR LESS
8 = SMOKE OR HAZE
[NO. OF DAYS WITH] [WEATHER - DAYS WITH] 9 = BLOWING SNOW
X = TORNADO
MAX 32 OR BELOW: 0 0.01 INCH OR MORE: 7
MAX 90 OR ABOVE: 0 0.10 INCH OR MORE: 0
MIN 32 OR BELOW: 0 0.50 INCH OR MORE: 0
MIN 0 OR BELOW: 0 1.00 INCH OR MORE: 0
[HDD (BASE 65) ]
TOTAL THIS MO. 69 CLEAR (SCALE 0-3) 5
DPTR FM NORMAL M PTCLDY (SCALE 4-7) 17
TOTAL FM JUL 1 1057 CLOUDY (SCALE 8-10) 9
DPTR FM NORMAL M
[CDD (BASE 65) ]
TOTAL THIS MO. 40
DPTR FM NORMAL M [PRESSURE DATA]
TOTAL FM JAN 1 63 HIGHEST SLP M ON M
DPTR FM NORMAL M LOWEST SLP M ON M
[REMARKS]
#FINAL-03-24#