000
CXUS55 KGJT 010910
CF6ASE
PRELIMINARY LOCAL CLIMATOLOGICAL DATA (WS FORM: F-6)
STATION: ASPEN CO
MONTH: SEPTEMBER
YEAR: 2023
LATITUDE: 39 13 N
LONGITUDE: 106 52 W
TEMPERATURE IN F: :PCPN: SNOW: WIND :SUNSHINE: SKY :PK WND
================================================================================
1 2 3 4 5 6A 6B 7 8 9 10 11 12 13 14 15 16 17 18
12Z AVG MX 2MIN
DY MAX MIN AVG DEP HDD CDD WTR SNW DPTH SPD SPD DIR MIN PSBL S-S WX SPD DR
================================================================================
1 83 46 65 4 0 0 T M M 6.7 23 60 M M 1 3 35 80
2 78 44 61 1 4 0 T M M 4.6 17 200 M M 2 26 210
3 77 48 63 3 2 0 T M M 4.8 26 210 M M 3 3 40 200
4 72 47 60 0 5 0 0.00 M M 7.6 23 170 M M 5 35 170
5 76 38 57 -3 8 0 0.00 M M 5.3 14 360 M M 1 21 360
6 80 41 61 2 4 0 0.00 M M 6.6 17 240 M M 0 27 230
7 78 42 60 1 5 0 0.00 M M 8.6 18 350 M M 0 28 20
8 80 42 61 2 4 0 0.00 M M 7.4 20 330 M M 0 27 350
9 80 40 60 2 5 0 0.00 M M 5.7 15 330 M M 0 23 40
10 71 50 61 3 4 0 0.04 M M 5.9 21 140 M M 6 3 31 140
11 71 43 57 -1 8 0 0.04 M M 5.2 20 10 M M 3 27 10
12 72 37 55 -3 10 0 0.00 M M 6.0 15 10 M M 1 8 23 360
13 69 45 57 0 8 0 T M M 5.7 23 350 M M 3 3 32 360
14 61 40 51 -6 14 0 0.11 M M 6.1 17 150 M M 8 138 25 150
15 60 39 50 -6 15 0 0.06 M M 4.2 16 130 M M 7 3 22 150
16 71 34 53 -3 12 0 0.00 M M 5.7 12 210 M M 0 17 350
17 71 37 54 -2 11 0 0.00 M M 5.8 17 360 M M 2 28 310
18 70 39 55 -1 10 0 0.04 M M 6.4 23 320 M M 4 3 38 320
19 66 36 51 -4 14 0 0.03 M M 6.0 18 340 M M 3 3 35 340
20 74 34 54 -1 11 0 0.00 M M 7.0 14 180 M M 1 20 160
21 72 43 58 4 7 0 0.04 M M 6.4 29 180 M M 4 38 37 170
22 69 36 53 -1 12 0 0.00 M M 7.1 20 190 M M 0 8 35 250
23 67 32 50 -4 15 0 0.00 M M 7.6 21 360 M M 0 29 350
24 68 30 49 -4 16 0 0.00 M M 6.4 13 360 M M 0 19 360
25 72 32 52 -1 13 0 0.00 M M 6.7 14 350 M M 0 8 19 330
26 75 35 55 3 10 0 0.00 M M 6.8 16 320 M M 0 8 25 320
27 77 38 58 6 7 0 0.00 M M 7.1 16 360 M M 0 21 350
28 77 37 57 5 8 0 0.00 M M 6.1 18 360 M M 0 28 10
29 76 38 57 6 8 0 0.00 M M 7.8 14 170 M M 0 24 300
30 77 40 59 8 6 0 T M M 12.4 30 140 M M 1 3 47 130
================================================================================
SM 2190 1183 256 0 0.36 M 195.7 M 55
================================================================================
AV 73.0 39.4 6.5 FASTST M M 2 MAX(MPH)
MISC ----> 30 140 47 130
================================================================================
NOTES:
# LAST OF SEVERAL OCCURRENCES
COLUMN 17 PEAK WIND IN M.P.H.
PRELIMINARY LOCAL CLIMATOLOGICAL DATA (WS FORM: F-6) , PAGE 2
STATION: ASPEN CO
MONTH: SEPTEMBER
YEAR: 2023
LATITUDE: 39 13 N
LONGITUDE: 106 52 W
[TEMPERATURE DATA] [PRECIPITATION DATA] SYMBOLS USED IN COLUMN 16
AVERAGE MONTHLY: 56.2 TOTAL FOR MONTH: 0.36 1 = FOG OR MIST
DPTR FM NORMAL: 0.1 DPTR FM NORMAL: -1.07 2 = FOG REDUCING VISIBILITY
HIGHEST: 83 ON 1 GRTST 24HR 0.16 ON 14-15 TO 1/4 MILE OR LESS
LOWEST: 30 ON 24 3 = THUNDER
SNOW, ICE PELLETS, HAIL 4 = ICE PELLETS
TOTAL MONTH: M 5 = HAIL
GRTST 24HR M ON M 6 = FREEZING RAIN OR DRIZZLE
GRTST DEPTH: M ON M 7 = DUSTSTORM OR SANDSTORM:
VSBY 1/2 MILE OR LESS
8 = SMOKE OR HAZE
[NO. OF DAYS WITH] [WEATHER - DAYS WITH] 9 = BLOWING SNOW
X = TORNADO
MAX 32 OR BELOW: 0 0.01 INCH OR MORE: 7
MAX 90 OR ABOVE: 0 0.10 INCH OR MORE: 1
MIN 32 OR BELOW: 3 0.50 INCH OR MORE: 0
MIN 0 OR BELOW: 0 1.00 INCH OR MORE: 0
[HDD (BASE 65) ]
TOTAL THIS MO. 256 CLEAR (SCALE 0-3) 24
DPTR FM NORMAL -13 PTCLDY (SCALE 4-7) 5
TOTAL FM JUL 1 331 CLOUDY (SCALE 8-10) 1
DPTR FM NORMAL -57
[CDD (BASE 65) ]
TOTAL THIS MO. 0
DPTR FM NORMAL -2 [PRESSURE DATA]
TOTAL FM JAN 1 81 HIGHEST SLP M ON M
DPTR FM NORMAL -7 LOWEST SLP 29.63 ON 30
[REMARKS]
#FINAL-09-23#