000
CXUS55 KGJT 011133
CLMASE
CLIMATE REPORT
NATIONAL WEATHER SERVICE GRAND JUNCTION CO
533 AM MDT THU JUN 01 2023
...................................
...THE ASPEN CO CLIMATE SUMMARY FOR THE MONTH OF MAY 2023...
CLIMATE NORMAL PERIOD 1991 TO 2020
CLIMATE RECORD PERIOD 9999 TO 9999
WEATHER OBSERVED NORMAL DEPART LAST YEAR`S
VALUE DATE(S) VALUE FROM VALUE DATE(S)
NORMAL
................................................................
TEMPERATURE (F)
HIGHEST 72 05/25 MM MM 78 05/27
05/29
LOWEST 30 05/08 MM MM 24 05/13
AVG. MAXIMUM 65.1 65.0 0.1 64.6
AVG. MINIMUM 36.5 35.1 1.4 34.9
MEAN 50.8 50.0 0.8 49.8
DAYS MAX >= 90 0 0.0 0.0 0
DAYS MAX <= 32 0 0.1 -0.1 0
DAYS MIN <= 32 3 11.6 -8.6 9
DAYS MIN <= 0 0 0.0 0.0 0
PRECIPITATION (INCHES)
TOTALS 1.56 1.52 0.04 1.34
DAILY AVG. 0.05 0.05 0.00 0.04
DAYS >= .01 10 10.0 0.0 9
DAYS >= .10 4 4.7 -0.7 4
DAYS >= .50 1 0.5 0.5 1
DAYS >= 1.00 0 0.0 0.0 0
GREATEST
24 HR. TOTAL 0.71 05/11 TO 05/11 0.60
SNOWFALL (INCHES)
TOTALS MM MM MM MM
SINCE 7/1 MM MM MM MM
SNOWDEPTH AVG. MM MM
DAYS >= 1.0 MM MM MM MM
GREATEST
SNOW DEPTH MM MM MM
24 HR TOTAL MM MM
DEGREE DAYS
HEATING TOTAL 434 464 -30 464
SINCE 7/1 8548 7967 581 MM
COOLING TOTAL 0 0 0 0
SINCE 1/1 0 0 0 MM
................................................................
WIND (MPH)
AVERAGE WIND SPEED 6.7
HIGHEST WIND SPEED/DIRECTION 43/180 DATE 05/26
HIGHEST GUST SPEED/DIRECTION 58/180 DATE 05/26
SKY COVER
POSSIBLE SUNSHINE (PERCENT) MM
AVERAGE SKY COVER 0.35
NUMBER OF DAYS FAIR 18
NUMBER OF DAYS PC 11
NUMBER OF DAYS CLOUDY 2
AVERAGE RH (PERCENT) 48
WEATHER CONDITIONS. NUMBER OF DAYS WITH
THUNDERSTORM 6 MIXED PRECIP 0
HEAVY RAIN 1 RAIN 4
LIGHT RAIN 15 FREEZING RAIN 0
LT FREEZING RAIN 0 HAIL 0
HEAVY SNOW 0 SNOW 0
LIGHT SNOW 1 SLEET 0
FOG 4 FOG W/VIS <= 1/4 MILE 0
HAZE 1
- INDICATES NEGATIVE NUMBERS.
R INDICATES RECORD WAS SET OR TIED.
MM INDICATES DATA IS MISSING.
T INDICATES TRACE AMOUNT.
$$