000
CXUS56 KPQR 011155
CF6AST
PRELIMINARY LOCAL CLIMATOLOGICAL DATA (WS FORM: F-6)
STATION: ASTORIA OR
MONTH: DECEMBER
YEAR: 2021
LATITUDE: 46 9 N
LONGITUDE: 123 53 W
TEMPERATURE IN F: :PCPN: SNOW: WIND :SUNSHINE: SKY :PK WND
================================================================================
1 2 3 4 5 6A 6B 7 8 9 10 11 12 13 14 15 16 17 18
12Z AVG MX 2MIN
DY MAX MIN AVG DEP HDD CDD WTR SNW DPTH SPD SPD DIR MIN PSBL S-S WX SPD DR
================================================================================
1 54 44 49 5 16 0 0.10 M M 5.0 13 310 M M 10 1 16 320
2 51 36 44 0 21 0 0.00 M M 6.9 18 340 M M 8 1 23 340
3 49 32 41 -3 24 0 0.00 M M 5.8 14 70 M M 0 1 16 70
4 53 35 44 0 21 0 0.74 M M 10.4 28 200 M M 8 1 41 210
5 46 30 38 -6 27 0 0.01 M M 3.4 10 100 M M 2 1 14 90
6 50 40 45 1 20 0 0.63 M M 4.7 14 190 M M 10 1 19 190
7 54 46 50 6 15 0 0.29 M M 6.0 18 290 M M 10 1 24 290
8 49 38 44 1 21 0 0.05 M M 9.2 23 320 M M 8 18 28 310
9 48 38 43 0 22 0 0.50 M M 6.6 23 330 M M 8 1 29 320
10 50 39 45 2 20 0 0.57 M M 12.5 32 210 M M 10 18 47 200
11 52 42 47 4 18 0 1.65 M M 15.4 35 200 M M 10 1 53 210
12 45 37 41 -2 24 0 0.58 M M 9.0 25 280 M M 8 1 38 250
13 42 36 39 -4 26 0 0.48 M M 6.8 17 250 M M 9 1 27 240
14 43 34 39 -4 26 0 0.32 M M 8.1 17 180 M M 8 1 24 160
15 42 39 41 -2 24 0 0.16 M M 10.4 22 120 M M 10 1 31 120
16 48 34 41 -2 24 0 0.01 M M 5.0 12 310 M M 8 1 16 200
17 46 31 39 -4 26 0 0.41 M M 4.6 10 120 M M 6 1 14 120
18 51 40 46 3 19 0 1.11 M M 13.8 31 230 M M 10 1 52 180
19 44 36 40 -3 25 0 0.09 M M 8.5 20 70 M M 5 1 23 70
20 45 41 43 0 22 0 1.47 M M 7.7 16 70 M M 10 1 19 70
21 51 38 45 2 20 0 0.15 M M 8.1 24 190 M M 8 1 35 210
22 51 44 48 5 17 0 1.25 M M 13.5 29 250 M M 9 13 38 260
23 47 39 43 0 22 0 0.33 M M 10.4 24 270 M M 8 1 32 200
24 46 38 42 -1 23 0 0.56 M M 14.0 29 200 M M 9 18 41 190
25 41 30 36 -7 29 0 0.19 M M 8.0 21 280 M M 9 18 27 280
26 35 28 32 -11 33 0 0.43 M M 11.5 25 290 M M 9 128 33 260
27 31 26 29 -14 36 0 0.04 M M 8.2 20 40 M M 6 1 23 50
28 35 30 33 -10 32 0 0.05 M M 6.0 12 40 M M 10 1 13 30
29 35 31 33 -10 32 0 T M M 7.9 16 40 M M 5 19 50
30 45 32 39 -4 26 0 0.37 M M 11.1 26 290 M M 9 18 37 280
31 39 29 34 -9 31 0 0.01 M M 7.1 16 40 M M 4 1 18 40
================================================================================
SM 1418 1113 742 0 12.55 M 265.6 M 244
================================================================================
AV 45.7 35.9 8.6 FASTST M M 8 MAX(MPH)
MISC ----> 35 200 53 210
================================================================================
NOTES:
# LAST OF SEVERAL OCCURRENCES
COLUMN 17 PEAK WIND IN M.P.H.
PRELIMINARY LOCAL CLIMATOLOGICAL DATA (WS FORM: F-6) , PAGE 2
STATION: ASTORIA OR
MONTH: DECEMBER
YEAR: 2021
LATITUDE: 46 9 N
LONGITUDE: 123 53 W
[TEMPERATURE DATA] [PRECIPITATION DATA] SYMBOLS USED IN COLUMN 16
AVERAGE MONTHLY: 40.8 TOTAL FOR MONTH: 12.55 1 = FOG OR MIST
DPTR FM NORMAL: -2.4 DPTR FM NORMAL: 1.87 2 = FOG REDUCING VISIBILITY
HIGHEST: 54 ON 7, 1 GRTST 24HR 2.02 ON 10-11 TO 1/4 MILE OR LESS
LOWEST: 26 ON 27 3 = THUNDER
SNOW, ICE PELLETS, HAIL 4 = ICE PELLETS
TOTAL MONTH: M 5 = HAIL
GRTST 24HR M ON M 6 = FREEZING RAIN OR DRIZZLE
GRTST DEPTH: M ON M 7 = DUSTSTORM OR SANDSTORM:
VSBY 1/2 MILE OR LESS
8 = SMOKE OR HAZE
[NO. OF DAYS WITH] [WEATHER - DAYS WITH] 9 = BLOWING SNOW
X = TORNADO
MAX 32 OR BELOW: 1 0.01 INCH OR MORE: 28
MAX 90 OR ABOVE: 0 0.10 INCH OR MORE: 21
MIN 32 OR BELOW: 10 0.50 INCH OR MORE: 10
MIN 0 OR BELOW: 0 1.00 INCH OR MORE: 4
[HDD (BASE 65) ]
TOTAL THIS MO. 742 CLEAR (SCALE 0-3) 2
DPTR FM NORMAL 65 PTCLDY (SCALE 4-7) 11
TOTAL FM JUL 1 2021 CLOUDY (SCALE 8-10) 18
DPTR FM NORMAL -23
[CDD (BASE 65) ]
TOTAL THIS MO. 0
DPTR FM NORMAL 0 [PRESSURE DATA]
TOTAL FM JAN 1 41 HIGHEST SLP 30.56 ON 5
DPTR FM NORMAL 19 LOWEST SLP 29.23 ON 24
[REMARKS]
#FINAL-12-21#