000
CXUS54 KMAF 011110
CF6ATS
PRELIMINARY LOCAL CLIMATOLOGICAL DATA (WS FORM: F-6)
STATION: ARTESIA
MONTH: MAY
YEAR: 2022
LATITUDE: 32 54 N
LONGITUDE: 104 30 W
TEMPERATURE IN F: :PCPN: SNOW: WIND :SUNSHINE: SKY :PK WND
================================================================================
1 2 3 4 5 6A 6B 7 8 9 10 11 12 13 14 15 16 17 18
12Z AVG MX 2MIN
DY MAX MIN AVG DEP HDD CDD WTR SNW DPTH SPD SPD DIR MIN PSBL S-S WX SPD DR
================================================================================
1 91 52 72 M 0 7 0.00 M M 13.3 24 240 M M 2 32 240
2 91 52 72 M 0 7 0.00 M M 10.7 22 230 M M 0 36 230
3 81 48 65 M 0 0 0.00 M M 13.5 26 160 M M 0 31 160
4 90 59 75 M 0 10 0.00 M M 16.4 31 220 M M 0 41 230
5 82 48 65 M 0 0 0.00 M M 8.4 21 360 M M 0 26 360
6 95 52 74 M 0 9 0.00 M M 7.6 16 260 M M 0 23 260
7 99 64 82 M 0 17 0.00 M M 16.1 29 230 M M 0 41 240
8 95 68 82 M 0 17 0.00 M M 18.1 31 220 M M 0 40 220
9 93 66 80 M 0 15 0.00 M M 19.4 36 230 M M 0 43 230
10 97 61 79 M 0 14 0.00 M M 13.0 21 240 M M 0 28 230
11 99 64 82 M 0 17 0.00 M M 14.0 30 150 M M 1 38 220
12 97 61 79 M 0 14 0.00 M M 18.1 28 210 M M 0 41 220
13 90 50 70 M 0 5 0.00 M M 7.7 15 10 M M 0 21 340
14 95 52 74 M 0 9 0.00 M M 7.8 14 240 M M 0 15 300
15 99 52 76 M 0 11 0.00 M M 6.2 14 120 M M 0 25 120
16 95 68 82 M 0 17 0.00 M M 9.9 26 160 M M 0 28 120
17 99 57 78 M 0 13 0.00 M M 10.9 24 230 M M 0 38 200
18 97 61 79 M 0 14 0.00 M M 10.5 18 360 M M 0 22 330
19 100 63 82 M 0 17 0.00 M M 12.4 24 220 M M 0 33 100
20 95 64 80 M 0 15 0.00 M M 16.4 29 240 M M 0 40 240
21 79 50 65 M 0 0 0.00 M M 15.7 43 340 M M 1 8 53 340
22 70 50 60 M 5 0 0.00 M M 9.1 17 170 M M 1 22 110
23 90 54 72 M 0 7 0.00 M M 11.6 24 150 M M 0 31 150
24 75 54 65 M 0 0 0.00 M M 13.2 31 30 M M 2 8 39 30
25 77 46 62 M 3 0 0.00 M M 5.4 9 170 M M 0 16 70
26 91 48 70 M 0 5 0.00 M M 3.7 9 200 M M 0 14 160
27 100 57 79 M 0 14 0.00 M M 11.8 21 210 M M 0 29 170
28 102 66 84 M 0 19 0.00 M M 15.8 32 230 M M 0 40 230
29 95 73 84 M 0 19 0.00 M M 23.9 35 220 M M 0 41 220
30 95 70 83 M 0 18 0.00 M M 15.8 26 220 M M 0 44 210
31 99 63 81 M 0 16 0.03 M M 11.0 23 190 M M 0 36 160
================================================================================
SM 2853 1793 8 326 0.03 M 387.3 M 7
================================================================================
AV 92.0 57.8 12.5 FASTST M M 0 MAX(MPH)
MISC ----> 43 340 53 340
================================================================================
NOTES:
# LAST OF SEVERAL OCCURRENCES
COLUMN 17 PEAK WIND IN M.P.H.
PRELIMINARY LOCAL CLIMATOLOGICAL DATA (WS FORM: F-6) , PAGE 2
STATION: ARTESIA
MONTH: MAY
YEAR: 2022
LATITUDE: 32 54 N
LONGITUDE: 104 30 W
[TEMPERATURE DATA] [PRECIPITATION DATA] SYMBOLS USED IN COLUMN 16
AVERAGE MONTHLY: 74.9 TOTAL FOR MONTH: 0.03 1 = FOG OR MIST
DPTR FM NORMAL: 0.0 DPTR FM NORMAL: M 2 = FOG REDUCING VISIBILITY
HIGHEST: 102 ON 28 GRTST 24HR 0.03 ON 31-31 TO 1/4 MILE OR LESS
LOWEST: 46 ON 25 3 = THUNDER
SNOW, ICE PELLETS, HAIL 4 = ICE PELLETS
TOTAL MONTH: M 5 = HAIL
GRTST 24HR M ON M 6 = FREEZING RAIN OR DRIZZLE
GRTST DEPTH: M ON M 7 = DUSTSTORM OR SANDSTORM:
VSBY 1/2 MILE OR LESS
8 = SMOKE OR HAZE
[NO. OF DAYS WITH] [WEATHER - DAYS WITH] 9 = BLOWING SNOW
X = TORNADO
MAX 32 OR BELOW: 0 0.01 INCH OR MORE: 1
MAX 90 OR ABOVE: 25 0.10 INCH OR MORE: 0
MIN 32 OR BELOW: 0 0.50 INCH OR MORE: 0
MIN 0 OR BELOW: 0 1.00 INCH OR MORE: 0
[HDD (BASE 65) ]
TOTAL THIS MO. 8 CLEAR (SCALE 0-3) 31
DPTR FM NORMAL M PTCLDY (SCALE 4-7) 0
TOTAL FM JUL 1 2672 CLOUDY (SCALE 8-10) 0
DPTR FM NORMAL M
[CDD (BASE 65) ]
TOTAL THIS MO. 326
DPTR FM NORMAL M [PRESSURE DATA]
TOTAL FM JAN 1 427 HIGHEST SLP M ON M
DPTR FM NORMAL M LOWEST SLP M ON M
[REMARKS]
#FINAL-05-22#