000
CXUS54 KEWX 051820
CF6ATT
PRELIMINARY LOCAL CLIMATOLOGICAL DATA (WS FORM: F-6)
STATION: AUSTIN CAMP MABRY
MONTH: JULY
YEAR: 2022
LATITUDE: 30 17 N
LONGITUDE: 97 42 W
TEMPERATURE IN F: :PCPN: SNOW: WIND :SUNSHINE: SKY :PK WND
================================================================================
1 2 3 4 5 6A 6B 7 8 9 10 11 12 13 14 15 16 17 18
12Z AVG MX 2MIN
DY MAX MIN AVG DEP HDD CDD WTR SNW DPTH SPD SPD DIR MIN PSBL S-S WX SPD DR
================================================================================
1 97 75 86 2 0 21 0.00 0.0 0 3.9 12 130 M M 2 21 150
2 101 79 90 5 0 25 0.00 0.0 0 5.6 14 140 M M 3 24 160
3 101 78 90 5 0 25 0.00 0.0 0 6.1 14 130 M M 1 25 150
4 101 77 89 4 0 24 0.00 0.0 0 7.1 15 150 M M 3 26 150
5 101 78 90 5 0 25 0.00 0.0 0 6.2 13 160 M M 2 25 140
6 102 77 90 5 0 25 0.00 0.0 0 6.5 13 160 M M 1 26 160
7 102 77 90 5 0 25 0.00 0.0 0 5.0 13 150 M M 1 26 190
8 104 79 92 7 0 27 0.00 0.0 0 5.2 12 140 M M 2 21 160
9 106 79 93 8 0 28 0.00 0.0 0 3.7 10 120 M M 0 18 140
10 110 78 94 9 0 29 0.00 0.0 0 1.8 12 360 M M 1 21 360
11 109 80 95 10 0 30 0.00 0.0 0 2.6 12 290 M M 0 19 290
12 109 79 94 9 0 29 0.00 0.0 0 3.5 15 140 M M 1 23 120
13 108 80 94 8 0 29 0.00 0.0 0 4.2 14 140 M M 1 24 190
14 103 76 90 4 0 25 T 0.0 0 3.8 17 100 M M 0 3 32 110
15 99 75 87 1 0 22 0.00 0.0 0 3.1 16 140 M M 2 27 140
16 102 76 89 3 0 24 0.00 0.0 0 4.2 13 150 M M 4 25 180
17 104 76 90 4 0 25 0.00 0.0 0 5.1 12 150 M M 1 24 180
18 106 77 92 6 0 27 0.00 0.0 0 6.1 13 140 M M 0 26 180
19 106 77 92 6 0 27 0.00 0.0 0 6.5 14 150 M M 0 26 150
20 106 77 92 6 0 27 0.00 0.0 0 6.2 14 160 M M 2 27 150
21 105 78 92 6 0 27 0.00 0.0 0 6.0 13 140 M M 2 24 160
22 103 77 90 4 0 25 0.00 0.0 0 6.0 14 140 M M 2 24 140
23 104 78 91 5 0 26 0.00 0.0 0 6.7 16 150 M M 2 31 160
24 105 78 92 5 0 27 0.00 0.0 0 5.7 13 160 M M 2 28 140
25 104 77 91 4 0 26 0.00 0.0 0 5.4 13 160 M M 1 26 140
26 104 76 90 3 0 25 0.00 0.0 0 5.6 15 150 M M 1 26 150
27 103 77 90 3 0 25 0.00 0.0 0 6.1 18 130 M M 1 32 140
28 103 76 90 3 0 25 0.00 0.0 0 6.3 17 130 M M 3 29 150
29 104 78 91 4 0 26 0.00 0.0 0 6.4 15 150 M M 1 28 140
30 104 77 91 4 0 26 0.00 0.0 0 5.3 15 140 M M 1 28 140
31 103 78 91 4 0 26 0.00 0.0 0 6.0 14 150 M M 1 25 120
================================================================================
SM 3219 2400 0 803 T 0.0 161.9 M 44
================================================================================
AV103.8 77.4 5.2 FASTST M M 1 MAX(MPH)
MISC ----> 18 130 # 32 110
================================================================================
NOTES:
# LAST OF SEVERAL OCCURRENCES
COLUMN 17 PEAK WIND IN M.P.H.
PRELIMINARY LOCAL CLIMATOLOGICAL DATA (WS FORM: F-6) , PAGE 2
STATION: AUSTIN CAMP MABRY
MONTH: JULY
YEAR: 2022
LATITUDE: 30 17 N
LONGITUDE: 97 42 W
[TEMPERATURE DATA] [PRECIPITATION DATA] SYMBOLS USED IN COLUMN 16
AVERAGE MONTHLY: 90.6 TOTAL FOR MONTH: T 1 = FOG OR MIST
DPTR FM NORMAL: 4.8 DPTR FM NORMAL: -1.96 2 = FOG REDUCING VISIBILITY
HIGHEST: 110 ON 10 GRTST 24HR T ON 14-14 TO 1/4 MILE OR LESS
LOWEST: 75 ON 15, 1 3 = THUNDER
SNOW, ICE PELLETS, HAIL 4 = ICE PELLETS
TOTAL MONTH: 0.0 INCH 5 = HAIL
GRTST 24HR 0.0 6 = FREEZING RAIN OR DRIZZLE
GRTST DEPTH: 0 7 = DUSTSTORM OR SANDSTORM:
VSBY 1/2 MILE OR LESS
8 = SMOKE OR HAZE
[NO. OF DAYS WITH] [WEATHER - DAYS WITH] 9 = BLOWING SNOW
X = TORNADO
MAX 32 OR BELOW: 0 0.01 INCH OR MORE: 0
MAX 90 OR ABOVE: 31 0.10 INCH OR MORE: 0
MIN 32 OR BELOW: 0 0.50 INCH OR MORE: 0
MIN 0 OR BELOW: 0 1.00 INCH OR MORE: 0
[HDD (BASE 65) ]
TOTAL THIS MO. 0 CLEAR (SCALE 0-3) 28
DPTR FM NORMAL 0 PTCLDY (SCALE 4-7) 3
TOTAL FM JUL 1 0 CLOUDY (SCALE 8-10) 0
DPTR FM NORMAL 0
[CDD (BASE 65) ]
TOTAL THIS MO. 803
DPTR FM NORMAL 158 [PRESSURE DATA]
TOTAL FM JAN 1 2396 HIGHEST SLP 30.08 ON 31
DPTR FM NORMAL 561 LOWEST SLP 29.69 ON 11
[REMARKS]
#FINAL-07-22#