000
CXUS53 KABR 011100
CF6ATY
PRELIMINARY LOCAL CLIMATOLOGICAL DATA (WS FORM: F-6)
STATION: WATERTOWN SD
MONTH: OCTOBER
YEAR: 2021
LATITUDE: 44 55 N
LONGITUDE: 97 9 W
TEMPERATURE IN F: :PCPN: SNOW: WIND :SUNSHINE: SKY :PK WND
================================================================================
1 2 3 4 5 6A 6B 7 8 9 10 11 12 13 14 15 16 17 18
12Z AVG MX 2MIN
DY MAX MIN AVG DEP HDD CDD WTR SNW DPTH SPD SPD DIR MIN PSBL S-S WX SPD DR
================================================================================
1 69 59 64 11 1 0 1.35 0.0 0 5.0 13 360 M M 9 1 18 360
2 67 44 56 3 9 0 0.08 0.0 0 8.5 17 350 M M 7 1 22 350
3 73 40 57 5 8 0 0.00 0.0 0 2.6 10 360 M M 1 12 14 260
4 81 44 63 11 2 0 0.00 0.0 0 2.3 9 230 M M 0 12 200
5 78 50 64 13 1 0 0.00 0.0 0 8.9 16 170 M M 0 20 170
6 74 52 63 12 2 0 0.00 0.0 0 11.0 18 150 M M 2 28 140
7 73 54 64 14 1 0 0.00 0.0 0 9.6 18 170 M M 0 1 25 170
8 81 55 68 18 0 3 0.00 0.0 0 8.1 17 210 M M 1 23 220
9 70 51 61 12 4 0 2.23 0.0 0 7.8 28 320 M M 6 13 38 320
10 57 44 51 2 14 0 0.04 0.0 0 14.6 26 260 M M 8 1 39 270
11 69 38 54 6 11 0 0.00 0.0 0 7.6 15 20 M M 0 18 22 330
12 62 36 49 1 16 0 0.00 0.0 0 8.6 16 50 M M 1 22 60
13 63 42 53 6 12 0 0.78 0.0 0 21.5 39 200 M M 10 13 50 210
14 52 39 46 -1 19 0 0.00 0.0 0 15.7 29 250 M M 7 1 42 260
15 53 33 43 -3 22 0 0.00 0.0 0 11.6 25 270 M M 3 35 290
16 62 28 45 -1 20 0 0.00 0.0 0 8.0 18 250 M M 0 26 250
17 71 33 52 7 13 0 0.00 0.0 0 6.2 14 210 M M 0 18 200
18 75 45 60 15 5 0 0.00 0.0 0 12.2 28 190 M M 0 41 200
19 63 45 54 10 11 0 0.00 0.0 0 11.5 22 10 M M 3 29 20
20 46 37 42 -2 23 0 1.66 0.0 0 16.7 29 350 M M 10 1 36 360
21 47 30 39 -4 26 0 0.00 0.0 0 7.8 20 350 M M 3 24 350
22 49 32 41 -2 24 0 0.00 0.0 0 4.4 10 60 M M 5 14 70
23 48 29 39 -3 26 0 0.00 0.0 0 8.0 16 110 M M 3 26 110
24 44 38 41 -1 24 0 0.08 T 0 9.2 17 60 M M 10 29 110
25 50 34 42 1 23 0 0.00 0.0 0 9.3 18 150 M M 3 28 150
26 55 41 48 7 17 0 0.00 0.0 0 18.2 30 150 M M 6 45 150
27 50 45 48 8 17 0 1.41 0.0 0 7.6 16 330 M M 10 1 27 140
28 54 35 45 5 20 0 0.00 0.0 0 11.8 26 340 M M 1 36 350
29 58 31 45 6 20 0 0.00 0.0 0 4.2 12 160 M M 0 8 16 140
30 53 35 44 5 21 0 T 0.0 0 13.5 30 340 M M 2 40 330
31 43 28 36 -2 29 0 0.00 0.0 0 11.5 23 310 M M 3 33 320
================================================================================
SM 1890 1247 441 3 7.63 T 303.5 M 114
================================================================================
AV 61.0 40.2 9.8 FASTST M M 4 MAX(MPH)
MISC ----> 39 200 50 210
================================================================================
NOTES:
# LAST OF SEVERAL OCCURRENCES
COLUMN 17 PEAK WIND IN M.P.H.
PRELIMINARY LOCAL CLIMATOLOGICAL DATA (WS FORM: F-6) , PAGE 2
STATION: WATERTOWN SD
MONTH: OCTOBER
YEAR: 2021
LATITUDE: 44 55 N
LONGITUDE: 97 9 W
[TEMPERATURE DATA] [PRECIPITATION DATA] SYMBOLS USED IN COLUMN 16
AVERAGE MONTHLY: 50.6 TOTAL FOR MONTH: 7.63 1 = FOG OR MIST
DPTR FM NORMAL: 4.9 DPTR FM NORMAL: 5.68 2 = FOG REDUCING VISIBILITY
HIGHEST: 81 ON 8, 4 GRTST 24HR 2.27 ON 9-10 TO 1/4 MILE OR LESS
LOWEST: 28 ON 31,16 3 = THUNDER
SNOW, ICE PELLETS, HAIL 4 = ICE PELLETS
TOTAL MONTH: T 5 = HAIL
GRTST 24HR T ON 24-24 6 = FREEZING RAIN OR DRIZZLE
GRTST DEPTH: 0 7 = DUSTSTORM OR SANDSTORM:
VSBY 1/2 MILE OR LESS
8 = SMOKE OR HAZE
[NO. OF DAYS WITH] [WEATHER - DAYS WITH] 9 = BLOWING SNOW
X = TORNADO
MAX 32 OR BELOW: 0 0.01 INCH OR MORE: 8
MAX 90 OR ABOVE: 0 0.10 INCH OR MORE: 5
MIN 32 OR BELOW: 6 0.50 INCH OR MORE: 5
MIN 0 OR BELOW: 0 1.00 INCH OR MORE: 4
[HDD (BASE 65) ]
TOTAL THIS MO. 441 CLEAR (SCALE 0-3) 20
DPTR FM NORMAL -160 PTCLDY (SCALE 4-7) 6
TOTAL FM JUL 1 539 CLOUDY (SCALE 8-10) 5
DPTR FM NORMAL -302
[CDD (BASE 65) ]
TOTAL THIS MO. 3
DPTR FM NORMAL 0 [PRESSURE DATA]
TOTAL FM JAN 1 746 HIGHEST SLP 30.32 ON 31
DPTR FM NORMAL 226 LOWEST SLP 29.24 ON 13
[REMARKS]
#FINAL-10-21#