000
CXUS55 KABR 012241
CF6ATY
PRELIMINARY LOCAL CLIMATOLOGICAL DATA (WS FORM: F-6)
STATION: WATERTOWN SD
MONTH: SEPTEMBER
YEAR: 2021
LATITUDE: 44 55 N
LONGITUDE: 97 9 W
TEMPERATURE IN F: :PCPN: SNOW: WIND :SUNSHINE: SKY :PK WND
================================================================================
1 2 3 4 5 6A 6B 7 8 9 10 11 12 13 14 15 16 17 18
12Z AVG MX 2MIN
DY MAX MIN AVG DEP HDD CDD WTR SNW DPTH SPD SPD DIR MIN PSBL S-S WX SPD DR
================================================================================
1 77 59 68 3 0 3 0.00 0.0 0 11.3 22 160 M M 1 32 150
2 67 61 64 -1 1 0 1.57 0.0 0 12.0 24 150 M M 10 13 35 140
3 69 55 62 -3 3 0 0.05 0.0 0 7.3 16 350 M M 8 1 21 350
4 74 53 64 0 1 0 0.00 0.0 0 6.9 17 280 M M 2 22 270
5 77 54 66 2 0 1 0.00 0.0 0 7.2 16 330 M M 0 23 300
6 85 52 69 5 0 4 0.00 0.0 0 8.7 20 170 M M 0 26 190
7 75 53 64 0 1 0 0.00 0.0 0 13.3 24 300 M M 0 36 330
8 73 49 61 -2 4 0 0.00 0.0 0 9.0 21 330 M M 1 28 320
9 76 46 61 -2 4 0 0.00 0.0 0 5.4 13 160 M M 0 18 170
10 82 54 68 6 0 3 0.00 0.0 0 7.3 13 160 M M 0 18 160
11 73 55 64 2 1 0 0.00 0.0 0 10.3 20 50 M M 1 29 50
12 71 48 60 -2 5 0 0.00 0.0 0 4.6 14 20 M M 0 18 30
13 65 51 58 -3 7 0 0.69 0.0 0 6.4 18 340 M M 5 1 25 340
14 72 48 60 -1 5 0 0.00 0.0 0 7.5 18 330 M M 5 23 320
15 76 46 61 0 4 0 T 0.0 0 11.6 29 180 M M 2 42 170
16 87 55 71 11 0 6 0.21 0.0 0 14.8 31 200 M M 1 13 41 200
17 68 49 59 -1 6 0 0.10 0.0 0 6.1 16 330 M M 2 22 320
18 81 47 64 5 1 0 0.00 0.0 0 15.2 28 170 M M 2 41 170
19 85 70 78 19 0 13 0.00 0.0 0 18.5 30 190 M M 0 44 200
20 74 48 61 3 4 0 0.26 0.0 0 12.9 24 350 M M 7 1 33 360
21 64 44 54 -4 11 0 0.00 0.0 0 8.5 16 350 M M 0 21 330
22 71 39 55 -3 10 0 0.00 0.0 0 9.0 18 160 M M 0 24 160
23 75 46 61 4 4 0 0.00 0.0 0 8.6 24 170 M M 0 35 170
24 64 42 53 -4 12 0 0.01 0.0 0 13.1 28 360 M M 3 39 360
25 73 35 54 -2 11 0 0.00 0.0 0 6.6 16 260 M M 0 23 250
26 89 49 69 13 0 4 0.00 0.0 0 5.8 10 10 M M 0 13 170
27 81 50 66 11 0 1 0.00 0.0 0 6.3 12 150 M M 0 17 90
28 87 56 72 17 0 7 0.00 0.0 0 12.2 21 160 M M 0 29 150
29 79 62 71 17 0 6 0.12 0.0 0 9.0 21 160 M M 2 13 28 180
30 72 58 65 11 0 0 T 0.0 0 4.0 12 10 M M 6 1 14 20
================================================================================
SM 2262 1534 95 48 3.01 0.0 279.4 M 58
================================================================================
AV 75.4 51.1 9.3 FASTST M M 2 MAX(MPH)
MISC ----> 31 200 44 200
================================================================================
NOTES:
# LAST OF SEVERAL OCCURRENCES
COLUMN 17 PEAK WIND IN M.P.H.
PRELIMINARY LOCAL CLIMATOLOGICAL DATA (WS FORM: F-6) , PAGE 2
STATION: WATERTOWN SD
MONTH: SEPTEMBER
YEAR: 2021
LATITUDE: 44 55 N
LONGITUDE: 97 9 W
[TEMPERATURE DATA] [PRECIPITATION DATA] SYMBOLS USED IN COLUMN 16
AVERAGE MONTHLY: 63.3 TOTAL FOR MONTH: 3.01 1 = FOG OR MIST
DPTR FM NORMAL: 3.2 DPTR FM NORMAL: 0.56 2 = FOG REDUCING VISIBILITY
HIGHEST: 89 ON 26 GRTST 24HR 1.62 ON 2- 3 TO 1/4 MILE OR LESS
LOWEST: 35 ON 25 3 = THUNDER
SNOW, ICE PELLETS, HAIL 4 = ICE PELLETS
TOTAL MONTH: 0.0 INCH 5 = HAIL
GRTST 24HR 0.0 6 = FREEZING RAIN OR DRIZZLE
GRTST DEPTH: 0 7 = DUSTSTORM OR SANDSTORM:
VSBY 1/2 MILE OR LESS
8 = SMOKE OR HAZE
[NO. OF DAYS WITH] [WEATHER - DAYS WITH] 9 = BLOWING SNOW
X = TORNADO
MAX 32 OR BELOW: 0 0.01 INCH OR MORE: 8
MAX 90 OR ABOVE: 0 0.10 INCH OR MORE: 6
MIN 32 OR BELOW: 0 0.50 INCH OR MORE: 2
MIN 0 OR BELOW: 0 1.00 INCH OR MORE: 1
[HDD (BASE 65) ]
TOTAL THIS MO. 95 CLEAR (SCALE 0-3) 24
DPTR FM NORMAL -98 PTCLDY (SCALE 4-7) 5
TOTAL FM JUL 1 98 CLOUDY (SCALE 8-10) 1
DPTR FM NORMAL -148
[CDD (BASE 65) ]
TOTAL THIS MO. 48
DPTR FM NORMAL 2 [PRESSURE DATA]
TOTAL FM JAN 1 743 HIGHEST SLP M ON M
DPTR FM NORMAL 226 LOWEST SLP 29.55 ON 19
[REMARKS]
#FINAL-09-21#