000
CXUS54 KBMX 011010
CF6AUO
PRELIMINARY LOCAL CLIMATOLOGICAL DATA (WS FORM: F-6)
STATION: AUBURN AWOS
MONTH: AUGUST
YEAR: 2021
LATITUDE: 32 34 N
LONGITUDE: 85 30 W
TEMPERATURE IN F: :PCPN: SNOW: WIND :SUNSHINE: SKY :PK WND
================================================================================
1 2 3 4 5 6A 6B 7 8 9 10 11 12 13 14 15 16 17 18
12Z AVG MX 2MIN
DY MAX MIN AVG DEP HDD CDD WTR SNW DPTH SPD SPD DIR MIN PSBL S-S WX SPD DR
================================================================================
1 92 73 83 M 0 18 0.01 0.0 0 5.3 10 270 M M 4 13 M M
2 88 70 79 M 0 14 0.85 0.0 M 3.9 10 330 M M 5 13 M M
3 86 69 78 M 0 13 M 0.0 M 4.7 9 350 M M 5 M M
4 86 68 77 M 0 12 M 0.0 M 4.4 9 70 M M 5 1 M M
5 87 70 79 M 0 14 M 0.0 M 5.9 10 70 M M 3 M M
6 88 69 79 M 0 14 M 0.0 0 4.5 13 60 M M 1 16 40
7 87 71 79 M 0 14 1.52 0.0 0 3.8 21 80 M M 5 1 37 80
8 89 70 80 M 0 15 0.00 0.0 0 2.3 8 190 M M 1 M M
9 89 72 81 M 0 16 0.01 0.0 M 3.0 10 210 M M 1 3 M M
10 89 72 81 M 0 16 0.02 0.0 0 2.5 8 260 M M 1 38 M M
11 89 70 80 M 0 15 T 0.0 0 4.1 12 320 M M 2 3 M M
12 91 71 81 M 0 16 0.10 0.0 0 5.0 25 200 M M 2 3 37 200
13 91 70 81 M 0 16 M 0.0 0 2.8 9 170 M M 1 1 M M
14 92 73 83 M 0 18 M 0.0 M 4.0 12 160 M M 2 16 150
15 86 72 79 M 0 14 T 0.0 M 4.4 9 150 M M 2 8 M M
16 82 71 77 M 0 12 1.07 0.0 M 8.1 22 120 M M 5 1 30 90
17 85 72 79 M 0 14 1.04 0.0 0 7.2 16 40 M M 8 1 23 40
18 91 73 82 M 0 17 M 0.0 M 3.1 10 180 M M 2 M M
19 90 75 83 M 0 18 T 0.0 M 4.3 10 350 M M 2 M M
20 87 73 80 M 0 15 0.03 0.0 0 4.9 14 310 M M 5 18 270
21 86 72 79 M 0 14 0.33 0.0 0 5.3 14 200 M M 5 13 27 200
22 89 72 81 M 0 16 T 0.0 0 7.0 12 280 M M 7 17 250
23 92 74 83 M 0 18 0.00 0.0 0 4.7 9 330 M M 2 M M
24 92 74 83 M 0 18 0.06 0.0 0 3.8 12 70 M M 2 13 20 70
25 90 71 81 M 0 16 0.95 0.0 0 4.8 24 90 M M 2 13 35 90
26 89 70 80 M 0 15 0.01 0.0 0 4.8 8 150 M M 4 1 M M
27 88 72 80 M 0 15 M 0.0 0 5.7 9 140 M M 3 M M
28 84 73 79 M 0 14 0.24 0.0 0 8.0 17 110 M M 6 1 28 110
29 86 73 80 M 0 15 1.01 0.0 0 6.3 17 200 M M 6 13 20 110
30 81 72 77 M 0 12 0.25 0.0 0 7.3 16 190 M M 4 13 39 220
31 80 72 76 M 0 11 1.64 0.0 0 13.4 24 160 M M 10 1 33 150
================================================================================
SM 2722 2219 0 465 9.14 0.0 159.3 M 113
================================================================================
AV 87.8 71.6 5.1 FASTST M M 4 MAX(MPH)
MISC ----> 25 200 39 220
================================================================================
NOTES:
# LAST OF SEVERAL OCCURRENCES
COLUMN 17 PEAK WIND IN M.P.H.
PRELIMINARY LOCAL CLIMATOLOGICAL DATA (WS FORM: F-6) , PAGE 2
STATION: AUBURN AWOS
MONTH: AUGUST
YEAR: 2021
LATITUDE: 32 34 N
LONGITUDE: 85 30 W
[TEMPERATURE DATA] [PRECIPITATION DATA] SYMBOLS USED IN COLUMN 16
AVERAGE MONTHLY: 79.7 TOTAL FOR MONTH: 9.14 1 = FOG OR MIST
DPTR FM NORMAL: 0.0 DPTR FM NORMAL: M 2 = FOG REDUCING VISIBILITY
HIGHEST: 92 ON 24,23 GRTST 24HR 1.64 ON 31-31 TO 1/4 MILE OR LESS
LOWEST: 68 ON 4 3 = THUNDER
SNOW, ICE PELLETS, HAIL 4 = ICE PELLETS
TOTAL MONTH: 0.0 INCH 5 = HAIL
GRTST 24HR 0.0 6 = FREEZING RAIN OR DRIZZLE
GRTST DEPTH: 0 7 = DUSTSTORM OR SANDSTORM:
VSBY 1/2 MILE OR LESS
8 = SMOKE OR HAZE
[NO. OF DAYS WITH] [WEATHER - DAYS WITH] 9 = BLOWING SNOW
X = TORNADO
MAX 32 OR BELOW: 0 0.01 INCH OR MORE: 17
MAX 90 OR ABOVE: 9 0.10 INCH OR MORE: 11
MIN 32 OR BELOW: 0 0.50 INCH OR MORE: 7
MIN 0 OR BELOW: 0 1.00 INCH OR MORE: 5
[HDD (BASE 65) ]
TOTAL THIS MO. 0 CLEAR (SCALE 0-3) 16
DPTR FM NORMAL M PTCLDY (SCALE 4-7) 14
TOTAL FM JUL 1 0 CLOUDY (SCALE 8-10) 1
DPTR FM NORMAL M
[CDD (BASE 65) ]
TOTAL THIS MO. 465
DPTR FM NORMAL M [PRESSURE DATA]
TOTAL FM JAN 1 1512 HIGHEST SLP M ON M
DPTR FM NORMAL M LOWEST SLP M ON M
[REMARKS]
#FINAL-08-21#