000
CXUS53 KGRB 091544
CF6AUW
PRELIMINARY LOCAL CLIMATOLOGICAL DATA (WS FORM: F-6)
STATION: WAUSAU WI
MONTH: MARCH
YEAR: 2024
LATITUDE: 44 55 N
LONGITUDE: 89 37 W
TEMPERATURE IN F: :PCPN: SNOW: WIND :SUNSHINE: SKY :PK WND
================================================================================
1 2 3 4 5 6A 6B 7 8 9 10 11 12 13 14 15 16 17 18
12Z AVG MX 2MIN
DY MAX MIN AVG DEP HDD CDD WTR SNW DPTH SPD SPD DIR MIN PSBL S-S WX SPD DR
================================================================================
1 52 24 38 14 27 0 0.00 0.0 0 12.0 26 180 M M 0 40 180
2 59 28 44 20 21 0 0.00 0.0 0 6.8 14 120 M M 0 20 130
3 63 38 51 26 14 0 0.36 0.0 0 12.1 28 270 M M 5 138 40 260
4 45 28 37 12 28 0 0.42 0.4 0 5.9 18 310 M M 6 1 25 320
5 51 27 39 13 26 0 0.00 0.0 0 5.5 12 40 M M 0 17 340
6 50 21 36 10 29 0 0.00 0.0 0 5.6 16 80 M M 0 26 60
7 53 31 42 16 23 0 0.00 0.0 0 7.3 13 130 M M 4 18 160
8 47 30 39 12 26 0 0.00 0.0 0 6.8 15 310 M M 7 21 330
9 39 24 32 5 33 0 0.00 0.0 0 11.2 24 300 M M 2 34 300
10 45 22 34 6 31 0 0.00 0.0 0 6.9 14 290 M M 0 21 310
11 59 23 41 13 24 0 0.00 0.0 0 4.8 13 280 M M 0 17 280
12 68 32 50 22 15 0 0.00 0.0 0 7.0 20 270 M M 0 26 260
13 66 29 48 19 17 0 0.00 0.0 0 2.4 13 50 M M 0 16 60
14 53 35 44 15 21 0 0.00 0.0 0 8.9 14 10 M M 1 21 20
15 51 28 40 10 25 0 0.00 0.0 0 6.5 17 270 M M M 25 260
16 48 30 39 9 26 0 0.00 0.0 0 17.0 30 290 M M 10 40 280
17 30 21 26 -5 39 0 T T 0 13.3 22 300 M M 10 1 32 310
18 34 21 28 -3 37 0 0.00 0.0 0 10.0 18 270 M M 7 25 250
19 47 28 38 7 27 0 0.00 0.0 0 13.5 25 280 M M 6 39 280
20 30 17 24 -8 41 0 0.00 0.0 0 11.5 23 310 M M 4 34 320
21 35 16 26 -6 39 0 0.00 0.0 0 2.6 14 130 M M 5 18 18 130
22 30 20 25 -8 40 0 0.20 3.5 2 4.0 13 330 M M 9 18 18 320
23 32 13 23 -10 42 0 0.00 0.0 T 3.5 10 320 M M 2 15 320
24 32 23 28 -6 37 0 0.64 9.2 9 10.6 18 100 M M 10 128 30 100
25 42 32 37 3 28 0 0.63 1.8 6 9.8 17 90 M M 10 1 25 100
26 55 22 39 5 26 0 0.51 0.3 1 13.9 24 270 M M 10 128 35 190
27 29 19 24 -11 41 0 T T 1 15.0 23 260 M M 9 32 250
28 37 20 29 -6 36 0 0.00 0.0 0 11.4 23 250 M M 0 30 250
29 51 20 36 0 29 0 0.00 0.0 0 5.8 14 90 M M 1 19 90
30 42 33 38 2 27 0 0.03 0.0 0 6.2 14 340 M M 10 1 19 350
31 47 28 38 2 27 0 0.00 0.0 0 3.5 10 260 M M 4 14 270
================================================================================
SM 1422 783 902 0 2.79 15.2 261.3 M 132
================================================================================
AV 45.9 25.3 8.4 FASTST M M 4 MAX(MPH)
MISC ----> 30 290 # 40 180
================================================================================
NOTES:
# LAST OF SEVERAL OCCURRENCES
COLUMN 17 PEAK WIND IN M.P.H.
PRELIMINARY LOCAL CLIMATOLOGICAL DATA (WS FORM: F-6) , PAGE 2
STATION: WAUSAU WI
MONTH: MARCH
YEAR: 2024
LATITUDE: 44 55 N
LONGITUDE: 89 37 W
[TEMPERATURE DATA] [PRECIPITATION DATA] SYMBOLS USED IN COLUMN 16
AVERAGE MONTHLY: 35.6 TOTAL FOR MONTH: 2.79 1 = FOG OR MIST
DPTR FM NORMAL: 5.5 DPTR FM NORMAL: 0.96 2 = FOG REDUCING VISIBILITY
HIGHEST: 68 ON 12 GRTST 24HR 1.10 ON 25-26 TO 1/4 MILE OR LESS
LOWEST: 13 ON 23 3 = THUNDER
SNOW, ICE PELLETS, HAIL 4 = ICE PELLETS
TOTAL MONTH: 15.2 INCHES 5 = HAIL
GRTST 24HR 9.2 ON 24-24 6 = FREEZING RAIN OR DRIZZLE
GRTST DEPTH: 9 ON 24 7 = DUSTSTORM OR SANDSTORM:
VSBY 1/2 MILE OR LESS
8 = SMOKE OR HAZE
[NO. OF DAYS WITH] [WEATHER - DAYS WITH] 9 = BLOWING SNOW
X = TORNADO
MAX 32 OR BELOW: 6 0.01 INCH OR MORE: 7
MAX 90 OR ABOVE: 0 0.10 INCH OR MORE: 6
MIN 32 OR BELOW: 28 0.50 INCH OR MORE: 3
MIN 0 OR BELOW: 0 1.00 INCH OR MORE: 0
[HDD (BASE 65) ]
TOTAL THIS MO. 902 CLEAR (SCALE 0-3) 13
DPTR FM NORMAL -180 PTCLDY (SCALE 4-7) 9
TOTAL FM JUL 1 5737 CLOUDY (SCALE 8-10) 9
DPTR FM NORMAL -1395
[CDD (BASE 65) ]
TOTAL THIS MO. 0
DPTR FM NORMAL 0 [PRESSURE DATA]
TOTAL FM JAN 1 0 HIGHEST SLP 30.40 ON 23
DPTR FM NORMAL 0 LOWEST SLP 29.22 ON 26
[REMARKS]
#FINAL-03-24#