000
CXUS53 KGRB 020511
CLAAUW
CLIMATE REPORT
NATIONAL WEATHER SERVICE GREEN BAY
1111 PM CST FRI JAN 01 2021
...................................
...THE WAUSAU WI CLIMATE SUMMARY FOR THE YEAR OF 2020...
CLIMATE NORMAL PERIOD: 1981 TO 2010
CLIMATE RECORD PERIOD: 1896 TO 2020
WEATHER OBSERVED NORMAL DEPART LAST YEAR`S
VALUE DATE(S) VALUE FROM VALUE DATE(S)
NORMAL
................................................................
TEMPERATURE (F)
RECORD
HIGH 107 07/13/1936
LOW -40 01/30/1951
02/10/1899
HIGHEST 91 06/02 90 07/19
LOWEST -20 02/14 -27 01/31
01/30
AVG. MAXIMUM 50.9 53.2 -2.3 50.3
AVG. MINIMUM 34.0 33.8 0.2 32.9
MEAN 42.4 43.5 -1.1 41.6
DAYS MAX >= 90 5 4.0 1.0 1
DAYS MAX <= 32 75 77.8 -2.8 91
DAYS MIN <= 32 182 163.7 18.3 173
DAYS MIN <= 0 12 26.3 -14.3 33
PRECIPITATION (INCHES)
RECORD
MAXIMUM 48.72 1938
MINIMUM 21.43 1976
TOTALS 35.00 32.41 2.58 48.15
DAILY AVG. 0.10
DAYS >= .01 115 129.1 -14.1 141
DAYS >= .10 66 69.0 -3.0 83
DAYS >= .50 23 19.1 3.9 31
DAYS >= 1.00 7 6.2 0.8 16
SNOWFALL (INCHES)
RECORDS
TOTAL 115.2 2019
TOTALS 50.4 59.6 -9.2 115.2
SINCE 7/1 12.1 22.2 -10.1 32.4
SNOWDEPTH AVG. 3
DAYS >= TRACE 71 43.5 27.5 76
DAYS >= 1.0 19 18.7 0.3 25
GREATEST
SNOW DEPTH 21 02/21 28 02/24
02/20
02/19
24 HR TOTAL 5.8
DEGREE DAYS
HEATING TOTAL 7923 8249 -326 8744
SINCE 7/1 3105 3287 -182 3276
COOLING TOTAL 520 407 113 363
SINCE 1/1 520 407 113 363
FREEZE DATES
RECORD
EARLIEST 08/30/1915
LATEST 06/12/1903
EARLIEST 10/04
LATEST 05/13
................................................................
WIND (MPH)
AVERAGE WIND SPEED 7.7
HIGHEST WIND SPEED/DIRECTION 35/290 DATE 07/06
HIGHEST GUST SPEED/DIRECTION 55/240 DATE 07/19
SKY COVER
POSSIBLE SUNSHINE (PERCENT) MM
AVERAGE SKY COVER 0.44
NUMBER OF DAYS FAIR 153
NUMBER OF DAYS PC 103
NUMBER OF DAYS CLOUDY 78
AVERAGE RH (PERCENT) 71
WEATHER CONDITIONS. NUMBER OF DAYS WITH
THUNDERSTORM 25 MIXED PRECIP 0
HEAVY RAIN 29 RAIN 35
LIGHT RAIN 86 FREEZING RAIN 1
LT FREEZING RAIN 1 HAIL 0
HEAVY SNOW 3 SNOW 12
LIGHT SNOW 71 SLEET 2
FOG 158 FOG W/VIS <= 1/4 MILE 13
HAZE 54
- INDICATES NEGATIVE NUMBERS.
R INDICATES RECORD WAS SET OR TIED.
MM INDICATES DATA IS MISSING.
T INDICATES TRACE AMOUNT.
$$