000
CXUS52 KGSP 011306
CF6AVL
PRELIMINARY LOCAL CLIMATOLOGICAL DATA (WS FORM: F-6)
STATION: ASHEVILLE NC
MONTH: MAY
YEAR: 2022
LATITUDE: 35 25 N
LONGITUDE: 82 33 W
TEMPERATURE IN F: :PCPN: SNOW: WIND :SUNSHINE: SKY :PK WND
================================================================================
1 2 3 4 5 6A 6B 7 8 9 10 11 12 13 14 15 16 17 18
12Z AVG MX 2MIN
DY MAX MIN AVG DEP HDD CDD WTR SNW DPTH SPD SPD DIR MIN PSBL S-S WX SPD DR
================================================================================
1 76 58 67 6 0 2 T 0.0 0 8.0 16 190 M M 4 3 24 180
2 82 53 68 6 0 3 0.00 0.0 0 4.4 17 330 M M 1 13 21 340
3 84 51 68 6 0 3 T 0.0 0 7.5 23 190 M M 0 38 30 220
4 81 59 70 8 0 5 0.03 0.0 0 7.0 18 330 M M 2 1 22 330
5 80 53 67 5 0 2 0.00 0.0 0 4.7 13 180 M M 1 8 17 150
6 72 53 63 1 2 0 1.08 0.0 0 6.3 30 200 M M 8 1238 39 250
7 65 53 59 -4 6 0 0.00 0.0 0 9.8 20 340 M M 7 28 340
8 60 48 54 -9 11 0 0.12 0.0 0 4.1 14 330 M M 10 1 17 330
9 70 47 59 -4 6 0 0.00 0.0 0 3.3 10 160 M M 5 15 170
10 81 43 62 -1 3 0 0.00 0.0 0 3.5 16 340 M M 0 24 330
11 81 47 64 0 1 0 0.00 0.0 0 4.4 22 340 M M 0 27 340
12 77 50 64 0 1 0 0.01 0.0 0 3.8 13 120 M M 3 21 130
13 73 58 66 2 0 1 0.02 0.0 0 3.4 12 120 M M 8 1 18 120
14 74 58 66 2 0 1 0.35 0.0 0 3.6 12 180 M M 7 13 16 120
15 74 56 65 1 0 0 T 0.0 0 4.0 12 180 M M 7 123 15 320
16 80 57 69 4 0 4 T 0.0 0 7.9 22 330 M M 5 12 28 340
17 78 50 64 -1 1 0 0.00 0.0 0 7.1 20 330 M M 0 26 330
18 81 49 65 0 0 0 0.00 0.0 0 6.2 20 190 M M 0 26 200
19 89 58 74 9 0 9 T 0.0 0 4.3 20 310 M M 0 3 25 330
20 87 59 73 7 0 8 0.00 0.0 0 6.2 22 180 M M 0 1 29 200
21 85 61 73 7 0 8 0.03 0.0 0 3.3 17 160 M M 2 3 22 160
22 84 63 74 8 0 9 1.39 0.0 0 5.2 20 320 M M 4 123 27 330
23 66 63 65 -1 0 0 2.10 0.0 0 4.9 13 190 M M 10 1 19 160
24 80 59 70 3 0 5 0.33 0.0 0 4.9 15 160 M M 4 1 20 170
25 64 59 62 -5 3 0 T 0.0 0 7.4 13 170 M M 10 17 170
26 68 61 65 -2 0 0 1.74 0.0 0 7.8 16 160 M M 10 13 22 120
27 74 59 67 0 0 2 0.12 0.0 0 7.4 18 210 M M 6 1 25 220
28 75 56 66 -2 0 1 0.00 0.0 0 7.4 18 340 M M 3 24 350
29 78 55 67 -1 0 2 0.00 0.0 0 3.0 14 150 M M 2 12 20 160
30 81 59 70 2 0 5 0.00 0.0 0 3.9 15 170 M M 4 19 170
31 85 60 73 5 0 8 0.00 0.0 0 3.3 13 180 M M 2 14 190
================================================================================
SM 2385 1715 34 78 7.32 0.0 168.0 M 125
================================================================================
AV 76.9 55.3 5.4 FASTST M M 4 MAX(MPH)
MISC ----> 30 200 39 250
================================================================================
NOTES:
# LAST OF SEVERAL OCCURRENCES
COLUMN 17 PEAK WIND IN M.P.H.
PRELIMINARY LOCAL CLIMATOLOGICAL DATA (WS FORM: F-6) , PAGE 2
STATION: ASHEVILLE NC
MONTH: MAY
YEAR: 2022
LATITUDE: 35 25 N
LONGITUDE: 82 33 W
[TEMPERATURE DATA] [PRECIPITATION DATA] SYMBOLS USED IN COLUMN 16
AVERAGE MONTHLY: 66.1 TOTAL FOR MONTH: 7.32 1 = FOG OR MIST
DPTR FM NORMAL: 1.3 DPTR FM NORMAL: 3.19 2 = FOG REDUCING VISIBILITY
HIGHEST: 89 ON 19 GRTST 24HR 2.73 ON 22-23 TO 1/4 MILE OR LESS
LOWEST: 43 ON 10 3 = THUNDER
SNOW, ICE PELLETS, HAIL 4 = ICE PELLETS
TOTAL MONTH: 0.0 INCH 5 = HAIL
GRTST 24HR 0.0 6 = FREEZING RAIN OR DRIZZLE
GRTST DEPTH: 0 7 = DUSTSTORM OR SANDSTORM:
VSBY 1/2 MILE OR LESS
8 = SMOKE OR HAZE
[NO. OF DAYS WITH] [WEATHER - DAYS WITH] 9 = BLOWING SNOW
X = TORNADO
MAX 32 OR BELOW: 0 0.01 INCH OR MORE: 12
MAX 90 OR ABOVE: 0 0.10 INCH OR MORE: 8
MIN 32 OR BELOW: 0 0.50 INCH OR MORE: 4
MIN 0 OR BELOW: 0 1.00 INCH OR MORE: 4
[HDD (BASE 65) ]
TOTAL THIS MO. 34 CLEAR (SCALE 0-3) 15
DPTR FM NORMAL -50 PTCLDY (SCALE 4-7) 12
TOTAL FM JUL 1 3577 CLOUDY (SCALE 8-10) 4
DPTR FM NORMAL -256
[CDD (BASE 65) ]
TOTAL THIS MO. 78
DPTR FM NORMAL 2 [PRESSURE DATA]
TOTAL FM JAN 1 78 HIGHEST SLP 30.31 ON 10
DPTR FM NORMAL -13 LOWEST SLP 29.51 ON 6
[REMARKS]
#FINAL-05-22#