000
CXUS53 KGRR 010910
CF6AZO
PRELIMINARY LOCAL CLIMATOLOGICAL DATA (WS FORM: F-6)
STATION: KALAMAZOO
MONTH: AUGUST
YEAR: 2022
LATITUDE: 42 13 N
LONGITUDE: 85 33 W
TEMPERATURE IN F: :PCPN: SNOW: WIND :SUNSHINE: SKY :PK WND
================================================================================
1 2 3 4 5 6A 6B 7 8 9 10 11 12 13 14 15 16 17 18
12Z AVG MX 2MIN
DY MAX MIN AVG DEP HDD CDD WTR SNW DPTH SPD SPD DIR MIN PSBL S-S WX SPD DR
================================================================================
1 86 68 77 5 0 12 0.00 M M 10.4 22 300 M M 6 18 30 320
2 88 65 77 5 0 12 0.00 M M 4.4 12 210 M M 1 17 250
3 95 71 83 11 0 18 0.45 M M 12.1 38 300 M M 2 13 53 300
4 86 72 79 7 0 14 0.25 M M 5.2 12 230 M M 7 13 18 230
5 89 70 80 8 0 15 0.03 M M 1.4 12 180 M M 7 128 16 180
6 91 72 82 10 0 17 0.00 M M 6.5 15 190 M M 2 1 19 190
7 88 74 81 9 0 16 0.78 M M 6.6 21 280 M M 5 1238 33 280
8 87 68 78 6 0 13 0.17 M M 9.3 18 270 M M 9 138 26 270
9 80 61 71 -1 0 6 0.00 M M 4.1 13 360 M M 5 18 360
10 83 57 70 -2 0 5 0.00 M M 3.5 14 330 M M 1 1 18 330
11 81 60 71 -1 0 6 0.00 M M 6.3 15 360 M M 4 20 20
12 79 54 67 -4 0 2 0.00 M M 2.1 9 340 M M 0 14 20
13 67 56 62 -9 3 0 0.64 M M 2.7 15 20 M M 7 138 23 30
14 69 59 64 -7 1 0 0.28 M M 4.2 9 100 M M 10 1 18 100
15 81 61 71 0 0 6 0.00 M M 5.1 12 360 M M 4 19 60
16 84 58 71 0 0 6 0.00 M M 3.7 14 50 M M 1 22 70
17 84 58 71 0 0 6 0.00 M M 3.9 12 330 M M 1 1 16 340
18 82 60 71 0 0 6 0.00 M M 3.7 14 270 M M 0 1 18 270
19 85 61 73 2 0 8 0.00 M M 5.5 14 190 M M 3 19 200
20 83 66 75 5 0 10 0.97 M M 4.4 16 170 M M 4 13 22 170
21 82 64 73 3 0 8 0.18 M M 4.6 14 320 M M 7 1 17 310
22 83 59 71 1 0 6 0.00 M M 6.0 17 310 M M 4 12 23 310
23 83 57 70 0 0 5 0.00 M M 4.6 13 320 M M 1 19 350
24 85 60 73 3 0 8 0.00 M M 2.3 10 340 M M 1 12 15 200
25 82 63 73 3 0 8 T M M 5.5 20 190 M M 5 1 24 190
26 80 62 71 2 0 6 0.00 M M 6.2 14 340 M M 5 18 330
27 82 57 70 1 0 5 0.00 M M 3.3 10 180 M M 2 1 16 120
28 89 61 75 6 0 10 0.03 M M 7.2 26 210 M M 2 1 39 230
29 88 70 79 10 0 14 0.49 M M 11.4 37 290 M M 6 13 53 290
30 M M M M M M M M M M M M M M M M M
31 82 60 71 3 0 6 0.00 M M 9.2 21 300 M M 0 30 290
================================================================================
SM 2504 1884 4 254 4.27 M 165.4 M 112
================================================================================
AV 83.5 62.8 5.5 FASTST M M 4 MAX(MPH)
MISC ----> 38 300 # 53 300
================================================================================
NOTES:
# LAST OF SEVERAL OCCURRENCES
COLUMN 17 PEAK WIND IN M.P.H.
PRELIMINARY LOCAL CLIMATOLOGICAL DATA (WS FORM: F-6) , PAGE 2
STATION: KALAMAZOO
MONTH: AUGUST
YEAR: 2022
LATITUDE: 42 13 N
LONGITUDE: 85 33 W
[TEMPERATURE DATA] [PRECIPITATION DATA] SYMBOLS USED IN COLUMN 16
AVERAGE MONTHLY: 73.1 TOTAL FOR MONTH: 4.27 1 = FOG OR MIST
DPTR FM NORMAL: 2.3 DPTR FM NORMAL: 0.61 2 = FOG REDUCING VISIBILITY
HIGHEST: 95 ON 3 GRTST 24HR 1.15 ON 20-21 TO 1/4 MILE OR LESS
LOWEST: 54 ON 12 3 = THUNDER
SNOW, ICE PELLETS, HAIL 4 = ICE PELLETS
TOTAL MONTH: M 5 = HAIL
GRTST 24HR M ON M 6 = FREEZING RAIN OR DRIZZLE
GRTST DEPTH: M ON M 7 = DUSTSTORM OR SANDSTORM:
VSBY 1/2 MILE OR LESS
8 = SMOKE OR HAZE
[NO. OF DAYS WITH] [WEATHER - DAYS WITH] 9 = BLOWING SNOW
X = TORNADO
MAX 32 OR BELOW: 0 0.01 INCH OR MORE: 11
MAX 90 OR ABOVE: 2 0.10 INCH OR MORE: 9
MIN 32 OR BELOW: 0 0.50 INCH OR MORE: 3
MIN 0 OR BELOW: 0 1.00 INCH OR MORE: 0
[HDD (BASE 65) ]
TOTAL THIS MO. 4 CLEAR (SCALE 0-3) 14
DPTR FM NORMAL -8 PTCLDY (SCALE 4-7) 14
TOTAL FM JUL 1 4 CLOUDY (SCALE 8-10) 3
DPTR FM NORMAL -8
[CDD (BASE 65) ]
TOTAL THIS MO. 254
DPTR FM NORMAL 64 [PRESSURE DATA]
TOTAL FM JAN 1 842 HIGHEST SLP 30.28 ON 12
DPTR FM NORMAL 210 LOWEST SLP 29.74 ON 3
[REMARKS]
#FINAL-08-22#