000
CXUS55 KLBF 011410
CF6BBW
PRELIMINARY LOCAL CLIMATOLOGICAL DATA (WS FORM: F-6)
STATION: BROKEN BOW
MONTH: AUGUST
YEAR: 2021
LATITUDE: 41 26 N
LONGITUDE: 99 39 W
TEMPERATURE IN F: :PCPN: SNOW: WIND :SUNSHINE: SKY :PK WND
================================================================================
1 2 3 4 5 6A 6B 7 8 9 10 11 12 13 14 15 16 17 18
12Z AVG MX 2MIN
DY MAX MIN AVG DEP HDD CDD WTR SNW DPTH SPD SPD DIR MIN PSBL S-S WX SPD DR
================================================================================
1 83 56 70 -5 0 5 0.00 M M 3.8 12 40 M M 1 16 80
2 83 55 69 -6 0 4 0.00 M M 5.1 15 140 M M 1 22 200
3 84 59 72 -3 0 7 0.00 M M 10.0 18 170 M M 2 25 160
4 85 58 72 -3 0 7 T M M 7.2 15 180 M M 3 20 180
5 93 61 77 2 0 12 0.65 M M 7.6 21 220 M M 1 3 40 140
6 90 59 75 0 0 10 0.02 M M 9.6 26 180 M M 0 3 42 240
7 88 68 78 3 0 13 0.02 M M 7.0 26 210 M M 1 35 200
8 94 65 80 6 0 15 T M M 6.6 14 240 M M 1 20 130
9 95 62 79 5 0 14 0.03 M M 6.5 16 300 M M 0 3 24 280
10 90 64 77 3 0 12 0.00 M M 6.7 14 170 M M 0 20 180
11 91 61 76 2 0 11 0.00 M M 6.7 15 360 M M 0 22 350
12 84 58 71 -3 0 6 0.00 M M 8.5 24 20 M M 0 33 20
13 87 55 71 -3 0 6 T M M 2.6 10 350 M M 0 12 80
14 85 55 70 -4 0 5 0.00 M M 9.9 21 150 M M 3 28 170
15 87 63 75 2 0 10 0.04 M M 10.4 20 140 M M 2 3 28 150
16 89 63 76 3 0 11 0.00 M M 9.1 21 170 M M 0 32 160
17 88 60 74 1 0 9 0.00 M M 10.7 24 170 M M 0 30 160
18 86 66 76 3 0 11 0.00 M M 11.8 24 160 M M 2 34 140
19 86 63 75 2 0 10 0.28 M M 11.2 29 230 M M 4 13 43 240
20 81 58 70 -2 0 5 0.44 M M 9.5 24 310 M M 6 13 36 320
21 77 54 66 -6 0 1 0.00 M M 6.5 14 300 M M 1 19 310
22 88 57 73 1 0 8 0.00 0.0 0 9.6 22 160 M M 4 30 170
23 92 61 77 5 0 12 0.00 M M 6.1 17 140 M M 0 23 120
24 98 69 84 12 0 19 T M M 5.1 16 170 M M 0 3 22 190
25 83 65 74 3 0 9 0.00 M M 10.8 20 360 M M 5 13 27 360
26 90 68 79 8 0 14 0.06 M M 7.0 21 190 M M 4 13 28 190
27 91 61 76 5 0 11 0.00 M M 5.8 15 210 M M 0 20 200
28 91 63 77 7 0 12 0.13 M M 8.1 33 340 M M 2 13 46 340
29 81 56 69 -1 0 4 0.10 M M 6.1 14 140 M M 5 3 21 360
30 87 67 77 7 0 12 0.00 M M 9.9 20 150 M M 5 28 190
31 82 62 72 2 0 7 T M M 9.2 23 40 M M 0 33 50
================================================================================
SM 2709 1892 0 292 1.77 0.0 244.7 M 53
================================================================================
AV 87.4 61.0 7.9 FASTST M M 2 MAX(MPH)
MISC ----> 33 340 46 340
================================================================================
NOTES:
# LAST OF SEVERAL OCCURRENCES
COLUMN 17 PEAK WIND IN M.P.H.
PRELIMINARY LOCAL CLIMATOLOGICAL DATA (WS FORM: F-6) , PAGE 2
STATION: BROKEN BOW
MONTH: AUGUST
YEAR: 2021
LATITUDE: 41 26 N
LONGITUDE: 99 39 W
[TEMPERATURE DATA] [PRECIPITATION DATA] SYMBOLS USED IN COLUMN 16
AVERAGE MONTHLY: 74.2 TOTAL FOR MONTH: 1.77 1 = FOG OR MIST
DPTR FM NORMAL: 1.3 DPTR FM NORMAL: -0.80 2 = FOG REDUCING VISIBILITY
HIGHEST: 98 ON 24 GRTST 24HR 0.72 ON 19-20 TO 1/4 MILE OR LESS
LOWEST: 54 ON 21 3 = THUNDER
SNOW, ICE PELLETS, HAIL 4 = ICE PELLETS
TOTAL MONTH: 0.0 INCH 5 = HAIL
GRTST 24HR 0.0 6 = FREEZING RAIN OR DRIZZLE
GRTST DEPTH: 0 7 = DUSTSTORM OR SANDSTORM:
VSBY 1/2 MILE OR LESS
8 = SMOKE OR HAZE
[NO. OF DAYS WITH] [WEATHER - DAYS WITH] 9 = BLOWING SNOW
X = TORNADO
MAX 32 OR BELOW: 0 0.01 INCH OR MORE: 10
MAX 90 OR ABOVE: 11 0.10 INCH OR MORE: 5
MIN 32 OR BELOW: 0 0.50 INCH OR MORE: 1
MIN 0 OR BELOW: 0 1.00 INCH OR MORE: 0
[HDD (BASE 65) ]
TOTAL THIS MO. 0 CLEAR (SCALE 0-3) 24
DPTR FM NORMAL -9 PTCLDY (SCALE 4-7) 7
TOTAL FM JUL 1 0 CLOUDY (SCALE 8-10) 0
DPTR FM NORMAL -7
[CDD (BASE 65) ]
TOTAL THIS MO. 292
DPTR FM NORMAL 39 [PRESSURE DATA]
TOTAL FM JAN 1 876 HIGHEST SLP 30.27 ON 1
DPTR FM NORMAL 66 LOWEST SLP 29.66 ON 31
[REMARKS]
#FINAL-08-21#