000
CXUS51 KOKX 010910
CF6BDR
PRELIMINARY LOCAL CLIMATOLOGICAL DATA (WS FORM: F-6)
STATION: BRIDGEPORT CT
MONTH: AUGUST
YEAR: 2021
LATITUDE: 41 10 N
LONGITUDE: 73 8 W
TEMPERATURE IN F: :PCPN: SNOW: WIND :SUNSHINE: SKY :PK WND
================================================================================
1 2 3 4 5 6A 6B 7 8 9 10 11 12 13 14 15 16 17 18
12Z AVG MX 2MIN
DY MAX MIN AVG DEP HDD CDD WTR SNW DPTH SPD SPD DIR MIN PSBL S-S WX SPD DR
================================================================================
1 78 60 69 -7 0 4 0.00 0.0 0 6.5 14 200 M M 4 17 160
2 81 65 73 -3 0 8 0.00 0.0 0 8.0 17 330 M M 3 23 340
3 76 62 69 -7 0 4 0.00 0.0 0 3.5 9 200 M M 0 11 170
4 74 64 69 -7 0 4 0.01 0.0 0 6.7 15 90 M M 5 19 90
5 77 66 72 -4 0 7 0.02 0.0 0 7.5 14 30 M M 8 1 20 30
6 86 63 75 -1 0 10 0.00 0.0 0 5.1 14 200 M M 1 1 18 200
7 88 71 80 4 0 15 0.00 0.0 0 6.9 15 210 M M 0 20 200
8 76 69 73 -2 0 8 0.29 0.0 0 6.3 14 60 M M 7 1 19 60
9 77 70 74 -1 0 9 T 0.0 0 7.9 16 90 M M 8 1 19 60
10 81 70 76 1 0 11 T 0.0 0 5.6 14 90 M M 7 16 90
11 88 73 81 6 0 16 0.03 0.0 0 7.5 14 180 M M 2 1 18 220
12 93 76 85 10 0 20 0.00 0.0 0 9.5 23 210 M M 0 29 200
13 92 75 84 9 0 19 0.00 0.0 0 5.9 12 200 M M 0 16 190
14 88 75 82 7 0 17 T 0.0 0 7.3 18 340 M M 1 22 290
15 81 68 75 0 0 10 0.00 0.0 0 7.6 17 350 M M 1 22 340
16 80 67 74 -1 0 9 0.00 0.0 0 7.5 12 200 M M 0 14 30
17 82 70 76 2 0 11 0.00 0.0 0 5.5 14 200 M M 3 17 210
18 80 71 76 2 0 11 T 0.0 0 5.1 10 130 M M 5 13 130
19 85 76 81 7 0 16 0.29 0.0 0 10.7 21 180 M M 9 1 27 180
20 84 73 79 5 0 14 0.00 0.0 0 5.6 14 220 M M 4 16 210
21 81 72 77 3 0 12 0.04 0.0 0 7.0 15 80 M M 4 1 18 80
22 77 72 75 1 0 10 0.79 0.0 0 13.3 23 230 M M 8 1 31 230
23 79 71 75 1 0 10 0.71 0.0 0 10.3 17 230 M M 8 1 25 170
24 88 70 79 5 0 14 0.00 0.0 0 6.2 14 210 M M 1 17 180
25 90 71 81 8 0 16 0.00 0.0 0 4.1 13 220 M M 0 15 220
26 93 72 83 10 0 18 0.00 0.0 0 5.8 15 200 M M 0 18 200
27 91 76 84 11 0 19 T 0.0 0 4.1 9 30 M M 0 1 15 130
28 80 69 75 2 0 10 0.03 0.0 0 15.0 23 80 M M 8 3 28 90
29 74 66 70 -3 0 5 T 0.0 0 7.0 13 60 M M 9 15 60
30 86 73 80 8 0 15 T 0.0 0 7.6 15 220 M M 5 18 200
31 84 69 77 5 0 12 0.00 0.0 0 4.5 15 310 M M 1 20 300
================================================================================
SM 2570 2165 0 364 2.21 0.0 221.1 M 112
================================================================================
AV 82.9 69.8 7.1 FASTST M M 4 MAX(MPH)
MISC ----> # 23 210 31 230
================================================================================
NOTES:
# LAST OF SEVERAL OCCURRENCES
COLUMN 17 PEAK WIND IN M.P.H.
PRELIMINARY LOCAL CLIMATOLOGICAL DATA (WS FORM: F-6) , PAGE 2
STATION: BRIDGEPORT CT
MONTH: AUGUST
YEAR: 2021
LATITUDE: 41 10 N
LONGITUDE: 73 8 W
[TEMPERATURE DATA] [PRECIPITATION DATA] SYMBOLS USED IN COLUMN 16
AVERAGE MONTHLY: 76.4 TOTAL FOR MONTH: 2.21 1 = FOG OR MIST
DPTR FM NORMAL: 1.9 DPTR FM NORMAL: -1.77 2 = FOG REDUCING VISIBILITY
HIGHEST: 93 ON 26,12 GRTST 24HR 0.85 ON 22-23 TO 1/4 MILE OR LESS
LOWEST: 60 ON 1 3 = THUNDER
SNOW, ICE PELLETS, HAIL 4 = ICE PELLETS
TOTAL MONTH: 0.0 INCH 5 = HAIL
GRTST 24HR 0.0 6 = FREEZING RAIN OR DRIZZLE
GRTST DEPTH: 0 7 = DUSTSTORM OR SANDSTORM:
VSBY 1/2 MILE OR LESS
8 = SMOKE OR HAZE
[NO. OF DAYS WITH] [WEATHER - DAYS WITH] 9 = BLOWING SNOW
X = TORNADO
MAX 32 OR BELOW: 0 0.01 INCH OR MORE: 9
MAX 90 OR ABOVE: 5 0.10 INCH OR MORE: 4
MIN 32 OR BELOW: 0 0.50 INCH OR MORE: 2
MIN 0 OR BELOW: 0 1.00 INCH OR MORE: 0
[HDD (BASE 65) ]
TOTAL THIS MO. 0 CLEAR (SCALE 0-3) 15
DPTR FM NORMAL -1 PTCLDY (SCALE 4-7) 14
TOTAL FM JUL 1 3 CLOUDY (SCALE 8-10) 2
DPTR FM NORMAL 3
[CDD (BASE 65) ]
TOTAL THIS MO. 364
DPTR FM NORMAL 70 [PRESSURE DATA]
TOTAL FM JAN 1 924 HIGHEST SLP M ON M
DPTR FM NORMAL 107 LOWEST SLP 29.66 ON 22
[REMARKS]
#FINAL-08-21#