000
CXUS53 KIWX 010810
CF6BEH
PRELIMINARY LOCAL CLIMATOLOGICAL DATA (WS FORM: F-6)
STATION: BENTON HARBOR
MONTH: MARCH
YEAR: 2022
LATITUDE: 42 7 N
LONGITUDE: 86 26 W
TEMPERATURE IN F: :PCPN: SNOW: WIND :SUNSHINE: SKY :PK WND
================================================================================
1 2 3 4 5 6A 6B 7 8 9 10 11 12 13 14 15 16 17 18
12Z AVG MX 2MIN
DY MAX MIN AVG DEP HDD CDD WTR SNW DPTH SPD SPD DIR MIN PSBL S-S WX SPD DR
================================================================================
1 46 27 37 5 28 0 0.00 M M 8.7 20 240 M M 6 29 240
2 49 24 37 4 28 0 0.00 M M 4.6 12 270 M M 8 18 20 40
3 34 22 28 -5 37 0 0.00 M M 4.6 12 360 M M 1 19 10
4 44 19 32 -1 33 0 0.00 M M 6.4 17 110 M M 1 24 120
5 71 38 55 21 10 0 0.15 M M 14.2 24 200 M M 2 3 42 200
6 65 31 48 14 17 0 0.08 M M 14.9 41 230 M M 5 3 62 230
7 36 32 34 0 31 0 0.23 M M 7.9 16 290 M M 10 168 29 310
8 37 29 33 -1 32 0 0.00 M M 7.8 16 260 M M 6 21 270
9 39 26 33 -2 32 0 0.00 M M 5.3 18 260 M M 2 18 23 270
10 32 23 28 -7 37 0 0.03 M M 6.0 10 290 M M 9 18 19 330
11 30 21 26 -9 39 0 0.06 M M 10.6 28 260 M M 8 18 41 250
12 22 15 19 -17 46 0 T M M 12.8 21 230 M M 10 8 33 300
13 47 18 33 -3 32 0 T M M 11.7 25 240 M M 5 8 33 250
14 60 29 45 9 20 0 0.00 M M 5.6 15 250 M M 1 22 240
15 47 30 39 2 26 0 0.00 M M 4.1 13 270 M M 4 18 16 230
16 69 29 49 12 16 0 0.00 M M 6.9 18 210 M M 5 18 28 220
17 65 44 55 18 10 0 0.00 M M 6.0 16 240 M M 3 8 21 240
18 54 40 47 9 18 0 0.34 M M 8.4 18 70 M M 7 1 30 80
19 45 37 41 3 24 0 0.41 M M 8.4 17 290 M M 10 12 27 290
20 58 30 44 6 21 0 0.00 M M 4.3 15 260 M M 1 12 20 260
21 72 32 52 13 13 0 0.00 M M 6.3 18 250 M M 2 26 250
22 52 45 49 10 16 0 0.09 M M 15.1 29 100 M M 7 1 45 100
23 63 47 55 16 10 0 0.13 M M 11.8 30 110 M M 10 13 44 130
24 49 36 43 3 22 0 0.17 M M 12.4 21 240 M M 10 18 30 190
25 47 36 42 2 23 0 0.05 M M 12.8 24 280 M M 10 18 36 270
26 36 28 32 -8 33 0 0.01 M M 13.0 23 290 M M 10 1 34 290
27 30 18 24 -16 41 0 T M M 8.1 16 300 M M 7 8 31 310
28 31 18 25 -16 40 0 0.00 M M 5.3 15 300 M M 4 24 20
29 42 19 31 -10 34 0 0.00 M M 13.0 25 120 M M 6 37 140
30 61 41 51 9 14 0 1.09 M M 12.1 25 140 M M 9 1 38 120
31 57 33 45 3 20 0 0.26 M M 10.2 25 260 M M 10 1 37 250
================================================================================
SM 1490 917 803 0 3.10 M 279.3 M 189
================================================================================
AV 48.1 29.6 9.0 FASTST M M 6 MAX(MPH)
MISC ----> 41 230 62 230
================================================================================
NOTES:
# LAST OF SEVERAL OCCURRENCES
COLUMN 17 PEAK WIND IN M.P.H.
PRELIMINARY LOCAL CLIMATOLOGICAL DATA (WS FORM: F-6) , PAGE 2
STATION: BENTON HARBOR
MONTH: MARCH
YEAR: 2022
LATITUDE: 42 7 N
LONGITUDE: 86 26 W
[TEMPERATURE DATA] [PRECIPITATION DATA] SYMBOLS USED IN COLUMN 16
AVERAGE MONTHLY: 38.8 TOTAL FOR MONTH: 3.10 1 = FOG OR MIST
DPTR FM NORMAL: 1.7 DPTR FM NORMAL: 1.08 2 = FOG REDUCING VISIBILITY
HIGHEST: 72 ON 21 GRTST 24HR 1.33 ON 30-31 TO 1/4 MILE OR LESS
LOWEST: 15 ON 12 3 = THUNDER
SNOW, ICE PELLETS, HAIL 4 = ICE PELLETS
TOTAL MONTH: M 5 = HAIL
GRTST 24HR M ON M 6 = FREEZING RAIN OR DRIZZLE
GRTST DEPTH: M ON M 7 = DUSTSTORM OR SANDSTORM:
VSBY 1/2 MILE OR LESS
8 = SMOKE OR HAZE
[NO. OF DAYS WITH] [WEATHER - DAYS WITH] 9 = BLOWING SNOW
X = TORNADO
MAX 32 OR BELOW: 5 0.01 INCH OR MORE: 14
MAX 90 OR ABOVE: 0 0.10 INCH OR MORE: 8
MIN 32 OR BELOW: 21 0.50 INCH OR MORE: 1
MIN 0 OR BELOW: 0 1.00 INCH OR MORE: 1
[HDD (BASE 65) ]
TOTAL THIS MO. 803 CLEAR (SCALE 0-3) 8
DPTR FM NORMAL -65 PTCLDY (SCALE 4-7) 13
TOTAL FM JUL 1 4945 CLOUDY (SCALE 8-10) 10
DPTR FM NORMAL -379
[CDD (BASE 65) ]
TOTAL THIS MO. 0
DPTR FM NORMAL -2 [PRESSURE DATA]
TOTAL FM JAN 1 0 HIGHEST SLP 30.50 ON 4
DPTR FM NORMAL -2 LOWEST SLP 29.04 ON 31
[REMARKS]
#FINAL-03-22#