000
CXAK56 PAFC 021832
CF6BET
PRELIMINARY LOCAL CLIMATOLOGICAL DATA (WS FORM: F-6)
STATION: BETHEL
MONTH: SEPTEMBER
YEAR: 2023
LATITUDE: 60 46 N
LONGITUDE: 161 48 W
TEMPERATURE IN F: :PCPN: SNOW: WIND :SUNSHINE: SKY :PK WND
================================================================================
1 2 3 4 5 6A 6B 7 8 9 10 11 12 13 14 15 16 17 18
12Z AVG MX 2MIN
DY MAX MIN AVG DEP HDD CDD WTR SNW DPTH SPD SPD DIR MIN PSBL S-S WX SPD DR
================================================================================
1 53 46 50 -1 15 0 0.25 M M 16.2 25 220 M M 9 1 35 220
2 51 49 50 -1 15 0 0.73 M M 22.6 35 170 M M 10 1 49 170
3 53 46 50 -1 15 0 0.10 M M 18.6 25 200 M M 10 1 36 190
4 53 42 48 -2 17 0 0.01 M M 11.9 24 190 M M 8 1 36 190
5 55 44 50 0 15 0 0.23 M M 20.3 30 180 M M 9 1 42 170
6 46 42 44 -6 21 0 0.08 M M 15.7 22 310 M M 9 1 31 300
7 49 39 44 -6 21 0 0.13 M M 14.0 23 320 M M 10 1 31 330
8 51 39 45 -4 20 0 0.00 M M 7.4 17 320 M M 10 25 330
9 55 37 46 -3 19 0 T M M 4.6 8 270 M M 5 1 12 280
10 55 34 45 -3 20 0 0.01 M M 5.2 13 230 M M 5 8 16 270
11 50 41 46 -2 19 0 0.06 M M 5.0 9 320 M M 10 1 13 300
12 51 39 45 -3 20 0 0.00 M M 9.7 18 300 M M 9 1 26 300
13 50 39 45 -2 20 0 T M M 8.4 16 220 M M 9 1 21 230
14 50 38 44 -3 21 0 0.04 M M 7.7 14 110 M M 10 1 20 110
15 51 40 46 0 19 0 0.11 M M 4.0 12 300 M M 10 1 15 300
16 49 41 45 -1 20 0 0.01 M M 11.7 26 310 M M 9 1 37 290
17 50 40 45 -1 20 0 T M M 7.3 16 290 M M 7 23 310
18 49 37 43 -2 22 0 0.03 M M 5.9 12 170 M M 7 15 170
19 45 39 42 -3 23 0 0.38 M M 9.4 14 100 M M 10 21 110
20 48 39 44 0 21 0 0.03 M M 13.9 25 340 M M 9 1 34 320
21 46 36 41 -3 24 0 0.00 M M 7.4 16 300 M M 7 1 23 320
22 49 33 41 -3 24 0 0.00 M M 5.5 17 170 M M 8 1 23 150
23 49 36 43 0 22 0 0.16 M M 6.5 15 130 M M 10 1 19 130
24 51 38 45 2 20 0 T M M 3.5 10 80 M M 10 1 14 290
25 52 39 46 4 19 0 T M M 3.8 13 340 M M 8 18 350
26 49 36 43 1 22 0 0.00 M M 6.8 13 320 M M 5 18 320
27 48 29 39 -2 26 0 0.01 M M 7.0 13 200 M M 7 12 19 200
28 49 36 43 2 22 0 0.10 M M 12.8 22 170 M M 9 1 32 160
29 52 36 44 4 21 0 0.02 M M 6.6 14 60 M M 8 1 18 60
30 47 36 42 2 23 0 0.03 M M 16.7 26 50 M M 5 34 40
================================================================================
SM 1506 1166 606 0 2.52 M 296.1 M 252
================================================================================
AV 50.2 38.9 9.9 FASTST M M 8 MAX(MPH)
MISC ----> 35 170 49 170
================================================================================
NOTES:
# LAST OF SEVERAL OCCURRENCES
COLUMN 17 PEAK WIND IN M.P.H.
PRELIMINARY LOCAL CLIMATOLOGICAL DATA (WS FORM: F-6) , PAGE 2
STATION: BETHEL
MONTH: SEPTEMBER
YEAR: 2023
LATITUDE: 60 46 N
LONGITUDE: 161 48 W
[TEMPERATURE DATA] [PRECIPITATION DATA] SYMBOLS USED IN COLUMN 16
AVERAGE MONTHLY: 44.5 TOTAL FOR MONTH: 2.52 1 = FOG OR MIST
DPTR FM NORMAL: -1.6 DPTR FM NORMAL: -0.37 2 = FOG REDUCING VISIBILITY
HIGHEST: 55 ON 10, 9 GRTST 24HR 0.79 ON 1- 2 TO 1/4 MILE OR LESS
LOWEST: 29 ON 27 3 = THUNDER
SNOW, ICE PELLETS, HAIL 4 = ICE PELLETS
TOTAL MONTH: M 5 = HAIL
GRTST 24HR M ON M 6 = FREEZING RAIN OR DRIZZLE
GRTST DEPTH: M ON M 7 = DUSTSTORM OR SANDSTORM:
VSBY 1/2 MILE OR LESS
8 = SMOKE OR HAZE
[NO. OF DAYS WITH] [WEATHER - DAYS WITH] 9 = BLOWING SNOW
X = TORNADO
MAX 32 OR BELOW: 0 0.01 INCH OR MORE: 20
MAX 90 OR ABOVE: 0 0.10 INCH OR MORE: 9
MIN 32 OR BELOW: 1 0.50 INCH OR MORE: 1
MIN 0 OR BELOW: 0 1.00 INCH OR MORE: 0
[HDD (BASE 65) ]
TOTAL THIS MO. 606 CLEAR (SCALE 0-3) 0
DPTR FM NORMAL 38 PTCLDY (SCALE 4-7) 11
TOTAL FM JUL 1 1199 CLOUDY (SCALE 8-10) 19
DPTR FM NORMAL 12
[CDD (BASE 65) ]
TOTAL THIS MO. 0
DPTR FM NORMAL 0 [PRESSURE DATA]
TOTAL FM JAN 1 0 HIGHEST SLP 30.11 ON 4
DPTR FM NORMAL -6 LOWEST SLP 29.23 ON 16
[REMARKS]
#FINAL-09-23#