000
CXUS54 KAMA 010710
CF6BGD
PRELIMINARY LOCAL CLIMATOLOGICAL DATA (WS FORM: F-6)
STATION: BORGER
MONTH: SEPTEMBER
YEAR: 2020
LATITUDE: 35 42 N
LONGITUDE: 101 24 W
TEMPERATURE IN F: :PCPN: SNOW: WIND :SUNSHINE: SKY :PK WND
================================================================================
1 2 3 4 5 6A 6B 7 8 9 10 11 12 13 14 15 16 17 18
12Z AVG MX 2MIN
DY MAX MIN AVG DEP HDD CDD WTR SNW DPTH SPD SPD DIR MIN PSBL S-S WX SPD DR
================================================================================
1 95 67 81 4 0 16 1.04 M M 5.3 22 140 M M 2 3 38 30
2 89 66 78 1 0 13 0.00 M M 6.0 17 80 M M 1 23 70
3 93 68 81 5 0 16 0.00 M M 8.1 21 350 M M 0 25 350
4 94 63 79 3 0 14 0.00 M M 6.1 17 170 M M 0 23 160
5 94 68 81 5 0 16 0.00 M M 9.7 17 170 M M 0 24 180
6 98 72 85 10 0 20 0.00 M M 13.2 23 240 M M 0 34 240
7 94 73 84 9 0 19 0.00 M M 13.3 23 180 M M 0 30 180
8 81 44 63 -12 2 0 0.25 M M 17.7 29 10 M M 6 13 38 20
9 46 41 44 -30 21 0 0.22 M M 17.3 25 10 M M 10 18 33 20
10 55 45 50 -24 15 0 T M M 8.1 18 30 M M 10 22 30
11 80 52 66 -8 0 1 0.00 M M 8.2 17 170 M M 3 24 160
12 88 58 73 0 0 8 0.00 M M 5.8 16 170 M M 0 23 170
13 88 56 72 -1 0 7 0.00 M M 4.5 10 140 M M 0 13 140
14 87 62 75 2 0 10 0.00 M M 4.6 15 140 M M 2 18 19 140
15 86 58 72 0 0 7 0.00 M M 6.9 15 150 M M 0 20 160
16 90 61 76 4 0 11 0.00 M M 6.1 14 30 M M 1 19 180
17 85 59 72 0 0 7 0.00 M M 5.0 14 40 M M 0 20 60
18 86 59 73 2 0 8 0.00 M M 5.7 16 160 M M 0 22 150
19 86 57 72 1 0 7 0.00 M M 11.6 20 170 M M 0 26 170
20 89 61 75 5 0 10 0.00 M M 13.9 21 170 M M 0 27 160
21 85 55 70 0 0 5 0.00 M M 10.2 20 160 M M 0 29 160
22 88 57 73 3 0 8 0.00 M M 6.5 15 160 M M 0 20 170
23 88 64 76 7 0 11 0.00 M M 7.0 13 180 M M 3 16 170
24 96 60 78 9 0 13 0.00 M M 8.9 18 180 M M 0 25 190
25 103 72 88 20 0 23 0.00 M M 13.6 22 180 M M 0 32 240
26 102 70 86 18 0 21 0.00 M M 13.3 22 200 M M 0 31 200
27 79 60 70 2 0 5 0.00 M M 17.1 31 30 M M 4 38 10
28 71 51 61 -6 4 0 0.00 M M 11.4 23 350 M M 3 31 350
29 85 46 66 -1 0 1 0.00 M M 9.0 21 250 M M 0 29 280
30 93 53 73 7 0 8 0.00 M M 9.0 22 40 M M 0 27 40
================================================================================
SM 2594 1778 42 285 1.51 M 283.1 M 45
================================================================================
AV 86.5 59.3 9.4 FASTST M M 2 MAX(MPH)
MISC ----> 31 30 # 38 30
================================================================================
NOTES:
# LAST OF SEVERAL OCCURRENCES
COLUMN 17 PEAK WIND IN M.P.H.
PRELIMINARY LOCAL CLIMATOLOGICAL DATA (WS FORM: F-6) , PAGE 2
STATION: BORGER
MONTH: SEPTEMBER
YEAR: 2020
LATITUDE: 35 42 N
LONGITUDE: 101 24 W
[TEMPERATURE DATA] [PRECIPITATION DATA] SYMBOLS USED IN COLUMN 16
AVERAGE MONTHLY: 72.9 TOTAL FOR MONTH: 1.51 1 = FOG OR MIST
DPTR FM NORMAL: 0.9 DPTR FM NORMAL: -0.87 2 = FOG REDUCING VISIBILITY
HIGHEST: 103 ON 25 GRTST 24HR 1.04 ON 1- 1 TO 1/4 MILE OR LESS
LOWEST: 41 ON 9 3 = THUNDER
SNOW, ICE PELLETS, HAIL 4 = ICE PELLETS
TOTAL MONTH: M 5 = HAIL
GRTST 24HR M ON M 6 = FREEZING RAIN OR DRIZZLE
GRTST DEPTH: M ON M 7 = DUSTSTORM OR SANDSTORM:
VSBY 1/2 MILE OR LESS
8 = SMOKE OR HAZE
[NO. OF DAYS WITH] [WEATHER - DAYS WITH] 9 = BLOWING SNOW
X = TORNADO
MAX 32 OR BELOW: 0 0.01 INCH OR MORE: 3
MAX 90 OR ABOVE: 11 0.10 INCH OR MORE: 3
MIN 32 OR BELOW: 0 0.50 INCH OR MORE: 1
MIN 0 OR BELOW: 0 1.00 INCH OR MORE: 1
[HDD (BASE 65) ]
TOTAL THIS MO. 42 CLEAR (SCALE 0-3) 24
DPTR FM NORMAL 15 PTCLDY (SCALE 4-7) 4
TOTAL FM JUL 1 42 CLOUDY (SCALE 8-10) 2
DPTR FM NORMAL 17
[CDD (BASE 65) ]
TOTAL THIS MO. 285
DPTR FM NORMAL 50 [PRESSURE DATA]
TOTAL FM JAN 1 2537 HIGHEST SLP M ON M
DPTR FM NORMAL 752 LOWEST SLP 29.51 ON 27
[REMARKS]
#FINAL-09-20#