000
CXUS55 KBYZ 011100
CF6BIL
PRELIMINARY LOCAL CLIMATOLOGICAL DATA (WS FORM: F-6)
STATION: BILLINGS MT
MONTH: FEBRUARY
YEAR: 2024
LATITUDE: 45 47 N
LONGITUDE: 108 32 W
TEMPERATURE IN F: :PCPN: SNOW: WIND :SUNSHINE: SKY :PK WND
================================================================================
1 2 3 4 5 6A 6B 7 8 9 10 11 12 13 14 15 16 17 18
12Z AVG MX 2MIN
DY MAX MIN AVG DEP HDD CDD WTR SNW DPTH SPD SPD DIR MIN PSBL S-S WX SPD DR
================================================================================
1 58 31 45 17 20 0 0.00 0.0 0 8.5 20 230 M M 0 23 240
2 55 30 43 15 22 0 0.00 0.0 0 6.0 17 240 M M 4 21 250
3 49 34 42 14 23 0 0.06 T 0 6.8 13 20 M M 8 1 18 30
4 38 34 36 8 29 0 0.08 T 0 2.3 9 100 M M 9 128 11 120
5 54 32 43 15 22 0 0.00 0.0 0 6.2 17 230 M M 6 128 23 220
6 43 33 38 10 27 0 0.00 0.0 0 6.3 12 50 M M 8 16 40
7 37 24 31 3 34 0 0.06 0.2 0 3.6 10 10 M M 10 1248 12 10
8 43 25 34 6 31 0 0.00 0.0 0 8.2 18 330 M M 8 26 330
9 34 23 29 1 36 0 0.01 T 0 5.8 18 50 M M 9 1 23 50
10 40 23 32 4 33 0 T T T 8.3 20 270 M M 5 1 28 280
11 45 27 36 8 29 0 0.00 0.0 0 16.2 23 240 M M 6 31 250
12 46 33 40 11 25 0 0.00 0.0 0 13.6 24 280 M M 9 33 290
13 38 25 32 3 33 0 0.10 2.0 0 9.2 20 260 M M 9 1 26 260
14 25 17 21 -8 44 0 0.05 0.7 1 9.9 17 60 M M 10 1 21 60
15 18 10 14 -15 51 0 0.25 4.2 3 11.5 17 60 M M 10 18 23 30
16 14 3 9 -20 56 0 T T 5 9.8 26 240 M M 5 1 33 240
17 27 11 19 -11 46 0 0.00 0.0 5 26.5 37 240 M M 0 9 49 240
18 39 15 27 -3 38 0 0.00 0.0 3 15.1 25 240 M M 6 31 230
19 50 29 40 10 25 0 0.00 0.0 1 9.8 21 240 M M 4 25 240
20 59 32 46 16 19 0 0.00 0.0 T 11.9 21 240 M M 4 28 250
21 55 30 43 13 22 0 0.00 0.0 0 7.7 14 240 M M 4 17 240
22 54 30 42 11 23 0 0.00 0.0 0 13.3 28 280 M M 2 36 270
23 53 33 43 12 22 0 0.00 0.0 0 17.4 33 280 M M 2 45 280
24 56 38 47 16 18 0 0.00 0.0 0 14.7 32 280 M M 7 44 290
25 58 40 49 17 16 0 0.00 0.0 0 10.9 23 240 M M 8 35 240
26 59 12 36 4 29 0 0.25 3.4 0 15.5 32 260 M M 9 12 44 320
27 12 4 8 -24 57 0 0.01 0.1 3 8.2 17 240 M M 7 1 22 240
28 44 7 26 -6 39 0 0.00 0.0 3 17.3 31 240 M M 5 40 240
29 55 39 47 14 18 0 0.00 0.0 T 15.7 26 220 M M 7 37 220
================================================================================
SM 1258 724 887 0 0.87 10.6 316.2 M 181
================================================================================
AV 43.4 25.0 10.9 FASTST M M 6 MAX(MPH)
MISC ----> 37 240 49 240
================================================================================
NOTES:
# LAST OF SEVERAL OCCURRENCES
COLUMN 17 PEAK WIND IN M.P.H.
PRELIMINARY LOCAL CLIMATOLOGICAL DATA (WS FORM: F-6) , PAGE 2
STATION: BILLINGS MT
MONTH: FEBRUARY
YEAR: 2024
LATITUDE: 45 47 N
LONGITUDE: 108 32 W
[TEMPERATURE DATA] [PRECIPITATION DATA] SYMBOLS USED IN COLUMN 16
AVERAGE MONTHLY: 34.2 TOTAL FOR MONTH: 0.87 1 = FOG OR MIST
DPTR FM NORMAL: 4.8 DPTR FM NORMAL: 0.30 2 = FOG REDUCING VISIBILITY
HIGHEST: 59 ON 26,20 GRTST 24HR 0.26 ON 26-27 TO 1/4 MILE OR LESS
LOWEST: 3 ON 16 3 = THUNDER
SNOW, ICE PELLETS, HAIL 4 = ICE PELLETS
TOTAL MONTH: 10.6 INCHES 5 = HAIL
GRTST 24HR 4.2 ON 15-15 6 = FREEZING RAIN OR DRIZZLE
GRTST DEPTH: 5 ON 17,16 7 = DUSTSTORM OR SANDSTORM:
VSBY 1/2 MILE OR LESS
8 = SMOKE OR HAZE
[NO. OF DAYS WITH] [WEATHER - DAYS WITH] 9 = BLOWING SNOW
X = TORNADO
MAX 32 OR BELOW: 5 0.01 INCH OR MORE: 9
MAX 90 OR ABOVE: 0 0.10 INCH OR MORE: 3
MIN 32 OR BELOW: 21 0.50 INCH OR MORE: 0
MIN 0 OR BELOW: 0 1.00 INCH OR MORE: 0
[HDD (BASE 65) ]
TOTAL THIS MO. 887 CLEAR (SCALE 0-3) 4
DPTR FM NORMAL -108 PTCLDY (SCALE 4-7) 15
TOTAL FM JUL 1 4375 CLOUDY (SCALE 8-10) 10
DPTR FM NORMAL -623
[CDD (BASE 65) ]
TOTAL THIS MO. 0
DPTR FM NORMAL 0 [PRESSURE DATA]
TOTAL FM JAN 1 0 HIGHEST SLP 30.64 ON 16
DPTR FM NORMAL 0 LOWEST SLP 29.28 ON 26
[REMARKS]
#FINAL-02-24#