000
CXUS53 KBIS 010830
CF6BIS
PRELIMINARY LOCAL CLIMATOLOGICAL DATA (WS FORM: F-6)
STATION: BISMARCK ND
MONTH: JULY
YEAR: 2023
LATITUDE: 46 46 N
LONGITUDE: 100 45 W
TEMPERATURE IN F: :PCPN: SNOW: WIND :SUNSHINE: SKY :PK WND
================================================================================
1 2 3 4 5 6A 6B 7 8 9 10 11 12 13 14 15 16 17 18
12Z AVG MX 2MIN
DY MAX MIN AVG DEP HDD CDD WTR SNW DPTH SPD SPD DIR MIN PSBL S-S WX SPD DR
================================================================================
1 90 58 74 5 0 9 0.00 0.0 0 4.6 10 210 M M 1 1 15 280
2 94 66 80 11 0 15 0.04 0.0 0 11.3 21 320 M M 0 3 27 210
3 79 58 69 -1 0 4 0.21 0.0 0 5.9 18 350 M M 5 13 26 340
4 73 55 64 -6 1 0 0.53 0.0 0 9.9 23 330 M M 6 13 32 330
5 70 48 59 -11 6 0 0.00 0.0 0 6.6 14 330 M M 2 22 340
6 81 51 66 -4 0 1 0.00 0.0 0 7.3 17 220 M M 1 23 220
7 78 55 67 -3 0 2 0.00 0.0 0 7.4 21 340 M M 2 28 340
8 83 50 67 -3 0 2 0.00 0.0 0 5.8 16 220 M M 1 22 240
9 92 57 75 4 0 10 0.00 0.0 0 9.2 21 260 M M 2 3 29 260
10 79 53 66 -5 0 1 0.00 0.0 0 9.7 17 40 M M 1 25 70
11 61 49 55 -16 10 0 0.22 0.0 0 9.4 20 110 M M 6 13 27 80
12 77 51 64 -7 1 0 0.00 0.0 0 5.4 14 350 M M 5 8 19 320
13 87 55 71 0 0 6 0.00 0.0 0 8.0 22 290 M M 1 1 33 320
14 82 60 71 0 0 6 0.00 0.0 M 9.2 23 320 M M 4 8 34 320
15 76 54 65 -7 0 0 0.00 0.0 0 9.6 22 310 M M 5 18 31 330
16 75 56 66 -6 0 1 0.00 0.0 0 9.1 20 310 M M 3 8 28 330
17 76 44 60 -12 5 0 0.00 0.0 0 4.7 10 130 M M 0 16 110
18 88 58 73 1 0 8 T 0.0 0 9.3 20 170 M M 3 3 26 140
19 80 55 68 -4 0 3 0.00 0.0 0 13.2 26 300 M M 2 40 310
20 80 55 68 -4 0 3 0.00 0.0 0 6.1 14 340 M M 3 20 310
21 87 52 70 -2 0 5 T 0.0 0 3.5 18 280 M M 1 1 23 270
22 90 56 73 1 0 8 0.00 0.0 0 5.4 14 280 M M 0 19 330
23 91 62 77 5 0 12 0.05 0.0 0 7.6 22 310 M M 1 18 38 310
24 97 62 80 8 0 15 0.00 0.0 0 8.7 18 160 M M 0 1 25 160
25 94 69 82 10 0 17 T 0.0 0 6.7 15 140 M M 0 18 110
26 101 64 83 11 0 18 T 0.0 0 5.5 24 150 M M 1 3 33 150
27 94 61 78 6 0 13 0.00 0.0 0 6.5 15 340 M M 2 38 20 320
28 82 60 71 -1 0 6 0.26 0.0 0 8.8 36 280 M M 3 13 48 280
29 82 57 70 -2 0 5 0.00 0.0 0 7.4 14 90 M M 2 18 140
30 83 59 71 -1 0 6 0.08 0.0 0 9.8 18 150 M M 1 13 29 150
31 90 62 76 4 0 11 T 0.0 0 8.1 17 170 M M 2 32 150
================================================================================
SM 2592 1752 23 187 1.39 0.0 239.7 M 66
================================================================================
AV 83.6 56.5 7.7 FASTST M M 2 MAX(MPH)
MISC ----> 36 280 48 280
================================================================================
NOTES:
# LAST OF SEVERAL OCCURRENCES
COLUMN 17 PEAK WIND IN M.P.H.
PRELIMINARY LOCAL CLIMATOLOGICAL DATA (WS FORM: F-6) , PAGE 2
STATION: BISMARCK ND
MONTH: JULY
YEAR: 2023
LATITUDE: 46 46 N
LONGITUDE: 100 45 W
[TEMPERATURE DATA] [PRECIPITATION DATA] SYMBOLS USED IN COLUMN 16
AVERAGE MONTHLY: 70.1 TOTAL FOR MONTH: 1.39 1 = FOG OR MIST
DPTR FM NORMAL: -1.2 DPTR FM NORMAL: -1.68 2 = FOG REDUCING VISIBILITY
HIGHEST: 101 ON 26 GRTST 24HR 0.74 ON 3- 4 TO 1/4 MILE OR LESS
LOWEST: 44 ON 17 3 = THUNDER
SNOW, ICE PELLETS, HAIL 4 = ICE PELLETS
TOTAL MONTH: 0.0 INCH 5 = HAIL
GRTST 24HR 0.0 6 = FREEZING RAIN OR DRIZZLE
GRTST DEPTH: 0 7 = DUSTSTORM OR SANDSTORM:
VSBY 1/2 MILE OR LESS
8 = SMOKE OR HAZE
[NO. OF DAYS WITH] [WEATHER - DAYS WITH] 9 = BLOWING SNOW
X = TORNADO
MAX 32 OR BELOW: 0 0.01 INCH OR MORE: 7
MAX 90 OR ABOVE: 10 0.10 INCH OR MORE: 4
MIN 32 OR BELOW: 0 0.50 INCH OR MORE: 1
MIN 0 OR BELOW: 0 1.00 INCH OR MORE: 0
[HDD (BASE 65) ]
TOTAL THIS MO. 23 CLEAR (SCALE 0-3) 24
DPTR FM NORMAL 7 PTCLDY (SCALE 4-7) 7
TOTAL FM JUL 1 23 CLOUDY (SCALE 8-10) 0
DPTR FM NORMAL 12
[CDD (BASE 65) ]
TOTAL THIS MO. 187
DPTR FM NORMAL -24 [PRESSURE DATA]
TOTAL FM JAN 1 432 HIGHEST SLP 30.31 ON 29
DPTR FM NORMAL 116 LOWEST SLP 29.70 ON 9
[REMARKS]
#FINAL-07-23#