000
CXUS53 KBIS 011630
CF6BIS
PRELIMINARY LOCAL CLIMATOLOGICAL DATA (WS FORM: F-6)
STATION: BISMARCK ND
MONTH: JULY
YEAR: 2021
LATITUDE: 46 46 N
LONGITUDE: 100 45 W
TEMPERATURE IN F: :PCPN: SNOW: WIND :SUNSHINE: SKY :PK WND
================================================================================
1 2 3 4 5 6A 6B 7 8 9 10 11 12 13 14 15 16 17 18
12Z AVG MX 2MIN
DY MAX MIN AVG DEP HDD CDD WTR SNW DPTH SPD SPD DIR MIN PSBL S-S WX SPD DR
================================================================================
1 97 63 80 11 0 15 0.00 0.0 0 8.8 18 100 M M 0 25 90
2 98 67 83 14 0 18 0.00 0.0 0 11.7 24 160 M M 1 35 160
3 107 69 88 18 0 23 0.05 0.0 0 13.7 26 180 M M 1 3 37 180
4 98 69 84 14 0 19 0.00 0.0 0 11.5 20 320 M M 0 27 320
5 96 67 82 12 0 17 0.42 0.0 0 7.8 21 310 M M 4 13 29 90
6 73 61 67 -3 0 2 T 0.0 0 10.6 21 60 M M 9 26 70
7 76 58 67 -3 0 2 0.00 0.0 0 7.0 12 120 M M 10 16 70
8 86 64 75 5 0 10 0.17 0.0 0 11.9 22 150 M M 6 1 29 170
9 77 64 71 0 0 6 0.92 0.0 0 5.8 15 120 M M 8 13 20 130
10 88 62 75 4 0 10 0.00 0.0 0 5.2 14 10 M M 2 1 23 50
11 90 59 75 4 0 10 0.00 0.0 0 8.3 21 150 M M 0 8 28 130
12 91 66 79 8 0 14 T 0.0 0 12.1 22 320 M M 0 3 31 310
13 91 61 76 5 0 11 0.00 0.0 0 5.1 12 90 M M 0 16 100
14 90 67 79 8 0 14 0.00 0.0 0 5.0 17 100 M M 2 8 21 100
15 93 61 77 5 0 12 0.00 0.0 0 9.2 21 150 M M 0 18 28 140
16 93 67 80 8 0 15 0.00 0.0 0 13.8 28 140 M M 1 3 35 140
17 98 68 83 11 0 18 0.00 0.0 0 11.5 22 160 M M 0 29 170
18 101 71 86 14 0 21 0.00 0.0 0 9.0 17 130 M M 0 23 140
19 103 71 87 15 0 22 0.00 0.0 0 8.6 22 150 M M 0 27 150
20 100 69 85 13 0 20 0.00 0.0 0 14.5 29 140 M M 0 37 140
21 101 74 88 16 0 23 T 0.0 0 10.7 25 160 M M 1 33 170
22 105 69 87 15 0 22 T 0.0 0 5.2 29 310 M M 0 18 44 310
23 98 68 83 11 0 18 T 0.0 0 5.3 21 340 M M 1 18 29 330
24 93 58 76 4 0 11 0.00 0.0 0 8.0 20 330 M M 0 27 310
25 97 53 75 3 0 10 0.00 0.0 0 5.3 13 70 M M 0 19 160
26 102 64 83 11 0 18 0.00 0.0 0 8.4 21 200 M M 0 27 200
27 92 61 77 5 0 12 0.00 0.0 0 8.8 20 120 M M 0 24 120
28 91 68 80 8 0 15 T 0.0 0 10.0 20 350 M M 0 1 28 10
29 81 60 71 -1 0 6 T 0.0 M 5.8 16 230 M M 1 21 240
30 88 64 76 4 0 11 0.00 0.0 0 7.0 16 210 M M 8 8 22 220
31 89 59 74 2 0 9 0.00 0.0 0 6.9 18 20 M M 1 8 25 20
================================================================================
SM 2883 2002 0 434 1.56 0.0 272.5 M 56
================================================================================
AV 93.0 64.6 8.8 FASTST M M 2 MAX(MPH)
MISC ----> # 29 140 44 310
================================================================================
NOTES:
# LAST OF SEVERAL OCCURRENCES
COLUMN 17 PEAK WIND IN M.P.H.
PRELIMINARY LOCAL CLIMATOLOGICAL DATA (WS FORM: F-6) , PAGE 2
STATION: BISMARCK ND
MONTH: JULY
YEAR: 2021
LATITUDE: 46 46 N
LONGITUDE: 100 45 W
[TEMPERATURE DATA] [PRECIPITATION DATA] SYMBOLS USED IN COLUMN 16
AVERAGE MONTHLY: 78.8 TOTAL FOR MONTH: 1.56 1 = FOG OR MIST
DPTR FM NORMAL: 7.5 DPTR FM NORMAL: -1.51 2 = FOG REDUCING VISIBILITY
HIGHEST: 107 ON 3 GRTST 24HR 1.09 ON 8- 9 TO 1/4 MILE OR LESS
LOWEST: 53 ON 25 3 = THUNDER
SNOW, ICE PELLETS, HAIL 4 = ICE PELLETS
TOTAL MONTH: 0.0 INCH 5 = HAIL
GRTST 24HR 0.0 6 = FREEZING RAIN OR DRIZZLE
GRTST DEPTH: 0 7 = DUSTSTORM OR SANDSTORM:
VSBY 1/2 MILE OR LESS
8 = SMOKE OR HAZE
[NO. OF DAYS WITH] [WEATHER - DAYS WITH] 9 = BLOWING SNOW
X = TORNADO
MAX 32 OR BELOW: 0 0.01 INCH OR MORE: 4
MAX 90 OR ABOVE: 23 0.10 INCH OR MORE: 3
MIN 32 OR BELOW: 0 0.50 INCH OR MORE: 1
MIN 0 OR BELOW: 0 1.00 INCH OR MORE: 0
[HDD (BASE 65) ]
TOTAL THIS MO. 0 CLEAR (SCALE 0-3) 25
DPTR FM NORMAL -16 PTCLDY (SCALE 4-7) 3
TOTAL FM JUL 1 0 CLOUDY (SCALE 8-10) 3
DPTR FM NORMAL -11
[CDD (BASE 65) ]
TOTAL THIS MO. 434
DPTR FM NORMAL 223 [PRESSURE DATA]
TOTAL FM JAN 1 706 HIGHEST SLP 30.26 ON 29
DPTR FM NORMAL 390 LOWEST SLP 29.60 ON 3
[REMARKS]
#FINAL-07-21#