000
CXUS53 KBIS 010830
CF6BIS
PRELIMINARY LOCAL CLIMATOLOGICAL DATA (WS FORM: F-6)
STATION: BISMARCK ND
MONTH: JUNE
YEAR: 2021
LATITUDE: 46 46 N
LONGITUDE: 100 45 W
TEMPERATURE IN F: :PCPN: SNOW: WIND :SUNSHINE: SKY :PK WND
================================================================================
1 2 3 4 5 6A 6B 7 8 9 10 11 12 13 14 15 16 17 18
12Z AVG MX 2MIN
DY MAX MIN AVG DEP HDD CDD WTR SNW DPTH SPD SPD DIR MIN PSBL S-S WX SPD DR
================================================================================
1 85 55 70 9 0 5 0.01 0.0 0 4.9 17 310 M M 4 23 290
2 90 50 70 8 0 5 0.00 0.0 0 5.1 17 280 M M 0 21 290
3 98 53 76 14 0 11 0.00 0.0 0 5.0 18 310 M M 1 27 290
4 106 57 82 20 0 17 0.00 0.0 0 7.3 35 330 M M 0 3 48 330
5 103 66 85 22 0 20 T 0.0 0 6.5 17 310 M M 0 8 23 310
6 86 54 70 7 0 5 0.00 0.0 0 14.5 32 340 M M 0 44 350
7 97 50 74 11 0 9 0.00 0.0 0 10.7 26 150 M M 1 33 140
8 83 67 75 11 0 10 0.34 0.0 0 18.4 53 120 M M 5 13 69 120
9 89 67 78 14 0 13 0.15 0.0 0 5.1 22 90 M M 2 13 28 90
10 99 65 82 18 0 17 0.00 0.0 0 14.0 30 110 M M 1 40 110
11 84 55 70 6 0 5 0.23 0.0 0 17.4 37 280 M M 5 13 50 280
12 87 53 70 5 0 5 0.00 0.0 0 5.2 15 180 M M 0 21 200
13 87 57 72 7 0 7 0.00 0.0 0 7.9 22 340 M M 0 28 340
14 91 53 72 7 0 7 0.00 0.0 0 7.7 16 120 M M 0 22 90
15 95 58 77 12 0 12 0.00 0.0 0 13.8 24 120 M M 0 39 170
16 95 69 82 16 0 17 0.00 0.0 0 14.0 30 330 M M 0 45 350
17 92 55 74 8 0 9 0.00 0.0 0 6.0 20 320 M M 1 27 330
18 85 51 68 2 0 3 0.00 0.0 0 11.4 28 320 M M 0 41 320
19 88 50 69 3 0 4 0.07 0.0 0 7.1 20 300 M M 2 3 28 290
20 74 56 65 -2 0 0 0.44 0.0 0 15.0 40 310 M M 6 13 53 310
21 72 48 60 -7 5 0 0.00 0.0 0 6.1 16 310 M M 3 24 340
22 88 48 68 1 0 3 0.00 0.0 0 4.8 15 160 M M 0 22 160
23 101 61 81 14 0 16 0.00 0.0 0 11.5 24 360 M M 0 34 270
24 89 60 75 7 0 10 T 0.0 0 7.1 16 350 M M 1 22 310
25 74 63 69 1 0 4 0.37 0.0 0 7.8 20 200 M M 9 13 26 210
26 82 59 71 3 0 6 T 0.0 0 6.0 24 280 M M 4 13 31 280
27 82 60 71 3 0 6 0.01 0.0 0 6.8 25 310 M M 4 3 35 320
28 81 58 70 2 0 5 0.00 0.0 0 7.6 16 20 M M 3 24 20
29 87 53 70 1 0 5 0.00 0.0 0 3.4 12 100 M M 0 16 100
30 93 58 76 7 0 11 0.00 0.0 0 7.5 16 60 M M 0 24 90
================================================================================
SM 2663 1709 5 247 1.62 0.0 265.6 M 52
================================================================================
AV 88.8 57.0 8.9 FASTST M M 2 MAX(MPH)
MISC ----> 53 120 69 120
================================================================================
NOTES:
# LAST OF SEVERAL OCCURRENCES
COLUMN 17 PEAK WIND IN M.P.H.
PRELIMINARY LOCAL CLIMATOLOGICAL DATA (WS FORM: F-6) , PAGE 2
STATION: BISMARCK ND
MONTH: JUNE
YEAR: 2021
LATITUDE: 46 46 N
LONGITUDE: 100 45 W
[TEMPERATURE DATA] [PRECIPITATION DATA] SYMBOLS USED IN COLUMN 16
AVERAGE MONTHLY: 72.9 TOTAL FOR MONTH: 1.62 1 = FOG OR MIST
DPTR FM NORMAL: 7.5 DPTR FM NORMAL: -1.74 2 = FOG REDUCING VISIBILITY
HIGHEST: 106 ON 4 GRTST 24HR 0.51 ON 19-20 TO 1/4 MILE OR LESS
LOWEST: 48 ON 22,21 3 = THUNDER
SNOW, ICE PELLETS, HAIL 4 = ICE PELLETS
TOTAL MONTH: 0.0 INCH 5 = HAIL
GRTST 24HR 0.0 6 = FREEZING RAIN OR DRIZZLE
GRTST DEPTH: 0 7 = DUSTSTORM OR SANDSTORM:
VSBY 1/2 MILE OR LESS
8 = SMOKE OR HAZE
[NO. OF DAYS WITH] [WEATHER - DAYS WITH] 9 = BLOWING SNOW
X = TORNADO
MAX 32 OR BELOW: 0 0.01 INCH OR MORE: 8
MAX 90 OR ABOVE: 12 0.10 INCH OR MORE: 5
MIN 32 OR BELOW: 0 0.50 INCH OR MORE: 0
MIN 0 OR BELOW: 0 1.00 INCH OR MORE: 0
[HDD (BASE 65) ]
TOTAL THIS MO. 5 CLEAR (SCALE 0-3) 22
DPTR FM NORMAL -72 PTCLDY (SCALE 4-7) 7
TOTAL FM JUL 1 7522 CLOUDY (SCALE 8-10) 1
DPTR FM NORMAL -948
[CDD (BASE 65) ]
TOTAL THIS MO. 247
DPTR FM NORMAL 159 [PRESSURE DATA]
TOTAL FM JAN 1 272 HIGHEST SLP 30.19 ON 29
DPTR FM NORMAL 167 LOWEST SLP 29.32 ON 5
[REMARKS]
#FINAL-06-21#