000
CXUS53 KILX 011000
CF6BMI
PRELIMINARY LOCAL CLIMATOLOGICAL DATA (WS FORM: F-6)
STATION: BLOOMINGTON IL AIRPORT
MONTH: FEBRUARY
YEAR: 2023
LATITUDE: 40 28 N
LONGITUDE: 88 56 W
TEMPERATURE IN F: :PCPN: SNOW: WIND :SUNSHINE: SKY :PK WND
================================================================================
1 2 3 4 5 6A 6B 7 8 9 10 11 12 13 14 15 16 17 18
12Z AVG MX 2MIN
DY MAX MIN AVG DEP HDD CDD WTR SNW DPTH SPD SPD DIR MIN PSBL S-S WX SPD DR
================================================================================
1 33 5 19 M 46 0 0.00 M M 10.2 16 210 M M 0 M M
2 44 12 28 M 37 0 0.00 M M 16.1 22 320 M M 0 31 300
3 16 3 10 M 55 0 0.00 M M 9.9 18 330 M M 2 24 320
4 48 13 31 M 34 0 0.00 M M 20.5 29 200 M M 0 37 200
5 51 28 40 M 25 0 0.00 M M 14.5 21 290 M M 1 30 270
6 49 22 36 M 29 0 0.00 M M 17.7 30 150 M M 1 12 38 170
7 51 33 42 M 23 0 0.00 M M 14.7 24 200 M M 2 36 180
8 40 24 32 M 33 0 0.04 M M 7.0 13 90 M M 4 1 M M
9 51 34 43 M 22 0 0.48 M M 20.8 33 210 M M 10 1 45 250
10 40 24 32 M 33 0 0.00 M M 11.5 18 270 M M 5 1 21 320
11 45 19 32 M 33 0 0.00 M M 5.2 9 200 M M 0 M M
12 52 25 39 M 26 0 0.00 M M 9.0 15 230 M M 0 22 230
13 55 30 43 M 22 0 0.00 M M 8.5 15 320 M M 0 M M
14 54 33 44 M 21 0 0.02 M M 20.4 38 180 M M 5 46 180
15 52 34 43 M 22 0 0.00 M M 19.3 31 230 M M 8 41 190
16 36 24 30 M 35 0 0.08 M M 18.7 29 340 M M 10 16 37 340
17 33 21 27 M 38 0 T M M 12.4 21 350 M M 5 28 350
18 47 23 35 M 30 0 0.00 M M 17.4 21 190 M M 0 28 210
19 55 37 46 M 19 0 0.00 M M 15.1 24 240 M M 3 33 220
20 52 27 40 M 25 0 0.00 M M 7.0 10 260 M M 0 1 M M
21 42 30 36 M 29 0 T M M 13.3 23 300 M M 4 32 290
22 44 37 41 M 24 0 1.99 M M 12.9 22 50 M M 10 13 30 50
23 49 22 36 M 29 0 T M M 17.2 27 250 M M 6 12 33 250
24 32 16 24 M 41 0 T M M 12.4 15 90 M M 7 M M
25 39 27 33 M 32 0 T M M 8.2 13 240 M M 6 16 220
26 53 26 40 M 25 0 T M M 7.8 16 130 M M 3 1 22 130
27 58 41 50 M 15 0 0.40 M M 23.8 32 180 M M 10 1 61 190
28 49 37 43 M 22 0 0.00 M M 11.5 23 320 M M 6 30 310
================================================================================
SM 1270 707 825 0 3.01 M 383.0 M 108
================================================================================
AV 45.4 25.3 13.7 FASTST M M 4 MAX(MPH)
MISC ----> 38 180 61 190
================================================================================
NOTES:
# LAST OF SEVERAL OCCURRENCES
COLUMN 17 PEAK WIND IN M.P.H.
PRELIMINARY LOCAL CLIMATOLOGICAL DATA (WS FORM: F-6) , PAGE 2
STATION: BLOOMINGTON IL AIRPORT
MONTH: FEBRUARY
YEAR: 2023
LATITUDE: 40 28 N
LONGITUDE: 88 56 W
[TEMPERATURE DATA] [PRECIPITATION DATA] SYMBOLS USED IN COLUMN 16
AVERAGE MONTHLY: 35.3 TOTAL FOR MONTH: 3.01 1 = FOG OR MIST
DPTR FM NORMAL: 0.0 DPTR FM NORMAL: 3.01 2 = FOG REDUCING VISIBILITY
HIGHEST: 58 ON 27 GRTST 24HR 1.99 ON 22-22 TO 1/4 MILE OR LESS
LOWEST: 3 ON 3 3 = THUNDER
SNOW, ICE PELLETS, HAIL 4 = ICE PELLETS
TOTAL MONTH: M 5 = HAIL
GRTST 24HR M ON M 6 = FREEZING RAIN OR DRIZZLE
GRTST DEPTH: M ON M 7 = DUSTSTORM OR SANDSTORM:
VSBY 1/2 MILE OR LESS
8 = SMOKE OR HAZE
[NO. OF DAYS WITH] [WEATHER - DAYS WITH] 9 = BLOWING SNOW
X = TORNADO
MAX 32 OR BELOW: 2 0.01 INCH OR MORE: 6
MAX 90 OR ABOVE: 0 0.10 INCH OR MORE: 3
MIN 32 OR BELOW: 20 0.50 INCH OR MORE: 1
MIN 0 OR BELOW: 0 1.00 INCH OR MORE: 1
[HDD (BASE 65) ]
TOTAL THIS MO. 825 CLEAR (SCALE 0-3) 14
DPTR FM NORMAL M PTCLDY (SCALE 4-7) 9
TOTAL FM JUL 1 4078 CLOUDY (SCALE 8-10) 5
DPTR FM NORMAL M
[CDD (BASE 65) ]
TOTAL THIS MO. 0
DPTR FM NORMAL M [PRESSURE DATA]
TOTAL FM JAN 1 0 HIGHEST SLP M ON M
DPTR FM NORMAL M LOWEST SLP M ON M
[REMARKS]
#FINAL-02-23#