000
CXUS54 KEWX 011010
CF6BMQ
PRELIMINARY LOCAL CLIMATOLOGICAL DATA (WS FORM: F-6)
STATION: BURNET
MONTH: MAY
YEAR: 2022
LATITUDE: 30 43 N
LONGITUDE: 98 14 W
TEMPERATURE IN F: :PCPN: SNOW: WIND :SUNSHINE: SKY :PK WND
================================================================================
1 2 3 4 5 6A 6B 7 8 9 10 11 12 13 14 15 16 17 18
12Z AVG MX 2MIN
DY MAX MIN AVG DEP HDD CDD WTR SNW DPTH SPD SPD DIR MIN PSBL S-S WX SPD DR
================================================================================
1 87 68 78 8 0 13 0.00 M M 8.7 16 140 M M 7 26 150
2 83 70 77 6 0 12 0.00 M M 11.8 24 180 M M 6 36 180
3 88 68 78 7 0 13 T M M 8.4 17 190 M M 8 13 26 180
4 89 68 79 8 0 14 0.01 M M 10.8 24 140 M M 8 1 45 150
5 82 66 74 2 0 9 0.60 M M 7.1 21 200 M M 6 13 32 200
6 96 59 78 6 0 13 0.00 M M 5.5 17 130 M M 2 12 27 120
7 102 72 87 15 0 22 0.00 M M 9.4 21 180 M M 0 33 180
8 98 72 85 13 0 20 0.00 M M 12.5 21 190 M M 1 18 34 200
9 95 76 86 14 0 21 0.00 M M 13.5 22 200 M M 3 18 35 180
10 93 76 85 12 0 20 0.00 M M 9.5 21 180 M M 5 8 31 170
11 93 72 83 10 0 18 0.00 M M 9.8 17 140 M M 2 29 140
12 94 69 82 9 0 17 0.00 M M 10.7 20 190 M M 2 29 170
13 95 67 81 7 0 16 0.00 M M 8.7 16 180 M M 1 3 26 170
14 97 71 84 10 0 19 0.00 M M 8.1 16 180 M M 1 3 27 190
15 99 69 84 10 0 19 0.00 M M 7.4 16 180 M M 0 29 170
16 99 72 86 12 0 21 0.00 M M 8.1 23 60 M M 1 35 50
17 97 69 83 8 0 18 0.00 M M 9.3 18 180 M M 0 31 180
18 98 70 84 9 0 19 0.00 M M 12.1 23 180 M M 0 35 190
19 97 69 83 8 0 18 0.00 M M 12.0 21 190 M M 0 36 200
20 95 75 85 9 0 20 0.00 M M 13.0 23 180 M M 6 8 37 190
21 95 67 81 5 0 16 T M M 9.4 24 30 M M 2 138 36 30
22 86 62 74 -2 0 9 0.00 M M 9.8 22 30 M M 2 36 60
23 87 64 76 0 0 11 0.01 M M 8.0 17 140 M M 7 138 34 130
24 87 59 73 -4 0 8 2.16 M M 10.8 35 330 M M 7 123 52 310
25 81 59 70 -7 0 5 0.05 M M 9.1 24 60 M M 3 3 40 80
26 95 56 76 -1 0 11 0.00 M M 4.4 14 290 M M 0 22 310
27 96 68 82 4 0 17 0.00 M M 4.4 10 140 M M 0 15 110
28 95 72 84 6 0 19 0.00 M M 9.4 20 190 M M 0 31 180
29 95 71 83 5 0 18 0.00 M M 13.9 23 190 M M 0 35 170
30 94 74 84 6 0 19 0.00 M M 13.9 22 180 M M 5 36 180
31 94 75 85 6 0 20 0.00 M M 11.4 18 190 M M 5 32 170
================================================================================
SM 2882 2125 0 495 2.83 M 300.9 M 90
================================================================================
AV 93.0 68.5 9.7 FASTST M M 3 MAX(MPH)
MISC ----> 35 330 52 310
================================================================================
NOTES:
# LAST OF SEVERAL OCCURRENCES
COLUMN 17 PEAK WIND IN M.P.H.
PRELIMINARY LOCAL CLIMATOLOGICAL DATA (WS FORM: F-6) , PAGE 2
STATION: BURNET
MONTH: MAY
YEAR: 2022
LATITUDE: 30 43 N
LONGITUDE: 98 14 W
[TEMPERATURE DATA] [PRECIPITATION DATA] SYMBOLS USED IN COLUMN 16
AVERAGE MONTHLY: 80.8 TOTAL FOR MONTH: 2.83 1 = FOG OR MIST
DPTR FM NORMAL: 6.2 DPTR FM NORMAL: -0.84 2 = FOG REDUCING VISIBILITY
HIGHEST: 102 ON 7 GRTST 24HR 2.21 ON 24-25 TO 1/4 MILE OR LESS
LOWEST: 56 ON 26 3 = THUNDER
SNOW, ICE PELLETS, HAIL 4 = ICE PELLETS
TOTAL MONTH: M 5 = HAIL
GRTST 24HR M ON M 6 = FREEZING RAIN OR DRIZZLE
GRTST DEPTH: M ON M 7 = DUSTSTORM OR SANDSTORM:
VSBY 1/2 MILE OR LESS
8 = SMOKE OR HAZE
[NO. OF DAYS WITH] [WEATHER - DAYS WITH] 9 = BLOWING SNOW
X = TORNADO
MAX 32 OR BELOW: 0 0.01 INCH OR MORE: 5
MAX 90 OR ABOVE: 22 0.10 INCH OR MORE: 2
MIN 32 OR BELOW: 0 0.50 INCH OR MORE: 2
MIN 0 OR BELOW: 0 1.00 INCH OR MORE: 1
[HDD (BASE 65) ]
TOTAL THIS MO. 0 CLEAR (SCALE 0-3) 18
DPTR FM NORMAL -6 PTCLDY (SCALE 4-7) 12
TOTAL FM JUL 1 1610 CLOUDY (SCALE 8-10) 1
DPTR FM NORMAL -234
[CDD (BASE 65) ]
TOTAL THIS MO. 495
DPTR FM NORMAL 193 [PRESSURE DATA]
TOTAL FM JAN 1 768 HIGHEST SLP 30.21 ON 22
DPTR FM NORMAL 278 LOWEST SLP 29.52 ON 20
[REMARKS]
#FINAL-05-22#