000
CXUS54 KOHX 011321
CLMBNA
CLIMATE REPORT
NATIONAL WEATHER SERVICE NASHVILLE, TN
721 AM CST MON JAN 01 2024
...................................
...THE NASHVILLE CLIMATE SUMMARY FOR THE MONTH OF DECEMBER 2023...
CLIMATE NORMAL PERIOD: 1991 TO 2020
CLIMATE RECORD PERIOD: 1871 TO 2023
WEATHER OBSERVED NORMAL DEPART LAST YEAR`S
VALUE DATE(S) VALUE FROM VALUE
NORMAL
..............................................................
TEMPERATURE (F)
RECORD
HIGH 79 12/03/1982
LOW -10 12/22/1989
HIGHEST 68 12/09
12/24
LOWEST 25 12/20
AVG. MAXIMUM 56.1 52.2 3.9
AVG. MINIMUM 36.0 33.3 2.7
MEAN 46.0 42.7 3.3 43.1
DAYS MAX >= 90 0
DAYS MAX <= 32 0
DAYS MIN <= 32 17
DAYS MIN <= 0 0
PRECIPITATION (INCHES)
RECORD
MAXIMUM 13.63 1978
MINIMUM 0.91 1935
TOTALS 3.01 4.43 -1.42
DAYS >= .01 9
DAYS >= .10 6
DAYS >= .50 3
DAYS >= 1.00 0
GREATEST
24 HR. TOTAL 0.89 12/09 TO 12/09
SNOWFALL (INCHES)
TOTALS 0.0 0.4 -0.4
SINCE 7/1 0.0 -0.5
DAYS >= TRACE 0
DAYS >= 1.0 0
DEGREE DAYS
HEATING TOTAL 580 691 -111
SINCE 7/1 1064 1317 -253
COOLING TOTAL 0 1 -1
SINCE 1/1 1943 1873 70
..............................................................
WIND (MPH)
AVERAGE WIND SPEED 6.4
HIGHEST GUST SPEED/DIRECTION 37/320 DATE 12/18
SKY COVER
POSSIBLE SUNSHINE (PERCENT) MM
AVERAGE SKY COVER 0.61
NUMBER OF DAYS FAIR 6
NUMBER OF DAYS PC 14
NUMBER OF DAYS CLOUDY 11
AVERAGE RH (PERCENT) 64
WEATHER CONDITIONS. NUMBER OF DAYS WITH
THUNDERSTORM 1 MIXED PRECIP 0
HEAVY RAIN 2 RAIN 5
LIGHT RAIN 13 FREEZING RAIN 0
LT FREEZING RAIN 0 HAIL 0
HEAVY SNOW 0 SNOW 0
LIGHT SNOW 0 SLEET 0
FOG 11 FOG W/VIS <= 1/4 MILE 1
HAZE 1
- INDICATES NEGATIVE NUMBERS.
R INDICATES RECORD WAS SET OR TIED.
MM INDICATES DATA IS MISSING.
T INDICATES TRACE AMOUNT.
$$